{"id":174,"date":"2016-10-17T13:39:31","date_gmt":"2016-10-17T13:39:31","guid":{"rendered":"http:\/\/www.demo.acmethemes.com\/education-base\/?page_id=31"},"modified":"2022-02-17T16:05:57","modified_gmt":"2022-02-17T15:05:57","slug":"demander-un-quitus","status":"publish","type":"page","link":"https:\/\/www.univ-usto.dz\/buc\/?page_id=174","title":{"rendered":"Demander un Quitus"},"content":{"rendered":"<p>Le quitus est un document qui atteste que vous \u00eates \u00ab\u00a0en r\u00e8gle\u00a0\u00bb avec la biblioth\u00e8que, c&rsquo;est-\u00e0-dire que vous n&rsquo;avez plus de documents \u00e0 rendre, ni de p\u00e9nalit\u00e9s \u00e0 acquitter (rembourser un livre&#8230;).<\/p>\n<p>Le quitus de la biblioth\u00e8que sera valid\u00e9 apr\u00e8s v\u00e9rification de votre compte lecteur. Votre demande de transfert ou de dipl\u00f4me ne pourra \u00eatre valid\u00e9e si vous n&rsquo;\u00eates pas en mesure d&rsquo;obtenir ce quitus.<\/p>\n<p>La d\u00e9livrance du quitus entra\u00eene la cl\u00f4ture de votre compte lecteur. L&#8217;emprunt de documents n&rsquo;est plus possible. Vous pouvez continuer \u00e0 fr\u00e9quenter les BU et \u00e0 consulter les documents sur place.<\/p>\n","protected":false},"excerpt":{"rendered":"<p>Acme Themes is a team of experts web developer. They design and build amazing WordPress themes. I am happy to work with the theme and enjoy the products.<\/p>\n","protected":false},"author":1,"featured_media":0,"parent":176,"menu_order":0,"comment_status":"closed","ping_status":"closed","template":"","meta":{"footnotes":""},"class_list":["post-174","page","type-page","status-publish","hentry"],"_links":{"self":[{"href":"https:\/\/www.univ-usto.dz\/buc\/index.php?rest_route=\/wp\/v2\/pages\/174","targetHints":{"allow":["GET"]}}],"collection":[{"href":"https:\/\/www.univ-usto.dz\/buc\/index.php?rest_route=\/wp\/v2\/pages"}],"about":[{"href":"https:\/\/www.univ-usto.dz\/buc\/index.php?rest_route=\/wp\/v2\/types\/page"}],"author":[{"embeddable":true,"href":"https:\/\/www.univ-usto.dz\/buc\/index.php?rest_route=\/wp\/v2\/users\/1"}],"replies":[{"embeddable":true,"href":"https:\/\/www.univ-usto.dz\/buc\/index.php?rest_route=%2Fwp%2Fv2%2Fcomments&post=174"}],"version-history":[{"count":4,"href":"https:\/\/www.univ-usto.dz\/buc\/index.php?rest_route=\/wp\/v2\/pages\/174\/revisions"}],"predecessor-version":[{"id":430,"href":"https:\/\/www.univ-usto.dz\/buc\/index.php?rest_route=\/wp\/v2\/pages\/174\/revisions\/430"}],"up":[{"embeddable":true,"href":"https:\/\/www.univ-usto.dz\/buc\/index.php?rest_route=\/wp\/v2\/pages\/176"}],"wp:attachment":[{"href":"https:\/\/www.univ-usto.dz\/buc\/index.php?rest_route=%2Fwp%2Fv2%2Fmedia&parent=174"}],"curies":[{"name":"wp","href":"https:\/\/api.w.org\/{rel}","templated":true}]}}