{"id":31,"date":"2020-08-10T18:23:22","date_gmt":"2020-08-10T18:23:22","guid":{"rendered":"https:\/\/www.univ-usto.dz\/dup\/ceilusto\/?page_id=31"},"modified":"2025-02-09T08:13:49","modified_gmt":"2025-02-09T08:13:49","slug":"formations-au-sein-du-c-e-i-l","status":"publish","type":"page","link":"https:\/\/www.univ-usto.dz\/dup\/ceilusto\/formations-au-sein-du-c-e-i-l\/","title":{"rendered":"Formations au sein du C.E.I.L"},"content":{"rendered":"\t\t<div data-elementor-type=\"wp-page\" data-elementor-id=\"31\" class=\"elementor elementor-31\">\n\t\t\t\t\t\t<section class=\"elementor-section elementor-top-section elementor-element elementor-element-41ed719 elementor-section-boxed elementor-section-height-default elementor-section-height-default\" data-id=\"41ed719\" data-element_type=\"section\">\n\t\t\t\t\t\t<div class=\"elementor-container elementor-column-gap-default\">\n\t\t\t\t\t<div class=\"elementor-column elementor-col-100 elementor-top-column elementor-element elementor-element-344ff4af\" data-id=\"344ff4af\" data-element_type=\"column\">\n\t\t\t<div class=\"elementor-widget-wrap elementor-element-populated\">\n\t\t\t\t\t\t<div class=\"elementor-element elementor-element-66030dfa elementor-widget elementor-widget-text-editor\" data-id=\"66030dfa\" data-element_type=\"widget\" data-widget_type=\"text-editor.default\">\n\t\t\t\t<div class=\"elementor-widget-container\">\n\t\t\t\t\t\t\t\t\t<p><\/p>\n<p>Le C.E.I.L de l\u2019USTO-MB abrite des formations en&nbsp;:&nbsp;<strong>Fran\u00e7ais<\/strong>,&nbsp;<strong>anglais<\/strong>,&nbsp;<strong>espagnol<\/strong>,&nbsp;<strong>allemand<\/strong>&nbsp;,&nbsp;<strong>russe ,turc , chinois, japonais et cor\u00e9en .&nbsp;<\/strong>Ces formations s\u2019\u00e9talent sur deux sessions de&nbsp;<strong>40 heures<\/strong>&nbsp;chacune.<\/p>\n<p><\/p>\n<p><\/p>\n<p>A la suite de cette formation, une attestation \u00e9manant du service du C.E.I.L est remise aux apprenants ayant pass\u00e9s l\u2019examen final. Cette attestation de langue fait aussi foi lors des d\u00e9p\u00f4ts des candidatures aux bourses Erasmus+ de l\u2019USTO-MB.<\/p>\n<p><\/p>\n<p><\/p>\n<p class=\"has-text-align-left\">Le&nbsp;<strong>C.E.I.L<\/strong>&nbsp;dispense aussi des sessions de discussion dans les langues enseign\u00e9es afin de permettre aux apprenants de mieux utiliser leurs acquis (<strong>vocabulaire, grammaire<\/strong>) et\/ ou de parfaire leurs connaissances langagi\u00e8res.<\/p>\n<p><\/p>\n<p><\/p>\n<p class=\"has-text-align-left\">Le&nbsp;<strong>C.E.I.L&nbsp;<\/strong>propose aussi aux doctorants des ateliers en langues fran\u00e7aise et anglaise visant \u00e0 consolider et \u00e0 parfaire leur ma\u00eetrise de ces deux langues pour leur r\u00e9daction de th\u00e8ses ou de publications d\u2019articles scientifiques.<\/p>\n<p><\/p>\t\t\t\t\t\t\t\t<\/div>\n\t\t\t\t<\/div>\n\t\t\t\t\t<\/div>\n\t\t<\/div>\n\t\t\t\t\t<\/div>\n\t\t<\/section>\n\t\t\t\t<\/div>\n\t\t","protected":false},"excerpt":{"rendered":"<p>Le C.E.I.L de l\u2019USTO-MB abrite des formations en&nbsp;:&nbsp;Fran\u00e7ais,&nbsp;anglais,&nbsp;espagnol,&nbsp;allemand&nbsp;,&nbsp;russe ,turc , chinois, japonais et cor\u00e9en .&nbsp;Ces formations s\u2019\u00e9talent sur deux sessions de&nbsp;40 heures&nbsp;chacune. A la suite de cette formation, une attestation \u00e9manant du service du C.E.I.L est remise aux apprenants ayant <a href=\"https:\/\/www.univ-usto.dz\/dup\/ceilusto\/formations-au-sein-du-c-e-i-l\/\" class=\"read-more\">Lire la suite &#8230;<\/a><\/p>\n","protected":false},"author":1,"featured_media":141,"parent":0,"menu_order":0,"comment_status":"closed","ping_status":"closed","template":"","meta":{"footnotes":""},"class_list":["post-31","page","type-page","status-publish","has-post-thumbnail","hentry"],"_links":{"self":[{"href":"https:\/\/www.univ-usto.dz\/dup\/ceilusto\/wp-json\/wp\/v2\/pages\/31","targetHints":{"allow":["GET"]}}],"collection":[{"href":"https:\/\/www.univ-usto.dz\/dup\/ceilusto\/wp-json\/wp\/v2\/pages"}],"about":[{"href":"https:\/\/www.univ-usto.dz\/dup\/ceilusto\/wp-json\/wp\/v2\/types\/page"}],"author":[{"embeddable":true,"href":"https:\/\/www.univ-usto.dz\/dup\/ceilusto\/wp-json\/wp\/v2\/users\/1"}],"replies":[{"embeddable":true,"href":"https:\/\/www.univ-usto.dz\/dup\/ceilusto\/wp-json\/wp\/v2\/comments?post=31"}],"version-history":[{"count":6,"href":"https:\/\/www.univ-usto.dz\/dup\/ceilusto\/wp-json\/wp\/v2\/pages\/31\/revisions"}],"predecessor-version":[{"id":243,"href":"https:\/\/www.univ-usto.dz\/dup\/ceilusto\/wp-json\/wp\/v2\/pages\/31\/revisions\/243"}],"wp:featuredmedia":[{"embeddable":true,"href":"https:\/\/www.univ-usto.dz\/dup\/ceilusto\/wp-json\/wp\/v2\/media\/141"}],"wp:attachment":[{"href":"https:\/\/www.univ-usto.dz\/dup\/ceilusto\/wp-json\/wp\/v2\/media?parent=31"}],"curies":[{"name":"wp","href":"https:\/\/api.w.org\/{rel}","templated":true}]}}