{"id":92,"date":"2020-08-10T21:43:53","date_gmt":"2020-08-10T21:43:53","guid":{"rendered":"https:\/\/www.univ-usto.dz\/dup\/ceilusto\/?page_id=92"},"modified":"2025-02-09T08:27:00","modified_gmt":"2025-02-09T08:27:00","slug":"dossier-a-fournir","status":"publish","type":"page","link":"https:\/\/www.univ-usto.dz\/dup\/ceilusto\/dossier-a-fournir\/","title":{"rendered":"Inscription sessionII"},"content":{"rendered":"\t\t<div data-elementor-type=\"wp-page\" data-elementor-id=\"92\" class=\"elementor elementor-92\">\n\t\t\t\t\t\t<section class=\"elementor-section elementor-top-section elementor-element elementor-element-4d435b59 elementor-section-boxed elementor-section-height-default elementor-section-height-default\" data-id=\"4d435b59\" data-element_type=\"section\">\n\t\t\t\t\t\t<div class=\"elementor-container elementor-column-gap-default\">\n\t\t\t\t\t<div class=\"elementor-column elementor-col-100 elementor-top-column elementor-element elementor-element-6fb98d83\" data-id=\"6fb98d83\" data-element_type=\"column\">\n\t\t\t<div class=\"elementor-widget-wrap elementor-element-populated\">\n\t\t\t\t\t\t<div class=\"elementor-element elementor-element-1a4c610a elementor-widget elementor-widget-text-editor\" data-id=\"1a4c610a\" data-element_type=\"widget\" data-widget_type=\"text-editor.default\">\n\t\t\t\t<div class=\"elementor-widget-container\">\n\t\t\t\t\t\t\t\t\t\n<h1>Inscription<strong> au Centre d\u2019Enseignement Intensif des Langues C.E.I.L de l\u2019USTO-MB <\/strong><\/h1>\n<h2><strong>Session II<\/strong><\/h2>\n<h2><b><strong>Date des inscriptions du\u00a0<\/strong><\/b><strong><span style=\"color: #ff0000;\">01\/04\/2021 au \u00a0 15\/04\/2021\u00a0<\/span><\/strong><\/h2>\n<p><span style=\"text-decoration: underline;\"><strong><a href=\"https:\/\/www.univ-usto.dz\/dup\/ceilusto\/wp-content\/uploads\/2021\/04\/guidesession2.pdf\">T\u00e9l\u00e9charger le guide de l&rsquo;utilisation et d&rsquo;inscription<\/a><\/strong><\/span><\/p>\n<h2><b>\u00c9tapes<\/b><strong>\u00a0pour inscriptions :<\/strong><\/h2>\n<p>Les candidats d\u00e9sirant s\u2019inscrire au C.E.I.L de l\u2019USTO-MB devront:<\/p>\n<p><b>1.Faire le test en ligne (Test de Positionnement):<\/b>\u00a0Votre niveau obtenu dans la plateforme Suivants :<strong>\u00a0<a href=\"https:\/\/elearning.univ-usto.dz\/course\/index.php?categoryid=574\">Test de Positionnement<\/a><\/strong><\/p>\n<p>2.Remplir fiche d\u2019inscription et contrat d\u2019apprenant (<strong>photo + signature de l\u2019engagement)<\/strong><\/p>\n<p><b>T\u00e9l\u00e9charger<\/b><strong>\u00a0version\u00a0<a href=\"https:\/\/istimara.univ-usto.dz\/home\/upload\/ceil\/fiche_inscrip_ar.docx\">Arabe\u00a0<\/a>\u00a0\u00a0<a href=\"https:\/\/istimara.univ-usto.dz\/home\/upload\/ceil\/fiche_inscrip_fr.docx\">Fran\u00e7ais<\/a><\/strong><\/p>\n<p>3.Remplir les informations sur la plateforme suivante :<strong><a href=\"https:\/\/istimara.univ-usto.dz\/home\/inscriptionceil.php\" target=\"_blank\" rel=\"noopener\">Formulaire d\u2019inscription suivants<\/a><\/strong><\/p>\n<p>4.Payer les frais d\u2019inscription (200 DZD) + les frais de la formation<\/p>\n<p><strong>Exemple : Etudiants : 200DZD+2500DZD= 2700 DZD<\/strong><br \/><strong>Enseignants : 200DZD+3500DZD= 3700 DZD<\/strong><br \/><strong>ATS : 200DZD+3000DZD= 3200DZD<\/strong><\/p>\n<p>Mandat :<strong><a href=\"https:\/\/istimara.univ-usto.dz\/home\/upload\/ceil\/Mandat.png\">T\u00e9l\u00e9charger Ici<\/a><\/strong><\/p>\n<p>5.Consulter les emplois du temps des formations\u00a0 <strong><a href=\"https:\/\/www.univ-usto.dz\/dup\/ceilusto\/emploi-du-temps\/\"><span style=\"text-decoration: underline;\">Emploi du temps<\/span><\/a><\/strong><\/p>\n<p>6.Remettre \u00e0 l\u2019administration <strong>CEIL USTO-MB\u00a0<\/strong>le talon de la poste <strong>(<span style=\"font-family: Roboto; text-align: justify; color: var( --e-global-color-text ); background-color: inherit; font-size: 14px;\">mentionner votre nom, la langue choisie et le niveau obtenu sur le mandat de la poste<\/span><span style=\"font-family: var( --e-global-typography-text-font-family ), Sans-serif; background-color: inherit;\">)<\/span><\/strong><\/p>\n<p>\u00a0<\/p>\n<p><strong>Remarques importantes :<\/strong><\/p>\n<p>Les \u00e9tudiants qui n\u2019ont pas encore d\u2019attestations d\u2019inscriptions peuvent la remplacer par une carte d\u2019\u00e9tudiant.<\/p>\n<p>La remise des talons de la poste se fait uniquement le matin, de\u00a0<strong>8h \u00e0 12<\/strong>h.<\/p>\n<p>Les apprenants d\u00e9j\u00e0 inscrits au CEIL ne devront pr\u00e9senter que le talon de la poste avec leur nom, la langue choisie et le niveau obtenu.<\/p>\n\t\t\t\t\t\t\t\t<\/div>\n\t\t\t\t<\/div>\n\t\t\t\t\t<\/div>\n\t\t<\/div>\n\t\t\t\t\t<\/div>\n\t\t<\/section>\n\t\t\t\t<\/div>\n\t\t","protected":false},"excerpt":{"rendered":"<p>Date des inscriptions du 01\/04\/2021 au 15\/04\/2021 &#8230;..<\/p>\n","protected":false},"author":1,"featured_media":83,"parent":0,"menu_order":0,"comment_status":"closed","ping_status":"closed","template":"","meta":{"footnotes":""},"class_list":["post-92","page","type-page","status-publish","has-post-thumbnail","hentry"],"_links":{"self":[{"href":"https:\/\/www.univ-usto.dz\/dup\/ceilusto\/wp-json\/wp\/v2\/pages\/92","targetHints":{"allow":["GET"]}}],"collection":[{"href":"https:\/\/www.univ-usto.dz\/dup\/ceilusto\/wp-json\/wp\/v2\/pages"}],"about":[{"href":"https:\/\/www.univ-usto.dz\/dup\/ceilusto\/wp-json\/wp\/v2\/types\/page"}],"author":[{"embeddable":true,"href":"https:\/\/www.univ-usto.dz\/dup\/ceilusto\/wp-json\/wp\/v2\/users\/1"}],"replies":[{"embeddable":true,"href":"https:\/\/www.univ-usto.dz\/dup\/ceilusto\/wp-json\/wp\/v2\/comments?post=92"}],"version-history":[{"count":18,"href":"https:\/\/www.univ-usto.dz\/dup\/ceilusto\/wp-json\/wp\/v2\/pages\/92\/revisions"}],"predecessor-version":[{"id":535,"href":"https:\/\/www.univ-usto.dz\/dup\/ceilusto\/wp-json\/wp\/v2\/pages\/92\/revisions\/535"}],"wp:featuredmedia":[{"embeddable":true,"href":"https:\/\/www.univ-usto.dz\/dup\/ceilusto\/wp-json\/wp\/v2\/media\/83"}],"wp:attachment":[{"href":"https:\/\/www.univ-usto.dz\/dup\/ceilusto\/wp-json\/wp\/v2\/media?parent=92"}],"curies":[{"name":"wp","href":"https:\/\/api.w.org\/{rel}","templated":true}]}}