{"id":3086,"date":"2020-09-03T18:39:04","date_gmt":"2020-09-03T18:39:04","guid":{"rendered":"http:\/\/www.univ-usto.dz\/fac-electrique\/?page_id=3086"},"modified":"2020-09-29T19:43:29","modified_gmt":"2020-09-29T19:43:29","slug":"manifistation","status":"publish","type":"page","link":"https:\/\/www.univ-usto.dz\/fac-electrique\/manifistation\/","title":{"rendered":"Manifestations"},"content":{"rendered":"\t\t<div data-elementor-type=\"wp-page\" data-elementor-id=\"3086\" class=\"elementor elementor-3086\">\n\t\t\t\t\t\t<section class=\"elementor-section elementor-top-section elementor-element elementor-element-b8dfcfb elementor-section-boxed elementor-section-height-default elementor-section-height-default\" data-id=\"b8dfcfb\" data-element_type=\"section\">\n\t\t\t\t\t\t<div class=\"elementor-container elementor-column-gap-default\">\n\t\t\t\t\t<div class=\"elementor-column elementor-col-33 elementor-top-column elementor-element elementor-element-6b6cccc\" data-id=\"6b6cccc\" data-element_type=\"column\">\n\t\t\t<div class=\"elementor-widget-wrap elementor-element-populated\">\n\t\t\t\t\t\t<div class=\"elementor-element elementor-element-b3e7087 elementor-widget elementor-widget-wp-widget-bellows_navigation_widget\" data-id=\"b3e7087\" data-element_type=\"widget\" data-widget_type=\"wp-widget-bellows_navigation_widget.default\">\n\t\t\t\t<div class=\"elementor-widget-container\">\n\t\t\t\t\t<nav id=\"bellows-main-10\" class=\"bellows bellows-nojs bellows-main bellows-source-menu bellows-align-full bellows-skin-vanilla bellows-type-\"><ul id=\"menu-menuleftrelax\" class=\"bellows-nav\" data-bellows-config=\"main\"><li id=\"menu-item-5866\" class=\"bellows-menu-item bellows-menu-item-type-post_type bellows-menu-item-object-page bellows-menu-item-5866 bellows-item-level-0\"><a  href=\"https:\/\/www.univ-usto.dz\/fac-electrique\/formation-de-perfectionnement\/\" class=\"bellows-target\"><span class=\"bellows-target-title bellows-target-text\">Formation de Perfectionnement<\/span><\/a><\/li>\n<li id=\"menu-item-5865\" class=\"bellows-menu-item bellows-menu-item-type-post_type bellows-menu-item-object-page bellows-menu-item-5865 bellows-item-level-0\"><a  href=\"https:\/\/www.univ-usto.dz\/fac-electrique\/programme-erasmus-2\/\" class=\"bellows-target\"><span class=\"bellows-target-title bellows-target-text\">Programme Erasmus+<\/span><\/a><\/li>\n<li id=\"menu-item-85\" class=\"bellows-menu-item bellows-menu-item-type-custom bellows-menu-item-object-custom bellows-menu-item-85 bellows-item-level-0\"><a  href=\"#\" class=\"bellows-target\"><span class=\"bellows-target-title bellows-target-text\">Autres Bourses<\/span><\/a><\/li>\n<li id=\"menu-item-87\" class=\"bellows-menu-item bellows-menu-item-type-custom bellows-menu-item-object-custom bellows-menu-item-has-children bellows-menu-item-87 bellows-item-level-0\"><a  href=\"#\" class=\"bellows-target\"><span class=\"bellows-target-title bellows-target-text\">Formation<\/span><button class=\"bellows-subtoggle\" aria-label=\"Toggle Submenu\"><i class=\"bellows-subtoggle-icon-expand fa fa-chevron-down\"><\/i><i class=\"bellows-subtoggle-icon-collapse fa fa-chevron-up\"><\/i><\/button><\/a>\n<ul class=\"bellows-submenu\">\n\t<li id=\"menu-item-5864\" class=\"bellows-menu-item bellows-menu-item-type-post_type bellows-menu-item-object-page bellows-menu-item-5864 bellows-item-level-1\"><a  href=\"https:\/\/www.univ-usto.dz\/fac-electrique\/formation-doctorale-2\/\" class=\"bellows-target\"><span class=\"bellows-target-title bellows-target-text\">Formation Doctorale<\/span><\/a><\/li>\n\t<li id=\"menu-item-3214\" class=\"bellows-menu-item bellows-menu-item-type-post_type bellows-menu-item-object-page bellows-menu-item-3214 bellows-item-level-1\"><a  href=\"https:\/\/www.univ-usto.dz\/fac-electrique\/cotutelle\/\" class=\"bellows-target\"><span class=\"bellows-target-title bellows-target-text\">Cotutelle<\/span><\/a><\/li>\n\t<li id=\"menu-item-3212\" class=\"bellows-menu-item bellows-menu-item-type-post_type bellows-menu-item-object-page bellows-menu-item-3212 bellows-item-level-1\"><a  href=\"https:\/\/www.univ-usto.dz\/fac-electrique\/conge-scientifique\/\" class=\"bellows-target\"><span class=\"bellows-target-title bellows-target-text\">Cong\u00e9 Scientifique<\/span><\/a><\/li>\n<\/ul>\n<\/li>\n<li id=\"menu-item-90\" class=\"bellows-menu-item bellows-menu-item-type-custom bellows-menu-item-object-custom bellows-menu-item-has-children bellows-menu-item-90 bellows-item-level-0\"><a  href=\"#\" class=\"bellows-target\"><span class=\"bellows-target-title bellows-target-text\">Coop\u00e9ration<\/span><button class=\"bellows-subtoggle\" aria-label=\"Toggle Submenu\"><i class=\"bellows-subtoggle-icon-expand fa fa-chevron-down\"><\/i><i class=\"bellows-subtoggle-icon-collapse fa fa-chevron-up\"><\/i><\/button><\/a>\n<ul class=\"bellows-submenu\">\n\t<li id=\"menu-item-5869\" class=\"bellows-menu-item bellows-menu-item-type-post_type bellows-menu-item-object-page bellows-menu-item-5869 bellows-item-level-1\"><a  href=\"https:\/\/www.univ-usto.dz\/fac-electrique\/guide-4\/\" class=\"bellows-target\"><span class=\"bellows-target-title bellows-target-text\">Conventions nationales<\/span><\/a><\/li>\n\t<li id=\"menu-item-5872\" class=\"bellows-menu-item bellows-menu-item-type-post_type bellows-menu-item-object-page bellows-menu-item-5872 bellows-item-level-1\"><a  href=\"https:\/\/www.univ-usto.dz\/fac-electrique\/conventions-internationales\/\" class=\"bellows-target\"><span class=\"bellows-target-title bellows-target-text\">Conventions internationales<\/span><\/a><\/li>\n\t<li id=\"menu-item-3213\" class=\"bellows-menu-item bellows-menu-item-type-post_type bellows-menu-item-object-page bellows-menu-item-3213 bellows-item-level-1\"><a  href=\"https:\/\/www.univ-usto.dz\/fac-electrique\/reseaux-internationaux\/\" class=\"bellows-target\"><span class=\"bellows-target-title bellows-target-text\">R\u00e9seaux Internationaux<\/span><\/a><\/li>\n<\/ul>\n<\/li>\n<li id=\"menu-item-95\" class=\"bellows-menu-item bellows-menu-item-type-custom bellows-menu-item-object-custom bellows-menu-item-has-children bellows-menu-item-95 bellows-item-level-0\"><a  href=\"#\" class=\"bellows-target\"><span class=\"bellows-target-title bellows-target-text\">Manifestations<\/span><button class=\"bellows-subtoggle\" aria-label=\"Toggle Submenu\"><i class=\"bellows-subtoggle-icon-expand fa fa-chevron-down\"><\/i><i class=\"bellows-subtoggle-icon-collapse fa fa-chevron-up\"><\/i><\/button><\/a>\n<ul class=\"bellows-submenu\">\n\t<li id=\"menu-item-3215\" class=\"bellows-menu-item bellows-menu-item-type-post_type bellows-menu-item-object-page bellows-menu-item-3215 bellows-item-level-1\"><a  href=\"https:\/\/www.univ-usto.dz\/fac-electrique\/guide-2\/\" class=\"bellows-target\"><span class=\"bellows-target-title bellows-target-text\">Guide<\/span><\/a><\/li>\n\t<li id=\"menu-item-3209\" class=\"bellows-menu-item bellows-menu-item-type-post_type bellows-menu-item-object-page bellows-menu-item-3209 bellows-item-level-1\"><a  href=\"https:\/\/www.univ-usto.dz\/fac-electrique\/manifistation\/\" class=\"bellows-target\"><span class=\"bellows-target-title bellows-target-text\">Annonces<\/span><\/a><\/li>\n\t<li id=\"menu-item-3210\" class=\"bellows-menu-item bellows-menu-item-type-post_type bellows-menu-item-object-page bellows-menu-item-3210 bellows-item-level-1\"><a  href=\"https:\/\/www.univ-usto.dz\/fac-electrique\/guide-3\/\" class=\"bellows-target\"><span class=\"bellows-target-title bellows-target-text\">Archives<\/span><\/a><\/li>\n<\/ul>\n<\/li>\n<li id=\"menu-item-93\" class=\"bellows-menu-item bellows-menu-item-type-custom bellows-menu-item-object-custom bellows-menu-item-has-children bellows-menu-item-93 bellows-item-level-0\"><a  href=\"#\" class=\"bellows-target\"><span class=\"bellows-target-title bellows-target-text\">Communication<\/span><button class=\"bellows-subtoggle\" aria-label=\"Toggle Submenu\"><i class=\"bellows-subtoggle-icon-expand fa fa-chevron-down\"><\/i><i class=\"bellows-subtoggle-icon-collapse fa fa-chevron-up\"><\/i><\/button><\/a>\n<ul class=\"bellows-submenu\">\n\t<li id=\"menu-item-3206\" class=\"bellows-menu-item bellows-menu-item-type-post_type bellows-menu-item-object-page bellows-menu-item-3206 bellows-item-level-1\"><a  href=\"https:\/\/www.univ-usto.dz\/fac-electrique\/guide\/\" class=\"bellows-target\"><span class=\"bellows-target-title bellows-target-text\">Revue de presse<\/span><\/a><\/li>\n<\/ul>\n<\/li>\n<\/ul><\/nav>\t\t\t\t<\/div>\n\t\t\t\t<\/div>\n\t\t\t\t\t<\/div>\n\t\t<\/div>\n\t\t\t\t<div class=\"elementor-column elementor-col-66 elementor-top-column elementor-element elementor-element-39402fd\" data-id=\"39402fd\" data-element_type=\"column\">\n\t\t\t<div class=\"elementor-widget-wrap elementor-element-populated\">\n\t\t\t\t\t\t<div class=\"elementor-element elementor-element-ba21dbd elementor-widget elementor-widget-text-editor\" data-id=\"ba21dbd\" data-element_type=\"widget\" data-widget_type=\"text-editor.default\">\n\t\t\t\t<div class=\"elementor-widget-container\">\n\t\t\t\t\t\t\t\t\t<h2><strong>Manifestations <\/strong><\/h2><div class=\"page-header\"><h2>Annonces<\/h2><\/div><div class=\"icons\"><strong>Manifestations Scientifiques pr\u00e9vu \u2013 2019<\/strong><\/div><div><ul><li>2\u00e8me Workshop international intitul\u00e9\u00a0\u00ab\u00a0La Cryptographie et ses Applications\u00a0\u00bb, par Facult\u00e9 de G\u00e9nie \u00c9lectrique\u00a0Pr\u00e9vu les<\/li><\/ul><p>\u00a0 \u00a0 \u00a0 \u00a0<strong>22 et 23 avril 2019<\/strong><strong>\u00a0<\/strong><\/p><ul><li>11\u00e8me Conf\u00e9rence Nationale sur \u00ab\u00a0La Haute Tension (CNHT\u201919) \u00bb\u00a0par Facult\u00e9 de G\u00e9nie Electrique\u00a0Pr\u00e9vu les<\/li><\/ul><p>\u00a0 \u00a0 \u00a0 \u00a0<strong>29 et 30 avril 2019<\/strong>.<\/p><ul><li>S\u00e9minaire de Cl\u00f4ture du Projet CBHE: ICMED,\u00a0par USTO-MB\u00a0Pr\u00e9vu les<\/li><\/ul><p>\u00a0 \u00a0 \u00a0 \u00a0<strong>24 et 25 septembre 2019<\/strong>.<\/p><ul><li>Congr\u00e8s Scientifique sur\u00a0\u00ab\u00a0La G\u00e9nie des proc\u00e9d\u00e9s (CIGP2019)\u00a0\u00bb\u00a0par Facult\u00e9 de Chimie<\/li><\/ul><p>\u00a0 \u00a0 \u00a0 \u00a0<strong>26 au 28 octobre 2019<\/strong>.<\/p><ul><li>Journ\u00e9e Internationale de \u00ab\u00a0la Thermique\u00a0\u00bb\u00a0par Facult\u00e9 de G\u00e9nie M\u00e9canique<\/li><\/ul><p>\u00a0 \u00a0 \u00a0 \u00a0<strong>28 au 30 octobre 2019<\/strong><strong>.<\/strong><\/p><ul><li>1st Conf\u00e9rence Internationale sur \u00ab\u00a0Les \u00c9nergies Renouvelables et la Conversion d\u2019\u00c9nergie\u00a0\u00bb par Facult\u00e9 de Physique<\/li><\/ul><p>\u00a0 \u00a0 \u00a0 \u00a0\u00a0<strong>11 au 13 novembre 2019<\/strong>.<\/p><p><strong>\u00a0Physique du Rayonnement et ses Applications (LAAR)<\/strong><\/p><p><img decoding=\"async\" src=\"https:\/\/https:\/\/www.univ-usto.dz\/fac-electrique\/site_divers\/vrre\/images\/laar.png\" alt=\"laar\" width=\"204\" height=\"121\" \/><\/p><p>Un workshop sera organis\u00e9 au sein du D\u00e9partement de G\u00e9nie Physique de la Facult\u00e9 de Physique de l\u2019USTO par le Laboratoire d\u2019Analyse et\u00a0 d\u2019Application des Rayonnements (<strong>LAAR<\/strong>) du\u00a0<strong>22 au 23 octobre<\/strong>.<\/p><p>L\u2019objectif de ce Workshop est de faire conna\u00eetre les travaux de recherche\u00a0 r\u00e9alis\u00e9s par les chercheurs de ce laboratoire d\u2019une part, et connaitre les travaux\u00a0r\u00e9alis\u00e9s par d\u2019autres chercheurs au niveau nation<span class=\"textexposedshow\">al, dans les m\u00eames th\u00e8mes d&rsquo;autre part. <\/span><\/p><p><strong>Renseignements et informations<\/strong><\/p><p>euillez consulter le site suivant:<a href=\"https:\/\/https:\/\/www.univ-usto.dz\/fac-electrique\/site_divers\/vrre\/faculte\/fac-physique\/index.php?option=com_content&amp;view=article&amp;id=157&amp;Itemid=660\">https:\/\/www.univ-usto.dz\/fac-electrique\/faculte\/fac-physique\/index.php<\/a><\/p><p><strong><span class=\"textexposedshow\">Dates \u00e0 retenir\u00a0<\/span><\/strong><br \/><span class=\"textexposedshow\"><strong>15 Mai 2017<\/strong>\u00a0: Date limite de soumission des r\u00e9sum\u00e9s et inscription<\/span><br \/><span class=\"textexposedshow\"><strong>10 Septembre 2017<\/strong>\u00a0: Date limite de soumission des versions finales des articles.<\/span><\/p><p><strong>\u00a0La Biologie dans tous ses \u00e9tats<\/strong><\/p><p><img decoding=\"async\" src=\"https:\/\/https:\/\/www.univ-usto.dz\/fac-electrique\/site_divers\/vrre\/images\/la_biologie.jpg\" alt=\"la biologie\" width=\"141\" height=\"133\" \/><\/p><p>\u00a0La facult\u00e9 des Sciences de la Nature et de la Vie de l&rsquo;Universit\u00e9 USTO-MB a le plaisir de vous inviter \u00e0 assister \u00e0 la 3\u00e8me conf\u00e9rence de La Biologie \u00a0 dans tous ses \u00e9tats et qui aura lieu Jeudi <strong>27\/04\/2017<\/strong> \u00e0 la salle de conf\u00e9rence de la facult\u00e9 SNV. La conf\u00e9rence, dont l&rsquo;intitul\u00e9 est \u00ab\u00a0L&rsquo;\u00e9thique en Sciences Biom\u00e9dicales\u00a0\u00bb sera pr\u00e9sent\u00e9e par notre coll\u00e8gue le Docteur Zoulikha BOUCIF (Laboratoire de Biologie du D\u00e9veloppement et de la Diff\u00e9renciation, Universit\u00e9 Oran1, Ahmed Benbella).<\/p><p><strong>Evolution de L\u2019imagerie M\u00e9dicale<\/strong><\/p><p><img decoding=\"async\" src=\"https:\/\/https:\/\/www.univ-usto.dz\/fac-electrique\/site_divers\/vrre\/images\/evolution.jpg\" alt=\"evolution\" width=\"157\" height=\"203\" \/>\u00a0\u00a0<\/p><p>le club scientifique de la facult\u00e9 de physique \u00ab <strong>EUREKA<\/strong> \u00bb sous le nom \u00a0du \u00e9volution de l\u2019imagerie m\u00e9dicale : r\u00f4le du physicien m\u00e9dical\u00a0<\/p><p>Pr\u00e9sent\u00e9 par <strong>DR.<\/strong>\u00a0<strong>Saadia benhalouche<\/strong>\u00a0le mardi\u00a0<strong>25 avril 2017<\/strong>\u00a0\u00e0\u00a0<strong>15 h00<\/strong>.\u00a0\u00a0<\/p><p><strong>\u00a0Les Contextes Alg\u00e9rien et Palestinien \u00e0 la Lumi\u00e8re <\/strong><strong>de la ville d\u2019El Qods<\/strong><\/p><p><img loading=\"lazy\" decoding=\"async\" src=\"https:\/\/https:\/\/www.univ-usto.dz\/fac-electrique\/site_divers\/vrre\/images\/quods.jpg\" alt=\"quods\" width=\"138\" height=\"160\" \/><\/p><p>Dans le cadre de la tenue du Workshop sur \u00abLes d\u00e9fis de sauvegarde du patrimoine architectural Enjeux &amp; Sp\u00e9cificit\u00e9s Dans les contextes alg\u00e9rien et palestinien A la lumi\u00e8re de la ville d\u2019El Qods\u00bb, pr\u00e9vu du\u00a0<strong>23 au 25 Avril 2017<\/strong>.<br \/>Le comit\u00e9 d\u2019organisation a l\u2019immense plaisir de vous inviter \u00e0 assister et \u00e0 participer aux travaux et pr\u00e9sentations de ce workshop qui se d\u00e9rouleront \u00e0 l&rsquo;auditorium de l&rsquo;USTO.<\/p><p><strong>Conf\u00e9rence exposition une conception a vivre<\/strong><\/p><p><img loading=\"lazy\" decoding=\"async\" src=\"https:\/\/https:\/\/www.univ-usto.dz\/fac-electrique\/site_divers\/vrre\/images\/MADINATI.jpg\" alt=\"MADINATI\" width=\"146\" height=\"185\" \/>\u00a0\u00a0<\/p><p>Invitation conf\u00e9rence organis\u00e9e par le d\u00e9partement d&rsquo;Architecture le samedi <strong>29 avril 2017 <\/strong>\u00a0\u00e0\u00a0<strong>10h00<\/strong>\u00a0\u00e0 l\u2019amphith\u00e9\u00e2tre\u00a0<strong>C<\/strong>\u00a0du d\u00e9partement d&rsquo;architecture.<\/p><p><strong>L&rsquo;USTO a Tant a vous Offrir<\/strong><\/p><p><img loading=\"lazy\" decoding=\"async\" src=\"https:\/\/https:\/\/www.univ-usto.dz\/fac-electrique\/site_divers\/vrre\/images\/ciav.jpg\" alt=\"ciav\" width=\"142\" height=\"204\" \/>\u00a0<\/p><p>\u00a0A l\u2019occasion de la journ\u00e9e de \u00ab Youm El Ilm \u00bb du 16 Avril 2017 le vice rectorat des relations ext\u00e9rieures\u00a0 \u00a0en collaboration avec la sous direction des activit\u00e9s culturelles et sportive a organis\u00e9 des conf\u00e9rences sur les Partenariats et offres de mobilit\u00e9s a l\u2019\u00e9tranger \u00a0et des portes ouvertes sur les clubs scientifiques de notre universit\u00e9.<\/p><p><strong>Convention entre USTO-MB et la Direction R\u00e9gionale du Travail<\/strong><\/p><p><img loading=\"lazy\" decoding=\"async\" src=\"https:\/\/https:\/\/www.univ-usto.dz\/fac-electrique\/site_divers\/vrre\/images\/12_avril.jpg\" alt=\"12 avril\" width=\"155\" height=\"200\" \/><\/p><p>Signature d&rsquo;une convention cadre entre USTO-MB et la direction r\u00e9gionale du travail, et s\u00e9minaire \u00a0sur la gestion des ressources humaines repr\u00e9sent\u00e9s par trois DRH des entreprises nationales et priv\u00e9es\u00a0(Lafarge, La compagnie alg\u00e9rienne d&rsquo;assurance et de r\u00e9assurance (CAAR) \u00e0 Oran, Cimenterie de Zahana).<\/p><\/div>\t\t\t\t\t\t\t\t<\/div>\n\t\t\t\t<\/div>\n\t\t\t\t\t<\/div>\n\t\t<\/div>\n\t\t\t\t\t<\/div>\n\t\t<\/section>\n\t\t\t\t<section class=\"elementor-section elementor-top-section elementor-element elementor-element-03a64e4 elementor-section-boxed elementor-section-height-default elementor-section-height-default\" data-id=\"03a64e4\" data-element_type=\"section\">\n\t\t\t\t\t\t<div class=\"elementor-container elementor-column-gap-default\">\n\t\t\t\t\t<div class=\"elementor-column elementor-col-100 elementor-top-column elementor-element elementor-element-14654b5\" data-id=\"14654b5\" data-element_type=\"column\">\n\t\t\t<div class=\"elementor-widget-wrap elementor-element-populated\">\n\t\t\t\t\t\t\t<\/div>\n\t\t<\/div>\n\t\t\t\t\t<\/div>\n\t\t<\/section>\n\t\t\t\t<\/div>\n\t\t","protected":false},"excerpt":{"rendered":"<p>Manifestations Annonces Manifestations Scientifiques pr\u00e9vu \u2013 2019 2\u00e8me Workshop international intitul\u00e9\u00a0\u00ab\u00a0La Cryptographie et ses Applications\u00a0\u00bb, par Facult\u00e9 de G\u00e9nie \u00c9lectrique\u00a0Pr\u00e9vu les \u00a0 \u00a0 \u00a0 \u00a022 et 23 avril 2019\u00a0 11\u00e8me <a href=\"https:\/\/www.univ-usto.dz\/fac-electrique\/manifistation\/\" class=\"read-more\">Lire la suite &#8230;<\/a><\/p>\n","protected":false},"author":1,"featured_media":0,"parent":0,"menu_order":0,"comment_status":"closed","ping_status":"closed","template":"","meta":{"footnotes":""},"class_list":["post-3086","page","type-page","status-publish","hentry"],"_links":{"self":[{"href":"https:\/\/www.univ-usto.dz\/fac-electrique\/wp-json\/wp\/v2\/pages\/3086","targetHints":{"allow":["GET"]}}],"collection":[{"href":"https:\/\/www.univ-usto.dz\/fac-electrique\/wp-json\/wp\/v2\/pages"}],"about":[{"href":"https:\/\/www.univ-usto.dz\/fac-electrique\/wp-json\/wp\/v2\/types\/page"}],"author":[{"embeddable":true,"href":"https:\/\/www.univ-usto.dz\/fac-electrique\/wp-json\/wp\/v2\/users\/1"}],"replies":[{"embeddable":true,"href":"https:\/\/www.univ-usto.dz\/fac-electrique\/wp-json\/wp\/v2\/comments?post=3086"}],"version-history":[{"count":14,"href":"https:\/\/www.univ-usto.dz\/fac-electrique\/wp-json\/wp\/v2\/pages\/3086\/revisions"}],"predecessor-version":[{"id":5107,"href":"https:\/\/www.univ-usto.dz\/fac-electrique\/wp-json\/wp\/v2\/pages\/3086\/revisions\/5107"}],"wp:attachment":[{"href":"https:\/\/www.univ-usto.dz\/fac-electrique\/wp-json\/wp\/v2\/media?parent=3086"}],"curies":[{"name":"wp","href":"https:\/\/api.w.org\/{rel}","templated":true}]}}