{"id":3103,"date":"2020-09-03T19:02:38","date_gmt":"2020-09-03T19:02:38","guid":{"rendered":"http:\/\/www.univ-usto.dz\/fac-electrique\/?page_id=3103"},"modified":"2021-01-13T08:46:09","modified_gmt":"2021-01-13T08:46:09","slug":"guide-4","status":"publish","type":"page","link":"https:\/\/www.univ-usto.dz\/fac-electrique\/guide-4\/","title":{"rendered":"Conventions nationales"},"content":{"rendered":"\t\t<div data-elementor-type=\"wp-page\" data-elementor-id=\"3103\" class=\"elementor elementor-3103\">\n\t\t\t\t\t\t<section class=\"elementor-section elementor-top-section elementor-element elementor-element-9c06894 elementor-section-boxed elementor-section-height-default elementor-section-height-default\" data-id=\"9c06894\" data-element_type=\"section\">\n\t\t\t\t\t\t<div class=\"elementor-container elementor-column-gap-default\">\n\t\t\t\t\t<div class=\"elementor-column elementor-col-66 elementor-top-column elementor-element elementor-element-4e2a37b\" data-id=\"4e2a37b\" data-element_type=\"column\">\n\t\t\t<div class=\"elementor-widget-wrap elementor-element-populated\">\n\t\t\t\t\t\t<div class=\"elementor-element elementor-element-ce01461 elementor-widget elementor-widget-wp-widget-bellows_navigation_widget\" data-id=\"ce01461\" data-element_type=\"widget\" data-widget_type=\"wp-widget-bellows_navigation_widget.default\">\n\t\t\t\t<div class=\"elementor-widget-container\">\n\t\t\t\t\t<nav id=\"bellows-main-10\" class=\"bellows bellows-nojs bellows-main bellows-source-menu bellows-align-full bellows-skin-vanilla bellows-type-\"><ul id=\"menu-menuleftrelax\" class=\"bellows-nav\" data-bellows-config=\"main\"><li id=\"menu-item-5866\" class=\"bellows-menu-item bellows-menu-item-type-post_type bellows-menu-item-object-page bellows-menu-item-5866 bellows-item-level-0\"><a  href=\"https:\/\/www.univ-usto.dz\/fac-electrique\/formation-de-perfectionnement\/\" class=\"bellows-target\"><span class=\"bellows-target-title bellows-target-text\">Formation de Perfectionnement<\/span><\/a><\/li>\n<li id=\"menu-item-5865\" class=\"bellows-menu-item bellows-menu-item-type-post_type bellows-menu-item-object-page bellows-menu-item-5865 bellows-item-level-0\"><a  href=\"https:\/\/www.univ-usto.dz\/fac-electrique\/programme-erasmus-2\/\" class=\"bellows-target\"><span class=\"bellows-target-title bellows-target-text\">Programme Erasmus+<\/span><\/a><\/li>\n<li id=\"menu-item-85\" class=\"bellows-menu-item bellows-menu-item-type-custom bellows-menu-item-object-custom bellows-menu-item-85 bellows-item-level-0\"><a  href=\"#\" class=\"bellows-target\"><span class=\"bellows-target-title bellows-target-text\">Autres Bourses<\/span><\/a><\/li>\n<li id=\"menu-item-87\" class=\"bellows-menu-item bellows-menu-item-type-custom bellows-menu-item-object-custom bellows-menu-item-has-children bellows-menu-item-87 bellows-item-level-0\"><a  href=\"#\" class=\"bellows-target\"><span class=\"bellows-target-title bellows-target-text\">Formation<\/span><button class=\"bellows-subtoggle\" aria-label=\"Toggle Submenu\"><i class=\"bellows-subtoggle-icon-expand fa fa-chevron-down\"><\/i><i class=\"bellows-subtoggle-icon-collapse fa fa-chevron-up\"><\/i><\/button><\/a>\n<ul class=\"bellows-submenu\">\n\t<li id=\"menu-item-5864\" class=\"bellows-menu-item bellows-menu-item-type-post_type bellows-menu-item-object-page bellows-menu-item-5864 bellows-item-level-1\"><a  href=\"https:\/\/www.univ-usto.dz\/fac-electrique\/formation-doctorale-2\/\" class=\"bellows-target\"><span class=\"bellows-target-title bellows-target-text\">Formation Doctorale<\/span><\/a><\/li>\n\t<li id=\"menu-item-3214\" class=\"bellows-menu-item bellows-menu-item-type-post_type bellows-menu-item-object-page bellows-menu-item-3214 bellows-item-level-1\"><a  href=\"https:\/\/www.univ-usto.dz\/fac-electrique\/cotutelle\/\" class=\"bellows-target\"><span class=\"bellows-target-title bellows-target-text\">Cotutelle<\/span><\/a><\/li>\n\t<li id=\"menu-item-3212\" class=\"bellows-menu-item bellows-menu-item-type-post_type bellows-menu-item-object-page bellows-menu-item-3212 bellows-item-level-1\"><a  href=\"https:\/\/www.univ-usto.dz\/fac-electrique\/conge-scientifique\/\" class=\"bellows-target\"><span class=\"bellows-target-title bellows-target-text\">Cong\u00e9 Scientifique<\/span><\/a><\/li>\n<\/ul>\n<\/li>\n<li id=\"menu-item-90\" class=\"bellows-menu-item bellows-menu-item-type-custom bellows-menu-item-object-custom bellows-menu-item-has-children bellows-menu-item-90 bellows-item-level-0\"><a  href=\"#\" class=\"bellows-target\"><span class=\"bellows-target-title bellows-target-text\">Coop\u00e9ration<\/span><button class=\"bellows-subtoggle\" aria-label=\"Toggle Submenu\"><i class=\"bellows-subtoggle-icon-expand fa fa-chevron-down\"><\/i><i class=\"bellows-subtoggle-icon-collapse fa fa-chevron-up\"><\/i><\/button><\/a>\n<ul class=\"bellows-submenu\">\n\t<li id=\"menu-item-5869\" class=\"bellows-menu-item bellows-menu-item-type-post_type bellows-menu-item-object-page bellows-menu-item-5869 bellows-item-level-1\"><a  href=\"https:\/\/www.univ-usto.dz\/fac-electrique\/guide-4\/\" class=\"bellows-target\"><span class=\"bellows-target-title bellows-target-text\">Conventions nationales<\/span><\/a><\/li>\n\t<li id=\"menu-item-5872\" class=\"bellows-menu-item bellows-menu-item-type-post_type bellows-menu-item-object-page bellows-menu-item-5872 bellows-item-level-1\"><a  href=\"https:\/\/www.univ-usto.dz\/fac-electrique\/conventions-internationales\/\" class=\"bellows-target\"><span class=\"bellows-target-title bellows-target-text\">Conventions internationales<\/span><\/a><\/li>\n\t<li id=\"menu-item-3213\" class=\"bellows-menu-item bellows-menu-item-type-post_type bellows-menu-item-object-page bellows-menu-item-3213 bellows-item-level-1\"><a  href=\"https:\/\/www.univ-usto.dz\/fac-electrique\/reseaux-internationaux\/\" class=\"bellows-target\"><span class=\"bellows-target-title bellows-target-text\">R\u00e9seaux Internationaux<\/span><\/a><\/li>\n<\/ul>\n<\/li>\n<li id=\"menu-item-95\" class=\"bellows-menu-item bellows-menu-item-type-custom bellows-menu-item-object-custom bellows-menu-item-has-children bellows-menu-item-95 bellows-item-level-0\"><a  href=\"#\" class=\"bellows-target\"><span class=\"bellows-target-title bellows-target-text\">Manifestations<\/span><button class=\"bellows-subtoggle\" aria-label=\"Toggle Submenu\"><i class=\"bellows-subtoggle-icon-expand fa fa-chevron-down\"><\/i><i class=\"bellows-subtoggle-icon-collapse fa fa-chevron-up\"><\/i><\/button><\/a>\n<ul class=\"bellows-submenu\">\n\t<li id=\"menu-item-3215\" class=\"bellows-menu-item bellows-menu-item-type-post_type bellows-menu-item-object-page bellows-menu-item-3215 bellows-item-level-1\"><a  href=\"https:\/\/www.univ-usto.dz\/fac-electrique\/guide-2\/\" class=\"bellows-target\"><span class=\"bellows-target-title bellows-target-text\">Guide<\/span><\/a><\/li>\n\t<li id=\"menu-item-3209\" class=\"bellows-menu-item bellows-menu-item-type-post_type bellows-menu-item-object-page bellows-menu-item-3209 bellows-item-level-1\"><a  href=\"https:\/\/www.univ-usto.dz\/fac-electrique\/manifistation\/\" class=\"bellows-target\"><span class=\"bellows-target-title bellows-target-text\">Annonces<\/span><\/a><\/li>\n\t<li id=\"menu-item-3210\" class=\"bellows-menu-item bellows-menu-item-type-post_type bellows-menu-item-object-page bellows-menu-item-3210 bellows-item-level-1\"><a  href=\"https:\/\/www.univ-usto.dz\/fac-electrique\/guide-3\/\" class=\"bellows-target\"><span class=\"bellows-target-title bellows-target-text\">Archives<\/span><\/a><\/li>\n<\/ul>\n<\/li>\n<li id=\"menu-item-93\" class=\"bellows-menu-item bellows-menu-item-type-custom bellows-menu-item-object-custom bellows-menu-item-has-children bellows-menu-item-93 bellows-item-level-0\"><a  href=\"#\" class=\"bellows-target\"><span class=\"bellows-target-title bellows-target-text\">Communication<\/span><button class=\"bellows-subtoggle\" aria-label=\"Toggle Submenu\"><i class=\"bellows-subtoggle-icon-expand fa fa-chevron-down\"><\/i><i class=\"bellows-subtoggle-icon-collapse fa fa-chevron-up\"><\/i><\/button><\/a>\n<ul class=\"bellows-submenu\">\n\t<li id=\"menu-item-3206\" class=\"bellows-menu-item bellows-menu-item-type-post_type bellows-menu-item-object-page bellows-menu-item-3206 bellows-item-level-1\"><a  href=\"https:\/\/www.univ-usto.dz\/fac-electrique\/guide\/\" class=\"bellows-target\"><span class=\"bellows-target-title bellows-target-text\">Revue de presse<\/span><\/a><\/li>\n<\/ul>\n<\/li>\n<\/ul><\/nav>\t\t\t\t<\/div>\n\t\t\t\t<\/div>\n\t\t\t\t\t<\/div>\n\t\t<\/div>\n\t\t\t\t<div class=\"elementor-column elementor-col-33 elementor-top-column elementor-element elementor-element-0bfe089\" data-id=\"0bfe089\" data-element_type=\"column\">\n\t\t\t<div class=\"elementor-widget-wrap elementor-element-populated\">\n\t\t\t\t\t\t<div class=\"elementor-element elementor-element-1afde67 elementor-widget elementor-widget-elementskit-heading\" data-id=\"1afde67\" data-element_type=\"widget\" data-widget_type=\"elementskit-heading.default\">\n\t\t\t\t<div class=\"elementor-widget-container\">\n\t\t\t\t\t<div class=\"ekit-wid-con\" ><div class=\"ekit-heading elementskit-section-title-wraper text_left   ekit_heading_tablet-   ekit_heading_mobile-\"><h3 class=\"ekit-heading--title elementskit-section-title \">Conventions nationales\u00a0<\/h3><div class=\"ekit_heading_separetor_wraper ekit_heading_elementskit-border-divider ekit-dotted\"><div class=\"elementskit-border-divider ekit-dotted\"><\/div><\/div><\/div><\/div>\t\t\t\t<\/div>\n\t\t\t\t<\/div>\n\t\t\t\t<div class=\"elementor-element elementor-element-445a697 elementor-widget elementor-widget-text-editor\" data-id=\"445a697\" data-element_type=\"widget\" data-widget_type=\"text-editor.default\">\n\t\t\t\t<div class=\"elementor-widget-container\">\n\t\t\t\t\t\t\t\t\t<h2>Mod\u00e8le de Convention: Cadre de Partenariat(<span style=\"text-decoration: underline;\"><a href=\"https:\/\/https:\/\/www.univ-usto.dz\/fac-electrique\/wp-content\/uploads\/2021\/01\/Convention-avec-le-secteur-economique.docx\">T\u00e9l\u00e9charger<\/a><\/span>)<\/h2>\t\t\t\t\t\t\t\t<\/div>\n\t\t\t\t<\/div>\n\t\t\t\t<div class=\"elementor-element elementor-element-dcc0da8 elementor-widget elementor-widget-elementskit-heading\" data-id=\"dcc0da8\" data-element_type=\"widget\" data-widget_type=\"elementskit-heading.default\">\n\t\t\t\t<div class=\"elementor-widget-container\">\n\t\t\t\t\t<div class=\"ekit-wid-con\" ><div class=\"ekit-heading elementskit-section-title-wraper text_left   ekit_heading_tablet-   ekit_heading_mobile-\"><h4 class=\"ekit-heading--title elementskit-section-title \">Ann\u00e9e: 2019 &amp; 2018<\/h4><div class=\"ekit_heading_separetor_wraper ekit_heading_elementskit-border-divider ekit-dotted\"><div class=\"elementskit-border-divider ekit-dotted\"><\/div><\/div>\t\t\t\t<div class='ekit-heading__description'>\n\t\t\t\t\t<h3><a href=\"https:\/\/www.cnl.gov.dz\" target=\"_blank\" rel=\"noopener\"><strong>Caisse Nationale du Logement CNL<\/strong><\/a><\/h3>\n<p>Date de Signature: F\u00e9vrier 2019 05 Ans\u00a0<\/p>\n<p><a href=\"https:\/\/www.matherm-dz.com\/\" target=\"_blank\" rel=\"noopener\"><strong>Eurl MATHERM\u00a0<\/strong><\/a><\/p>\n<p>Date de Signature: Avril 2019 05 Ans<strong>\u00a0<\/strong><\/p>\n<p><a href=\"http:\/\/www.metroalger-dz.com\/fr\/\" target=\"_blank\" rel=\"noopener\"><strong>Entreprise Metro Alger<\/strong><\/a><\/p>\n<p>Date de Signature: Avril 2019 05 Ans<strong>\u00a0<\/strong><\/p>\n<h3><a href=\"http:\/\/www.epst-oran.dz\/\" target=\"_blank\" rel=\"noopener\"><strong>Ecole Sup\u00e9rieure en G\u00e9nie Electrique<\/strong><\/a><\/h3>\n<p>Date de Signature: Octobre 2018\u00a0 dur\u00e9e 05 Ans<\/p>\n<h3><strong><a href=\"http:\/\/www.alc-dz.net\" target=\"_blank\" rel=\"noopener\">Algerian Learning Centers ALC\u00a0<\/a><\/strong><\/h3>\n<p>Date de Signature: Mai 2018<\/p>\n<h3><a href=\"http:\/\/e-services.inapi.org\/SITE\/\" target=\"_blank\" rel=\"noopener\"><strong>Institut National Alg\u00e9rien de la Propri\u00e9t\u00e9 Industrielle ci-apr\u00e8s appel\u00e9 INAPI\u00a0<\/strong><\/a><\/h3>\n<p>Date de Signature: Mars 2018\u00a0<\/p>\n<h3><a href=\"https:\/\/sonatrach.com\/\" target=\"_blank\" rel=\"noopener\"><strong>Sonatrach<\/strong><\/a><\/h3>\n<p>Date de Signature: 2018<\/p>\n<p><a href=\"http:\/\/www.adextechnology.dz\/\" target=\"_blank\" rel=\"noopener\"><strong>Adex Technology Sarl<\/strong><\/a><\/p>\n<p>Date de Signature: Avril 2018<\/p>\n<p><strong>Ecole superieure de l\u2019air \u2013Chahid Djabbar<\/strong><\/p>\n<p>Date de Signature: Mai 2018<\/p>\n<p><strong>Agence Nationale de Soutien \u00e0 l\u2019Emploi des Jeunes ANSEJ<\/strong><\/p>\n<p>Date de Signature: 2018<\/p>\n\t\t\t\t<\/div>\n\t\t\t<\/div><\/div>\t\t\t\t<\/div>\n\t\t\t\t<\/div>\n\t\t\t\t<div class=\"elementor-element elementor-element-7bf06a4 elementor-widget elementor-widget-elementskit-heading\" data-id=\"7bf06a4\" data-element_type=\"widget\" data-widget_type=\"elementskit-heading.default\">\n\t\t\t\t<div class=\"elementor-widget-container\">\n\t\t\t\t\t<div class=\"ekit-wid-con\" ><div class=\"ekit-heading elementskit-section-title-wraper text_left   ekit_heading_tablet-   ekit_heading_mobile-\"><h4 class=\"ekit-heading--title elementskit-section-title \">Ann\u00e9e: 2017 &amp; 2016<\/h4><div class=\"ekit_heading_separetor_wraper ekit_heading_elementskit-border-divider ekit-dotted\"><div class=\"elementskit-border-divider ekit-dotted\"><\/div><\/div>\t\t\t\t<div class='ekit-heading__description'>\n\t\t\t\t\t<h3><a href=\"https:\/\/www.gica.dz\/\" target=\"_blank\" rel=\"noopener\"><strong>Soci\u00e9t\u00e9 des ciments de Zahana, filiale du groupe GICA\u00a0<\/strong><\/a><\/h3>\n<p>2017<\/p>\n<p><strong>Soci\u00e9t\u00e9 de Maintenance Industrielle d'Arzew Somiz SPA\u00a0Spa SOMIZ\u00a0<\/strong><\/p>\n<p>Date de Signature: Septembre 2017<strong>\u00a0<\/strong><\/p>\n<p><strong>Soci\u00e9t\u00e9 Alg\u00e9rienne d'Ing\u00e9nierie &amp; de R\u00e9alisation, Spa SAFIR<\/strong><\/p>\n<p>Date de Signature: Avril 2019 05 Ans<strong>\u00a0<\/strong><\/p>\n<p><strong>inspection R\u00e9gionale du travail \u2013Oran\u00a0<\/strong><\/p>\n<p>Date de Signature: Avril\u00a0 2017<\/p>\n<h3><a href=\"https:\/\/www.univ-setif.dz\" target=\"_blank\" rel=\"noopener\"><strong>Universit\u00e9 Ferhat Abbas Setif 1 \u2013UFAS1<\/strong><\/a><\/h3>\n<p>Date de Signature: Avril 2016<\/p>\n<p><a href=\"http:\/\/www.inttic.dz\" target=\"_blank\" rel=\"noopener\"><strong>Institut National des T\u00e9l\u00e9communications et des Technologies de L\u2019Information et de la Communication<span>\u00a0\u00a0\u00a0<\/span>\u00a0INTTIC\u00a0<\/strong><\/a><\/p>\n<p>Date de Signature: Avril 2016<\/p>\n<h3><a href=\"https:\/\/www.univ-adrar.edu.dz\" target=\"_blank\" rel=\"noopener\"><strong>Universit\u00e9 Ahmed Draia \u00a0D\u2019Adrar<\/strong><\/a><\/h3>\n<p>Date de Signature:\u00a0 Juillet 2016<\/p>\n<p><a href=\"http:\/\/www.univ-bejaia.dz\" target=\"_blank\" rel=\"noopener\"><strong>Universit\u00e9 Abderrahmane Mira de Bejaia\u00a0<\/strong><\/a><\/p>\n<p>Date de Signature: Octobre 2016<\/p>\n<p><a href=\"https:\/\/oran.cervantes.es\/fr\/default.shtm\" target=\"_blank\" rel=\"noopener\"><strong>Institut Cervant\u00e8s D'Oran\u00a0<\/strong><\/a><\/p>\n<p>Date de Signature: Octobre 2016<\/p>\n<p><strong>Etablissement Hospitalier Sp\u00e9cialis\u00e9 en Oncologie EHSO Emir abdelkader d'Oran\u00a0<\/strong><br \/>Date de Signature: Octobre 2016<br \/><strong>Eurl\u00a0 White Sea Business School<\/strong><br \/>Date de Signature:\u00a0 D\u00e9cembre 2016<\/p>\n\t\t\t\t<\/div>\n\t\t\t<\/div><\/div>\t\t\t\t<\/div>\n\t\t\t\t<\/div>\n\t\t\t\t<div class=\"elementor-element elementor-element-8dcd803 elementor-widget elementor-widget-elementskit-heading\" data-id=\"8dcd803\" data-element_type=\"widget\" data-widget_type=\"elementskit-heading.default\">\n\t\t\t\t<div class=\"elementor-widget-container\">\n\t\t\t\t\t<div class=\"ekit-wid-con\" ><div class=\"ekit-heading elementskit-section-title-wraper text_left   ekit_heading_tablet-   ekit_heading_mobile-\"><h4 class=\"ekit-heading--title elementskit-section-title \">Ann\u00e9e: 2015, 2014 &amp; 2013<\/h4><div class=\"ekit_heading_separetor_wraper ekit_heading_elementskit-border-divider ekit-dotted\"><div class=\"elementskit-border-divider ekit-dotted\"><\/div><\/div>\t\t\t\t<div class='ekit-heading__description'>\n\t\t\t\t\t<h3><a href=\"https:\/\/univ-constantine3.dz\" target=\"_blank\" rel=\"noopener\"><strong>Universit\u00e9 de Constantine 3-UC3<\/strong><\/a><\/h3>\n<p>Date de Signature: Avril 2015<\/p>\n<p><strong>La ligue Oranaise de Natation \u2013LON<\/strong><\/p>\n<p>Date de Signature: Septembre 2015<\/p>\n<p><strong>Institut de Technologie des P\u00eache et de l\u2019Aquaculture d\u2019Oran ITPA<\/strong><\/p>\n<p>Date de Signature: Avril 2019 05 Ans<strong>\u00a0<\/strong><\/p>\n<p><strong>Soci\u00e9t\u00e9 Nationale pour la Recherche ; la Production, le Transformation et de commercialisation des Hydrocarbures<\/strong><\/p>\n<p>Sonatrach Activite Aval<\/p>\n<p>Date de Signature: 2015<\/p>\n<h3><strong><a href=\"http:\/\/www.djezzy.dz\" target=\"_blank\" rel=\"noopener\">Orascom Telecom Alg\u00e9rie\u00a0 SPA-OTA<span>\u00a0\u00a0\u00a0<\/span>Optimum Telecom Alg\u00e9rie S.P.A<\/a><\/strong><\/h3>\n<p>\u00a02014<\/p>\n<h3><a href=\"https:\/\/www.tbwadjaz.com\" target=\"_blank\" rel=\"noopener\"><strong>Soci\u00e9t\u00e9\u00a0 Djaz RP<\/strong><\/a><\/h3>\n<p>Date de Signature: Octobre 2014<\/p>\n<h3><a href=\"http:\/\/www.epau-alger.edu.dz\/\" target=\"_blank\" rel=\"noopener\"><strong>Ecole Polytechnique D\u2019Architecture et d\u2019Urbanisme EPAU<\/strong><\/a><\/h3>\n<p>2014<\/p>\n<p><a href=\"http:\/\/www.erenav.com\" target=\"_blank\" rel=\"noopener\"><strong>Entreprise de R\u00e9paration Naval \u2013ERENAV<\/strong><\/a><\/p>\n<p>Date de Signature: Mars 2013<\/p>\n<h3><strong><a href=\"https:\/\/www.seor.dz\" target=\"_blank\" rel=\"noopener\">Soci\u00e9t\u00e9 de l\u2019eau et de l\u2019assainissement \u2013SEOR\u00a0<\/a><\/strong><\/h3>\n<p>Date de Signature: Juillet\u00a0 2013<\/p>\n\t\t\t\t<\/div>\n\t\t\t<\/div><\/div>\t\t\t\t<\/div>\n\t\t\t\t<\/div>\n\t\t\t\t\t<\/div>\n\t\t<\/div>\n\t\t\t\t\t<\/div>\n\t\t<\/section>\n\t\t\t\t<\/div>\n\t\t","protected":false},"excerpt":{"rendered":"<p>Conventions nationales\u00a0 Mod\u00e8le de Convention: Cadre de Partenariat(T\u00e9l\u00e9charger) Ann\u00e9e: 2019 &amp; 2018 Caisse Nationale du Logement CNL Date de Signature: F\u00e9vrier 2019 05 Ans\u00a0 Eurl MATHERM\u00a0 Date de Signature: Avril <a href=\"https:\/\/www.univ-usto.dz\/fac-electrique\/guide-4\/\" class=\"read-more\">Lire la suite &#8230;<\/a><\/p>\n","protected":false},"author":1,"featured_media":0,"parent":0,"menu_order":0,"comment_status":"closed","ping_status":"closed","template":"","meta":{"footnotes":""},"class_list":["post-3103","page","type-page","status-publish","hentry"],"_links":{"self":[{"href":"https:\/\/www.univ-usto.dz\/fac-electrique\/wp-json\/wp\/v2\/pages\/3103","targetHints":{"allow":["GET"]}}],"collection":[{"href":"https:\/\/www.univ-usto.dz\/fac-electrique\/wp-json\/wp\/v2\/pages"}],"about":[{"href":"https:\/\/www.univ-usto.dz\/fac-electrique\/wp-json\/wp\/v2\/types\/page"}],"author":[{"embeddable":true,"href":"https:\/\/www.univ-usto.dz\/fac-electrique\/wp-json\/wp\/v2\/users\/1"}],"replies":[{"embeddable":true,"href":"https:\/\/www.univ-usto.dz\/fac-electrique\/wp-json\/wp\/v2\/comments?post=3103"}],"version-history":[{"count":220,"href":"https:\/\/www.univ-usto.dz\/fac-electrique\/wp-json\/wp\/v2\/pages\/3103\/revisions"}],"predecessor-version":[{"id":10149,"href":"https:\/\/www.univ-usto.dz\/fac-electrique\/wp-json\/wp\/v2\/pages\/3103\/revisions\/10149"}],"wp:attachment":[{"href":"https:\/\/www.univ-usto.dz\/fac-electrique\/wp-json\/wp\/v2\/media?parent=3103"}],"curies":[{"name":"wp","href":"https:\/\/api.w.org\/{rel}","templated":true}]}}