{"id":10848,"date":"2021-02-16T14:24:28","date_gmt":"2021-02-16T14:24:28","guid":{"rendered":"http:\/\/www.univ-usto.dz\/faculte\/fac-archicivil\/?page_id=10848"},"modified":"2026-04-09T07:00:18","modified_gmt":"2026-04-09T07:00:18","slug":"conseil-scientifique-2","status":"publish","type":"page","link":"https:\/\/www.univ-usto.dz\/faculte\/fac-archicivil\/conseil-scientifique-2\/","title":{"rendered":"Conseil scientifique"},"content":{"rendered":"\t\t<div data-elementor-type=\"wp-page\" data-elementor-id=\"10848\" class=\"elementor elementor-10848\">\n\t\t\t\t\t\t<section class=\"elementor-section elementor-top-section elementor-element elementor-element-703bbe4 elementor-section-boxed elementor-section-height-default elementor-section-height-default\" data-id=\"703bbe4\" data-element_type=\"section\">\n\t\t\t\t\t\t<div class=\"elementor-container elementor-column-gap-default\">\n\t\t\t\t\t<div class=\"elementor-column elementor-col-100 elementor-top-column elementor-element elementor-element-eff045f\" data-id=\"eff045f\" data-element_type=\"column\">\n\t\t\t<div class=\"elementor-widget-wrap elementor-element-populated\">\n\t\t\t\t\t\t<div class=\"elementor-element elementor-element-aa24ba2 elementor-widget elementor-widget-elementskit-heading\" data-id=\"aa24ba2\" data-element_type=\"widget\" data-widget_type=\"elementskit-heading.default\">\n\t\t\t\t<div class=\"elementor-widget-container\">\n\t\t\t\t\t<div class=\"ekit-wid-con\" ><div class=\"ekit-heading elementskit-section-title-wraper text_left   ekit_heading_tablet-   ekit_heading_mobile-\"><h3 class=\"ekit-heading--title elementskit-section-title \">Conseil scientifique<\/h3><div class=\"ekit_heading_separetor_wraper ekit_heading_elementskit-border-divider\"><div class=\"elementskit-border-divider\"><\/div><\/div><\/div><\/div>\t\t\t\t<\/div>\n\t\t\t\t<\/div>\n\t\t\t\t<div class=\"elementor-element elementor-element-b96bde4 elementor-widget elementor-widget-text-editor\" data-id=\"b96bde4\" data-element_type=\"widget\" data-widget_type=\"text-editor.default\">\n\t\t\t\t<div class=\"elementor-widget-container\">\n\t\t\t\t\t\t\t\t\t<h2><span style=\"text-decoration: underline;\">Conseils scientifiques<\/span><\/h2><p>Le conseil scientifique de la facult\u00e9\u00a0est pr\u00e9sid\u00e9 par Monsieur <strong>,<\/strong> Professeur,<\/p><p>Les conseils scientifiques des d\u00e9partements sont constitu\u00e9s comme suit:<\/p><h4><em><span style=\"text-decoration: underline;\"><strong>D\u00e9partement d&rsquo;architecture:<\/strong><\/span><\/em><\/h4><p>\u00a0Pr\u00e9sidente du Comit\u00e9 Scientifique du D\u00e9partement d\u2019Architecture<\/p><p>Chef du D\u00e9partement d\u2019Architecture<\/p><h4><span style=\"text-decoration: underline;\"><em><strong>D\u00e9partement de G\u00e9nie Civil:<\/strong><\/em><\/span><\/h4><p>Professeur,\u00a0Pr\u00e9sident du Comit\u00e9 Scientifique du D\u00e9partement de G\u00e9nie Civil<\/p><p>Chef du D\u00e9partement de G\u00e9nie Civil<\/p><h4><span style=\"text-decoration: underline;\"><em><strong>D\u00e9partement d&rsquo;Hydraulique :<\/strong><\/em><\/span><\/h4><p>Pr\u00e9sident du Comit\u00e9 Scientifique du D\u00e9partement d\u2019Hydraulique<\/p><p>Chef du D\u00e9partement d\u2019Hydraulique<\/p>\t\t\t\t\t\t\t\t<\/div>\n\t\t\t\t<\/div>\n\t\t\t\t\t<\/div>\n\t\t<\/div>\n\t\t\t\t\t<\/div>\n\t\t<\/section>\n\t\t\t\t<section class=\"elementor-section elementor-top-section elementor-element elementor-element-57170ab featured-conten elementor-section-boxed elementor-section-height-default elementor-section-height-default\" data-id=\"57170ab\" data-element_type=\"section\" id=\"featured-conten\" data-settings=\"{&quot;background_background&quot;:&quot;classic&quot;}\">\n\t\t\t\t\t\t<div class=\"elementor-container elementor-column-gap-default\">\n\t\t\t\t\t\t<\/div>\n\t\t<\/section>\n\t\t\t\t<\/div>\n\t\t","protected":false},"excerpt":{"rendered":"<p>Conseil scientifique Conseils scientifiques Le conseil scientifique de la facult\u00e9\u00a0est pr\u00e9sid\u00e9 par Monsieur , Professeur, Les conseils scientifiques des d\u00e9partements sont constitu\u00e9s comme suit: D\u00e9partement d&rsquo;architecture: \u00a0Pr\u00e9sidente du Comit\u00e9 Scientifique <a href=\"https:\/\/www.univ-usto.dz\/faculte\/fac-archicivil\/conseil-scientifique-2\/\" class=\"read-more\">Lire la suite &#8230;<\/a><\/p>\n","protected":false},"author":24,"featured_media":0,"parent":0,"menu_order":0,"comment_status":"closed","ping_status":"closed","template":"","meta":{"footnotes":""},"class_list":["post-10848","page","type-page","status-publish","hentry"],"_links":{"self":[{"href":"https:\/\/www.univ-usto.dz\/faculte\/fac-archicivil\/wp-json\/wp\/v2\/pages\/10848","targetHints":{"allow":["GET"]}}],"collection":[{"href":"https:\/\/www.univ-usto.dz\/faculte\/fac-archicivil\/wp-json\/wp\/v2\/pages"}],"about":[{"href":"https:\/\/www.univ-usto.dz\/faculte\/fac-archicivil\/wp-json\/wp\/v2\/types\/page"}],"author":[{"embeddable":true,"href":"https:\/\/www.univ-usto.dz\/faculte\/fac-archicivil\/wp-json\/wp\/v2\/users\/24"}],"replies":[{"embeddable":true,"href":"https:\/\/www.univ-usto.dz\/faculte\/fac-archicivil\/wp-json\/wp\/v2\/comments?post=10848"}],"version-history":[{"count":13,"href":"https:\/\/www.univ-usto.dz\/faculte\/fac-archicivil\/wp-json\/wp\/v2\/pages\/10848\/revisions"}],"predecessor-version":[{"id":16299,"href":"https:\/\/www.univ-usto.dz\/faculte\/fac-archicivil\/wp-json\/wp\/v2\/pages\/10848\/revisions\/16299"}],"wp:attachment":[{"href":"https:\/\/www.univ-usto.dz\/faculte\/fac-archicivil\/wp-json\/wp\/v2\/media?parent=10848"}],"curies":[{"name":"wp","href":"https:\/\/api.w.org\/{rel}","templated":true}]}}