{"id":5817,"date":"2020-09-23T10:39:22","date_gmt":"2020-09-23T10:39:22","guid":{"rendered":"http:\/\/www.univ-usto.dz\/faculte\/fac-archicivil\/?page_id=5817"},"modified":"2026-04-09T10:28:13","modified_gmt":"2026-04-09T10:28:13","slug":"departements-de-genie-civil","status":"publish","type":"page","link":"https:\/\/www.univ-usto.dz\/faculte\/fac-archicivil\/departements-de-genie-civil\/","title":{"rendered":"Pr\u00e9sentation"},"content":{"rendered":"\t\t<div data-elementor-type=\"wp-page\" data-elementor-id=\"5817\" class=\"elementor elementor-5817\">\n\t\t\t\t\t\t<section class=\"elementor-section elementor-top-section elementor-element elementor-element-b8dfcfb elementor-section-boxed elementor-section-height-default elementor-section-height-default\" data-id=\"b8dfcfb\" data-element_type=\"section\" data-settings=\"{&quot;background_background&quot;:&quot;classic&quot;}\">\n\t\t\t\t\t\t<div class=\"elementor-container elementor-column-gap-default\">\n\t\t\t\t\t<div class=\"elementor-column elementor-col-100 elementor-top-column elementor-element elementor-element-39402fd\" data-id=\"39402fd\" data-element_type=\"column\">\n\t\t\t<div class=\"elementor-widget-wrap elementor-element-populated\">\n\t\t\t\t\t\t<div class=\"elementor-element elementor-element-3fd7bc8 elementor-widget elementor-widget-elementskit-heading\" data-id=\"3fd7bc8\" data-element_type=\"widget\" data-widget_type=\"elementskit-heading.default\">\n\t\t\t\t<div class=\"elementor-widget-container\">\n\t\t\t\t\t<div class=\"ekit-wid-con\" ><div class=\"ekit-heading elementskit-section-title-wraper text_left   ekit_heading_tablet-   ekit_heading_mobile-\"><h3 class=\"ekit-heading--title elementskit-section-title \"> D\u00e9partements de G\u00e9nie Civil<\/h3><div class=\"ekit_heading_separetor_wraper ekit_heading_elementskit-border-divider\"><div class=\"elementskit-border-divider\"><\/div><\/div><\/div><\/div>\t\t\t\t<\/div>\n\t\t\t\t<\/div>\n\t\t\t\t<div class=\"elementor-element elementor-element-bed1ffa elementor-arrows-position-inside elementor-pagination-position-outside elementor-widget elementor-widget-image-carousel\" data-id=\"bed1ffa\" data-element_type=\"widget\" data-settings=\"{&quot;navigation&quot;:&quot;both&quot;,&quot;autoplay&quot;:&quot;yes&quot;,&quot;pause_on_hover&quot;:&quot;yes&quot;,&quot;pause_on_interaction&quot;:&quot;yes&quot;,&quot;autoplay_speed&quot;:5000,&quot;infinite&quot;:&quot;yes&quot;,&quot;speed&quot;:500}\" data-widget_type=\"image-carousel.default\">\n\t\t\t\t<div class=\"elementor-widget-container\">\n\t\t\t\t\t\t\t<div class=\"elementor-image-carousel-wrapper swiper\" role=\"region\" aria-roledescription=\"carousel\" aria-label=\"Carrousel d\u2019images\" dir=\"ltr\">\n\t\t\t<div class=\"elementor-image-carousel swiper-wrapper\" aria-live=\"off\">\n\t\t\t\t\t\t\t\t<div class=\"swiper-slide\" role=\"group\" aria-roledescription=\"slide\" aria-label=\"1 sur 9\"><figure class=\"swiper-slide-inner\"><img decoding=\"async\" class=\"swiper-slide-image\" src=\"https:\/\/www.univ-usto.dz\/faculte\/fac-archicivil\/wp-content\/uploads\/2026\/04\/26J6DohM.jpg\" alt=\"26J6DohM\" \/><\/figure><\/div><div class=\"swiper-slide\" role=\"group\" aria-roledescription=\"slide\" aria-label=\"2 sur 9\"><figure class=\"swiper-slide-inner\"><img decoding=\"async\" class=\"swiper-slide-image\" src=\"https:\/\/www.univ-usto.dz\/faculte\/fac-archicivil\/wp-content\/uploads\/2026\/04\/RurB1VMY.jpg\" alt=\"RurB1VMY\" \/><\/figure><\/div><div class=\"swiper-slide\" role=\"group\" aria-roledescription=\"slide\" aria-label=\"3 sur 9\"><figure class=\"swiper-slide-inner\"><img decoding=\"async\" class=\"swiper-slide-image\" src=\"https:\/\/www.univ-usto.dz\/faculte\/fac-archicivil\/wp-content\/uploads\/2026\/04\/Sans-titre.jpg\" alt=\"Sans titre\" \/><\/figure><\/div><div class=\"swiper-slide\" role=\"group\" aria-roledescription=\"slide\" aria-label=\"4 sur 9\"><figure class=\"swiper-slide-inner\"><img decoding=\"async\" class=\"swiper-slide-image\" src=\"https:\/\/www.univ-usto.dz\/faculte\/fac-archicivil\/wp-content\/uploads\/2026\/04\/RERf2nPe.jpg\" alt=\"RERf2nPe\" \/><\/figure><\/div><div class=\"swiper-slide\" role=\"group\" aria-roledescription=\"slide\" aria-label=\"5 sur 9\"><figure class=\"swiper-slide-inner\"><img decoding=\"async\" class=\"swiper-slide-image\" src=\"https:\/\/www.univ-usto.dz\/faculte\/fac-archicivil\/wp-content\/uploads\/2026\/04\/4W7RD5H9.jpg\" alt=\"4W7RD5H9\" \/><\/figure><\/div><div class=\"swiper-slide\" role=\"group\" aria-roledescription=\"slide\" aria-label=\"6 sur 9\"><figure class=\"swiper-slide-inner\"><img decoding=\"async\" class=\"swiper-slide-image\" src=\"https:\/\/www.univ-usto.dz\/faculte\/fac-archicivil\/wp-content\/uploads\/2026\/04\/648279866_884306277776872_2903566459943402585_n.jpg\" alt=\"648279866_884306277776872_2903566459943402585_n\" \/><\/figure><\/div><div class=\"swiper-slide\" role=\"group\" aria-roledescription=\"slide\" aria-label=\"7 sur 9\"><figure class=\"swiper-slide-inner\"><img decoding=\"async\" class=\"swiper-slide-image\" src=\"https:\/\/www.univ-usto.dz\/faculte\/fac-archicivil\/wp-content\/uploads\/2026\/04\/629329280_863614706512696_3223479555881320794_n.jpg\" alt=\"629329280_863614706512696_3223479555881320794_n\" \/><\/figure><\/div><div class=\"swiper-slide\" role=\"group\" aria-roledescription=\"slide\" aria-label=\"8 sur 9\"><figure class=\"swiper-slide-inner\"><img decoding=\"async\" class=\"swiper-slide-image\" src=\"https:\/\/www.univ-usto.dz\/faculte\/fac-archicivil\/wp-content\/uploads\/2026\/04\/630635543_863614279846072_8693740813361423669_n.jpg\" alt=\"630635543_863614279846072_8693740813361423669_n\" \/><\/figure><\/div><div class=\"swiper-slide\" role=\"group\" aria-roledescription=\"slide\" aria-label=\"9 sur 9\"><figure class=\"swiper-slide-inner\"><img decoding=\"async\" class=\"swiper-slide-image\" src=\"https:\/\/www.univ-usto.dz\/faculte\/fac-archicivil\/wp-content\/uploads\/2026\/04\/495362196_573005055826347_9017840077224125721_n.jpg\" alt=\"495362196_573005055826347_9017840077224125721_n\" \/><\/figure><\/div>\t\t\t<\/div>\n\t\t\t\t\t\t\t\t\t\t\t\t<div class=\"elementor-swiper-button elementor-swiper-button-prev\" role=\"button\" tabindex=\"0\">\n\t\t\t\t\t\t<i aria-hidden=\"true\" class=\"eicon-chevron-left\"><\/i>\t\t\t\t\t<\/div>\n\t\t\t\t\t<div class=\"elementor-swiper-button elementor-swiper-button-next\" role=\"button\" tabindex=\"0\">\n\t\t\t\t\t\t<i aria-hidden=\"true\" class=\"eicon-chevron-right\"><\/i>\t\t\t\t\t<\/div>\n\t\t\t\t\n\t\t\t\t\t\t\t\t\t<div class=\"swiper-pagination\"><\/div>\n\t\t\t\t\t\t\t\t\t<\/div>\n\t\t\t\t\t\t<\/div>\n\t\t\t\t<\/div>\n\t\t\t\t<div class=\"elementor-element elementor-element-75605d6 elementor-widget elementor-widget-text-editor\" data-id=\"75605d6\" data-element_type=\"widget\" data-widget_type=\"text-editor.default\">\n\t\t\t\t<div class=\"elementor-widget-container\">\n\t\t\t\t\t\t\t\t\t<p>Le G\u00e9nie Civil repr\u00e9sente l&rsquo;ensemble des techniques concernant les constructions civiles.<\/p><p>\u00a0\u00a0\u00a0\u00a0 Les ing\u00e9nieurs civils ou ing\u00e9nieurs en g\u00e9nie civil s\u2019occupent de la conception, de la r\u00e9alisation, de l\u2019exploitation et de la r\u00e9habilitation d\u2019ouvrages de construction et d\u2019infrastructures dont ils assurent la gestion afin de r\u00e9pondre aux besoins de la soci\u00e9t\u00e9, tout en assurant la s\u00e9curit\u00e9 du public et la protection de l\u2019environnement.<\/p><p>\u00a0\u00a0\u00a0\u00a0 Tr\u00e8s vari\u00e9es, leurs r\u00e9alisations se r\u00e9partissent principalement dans cinq grands domaines d\u2019intervention:<\/p><p>\u00a0_<span style=\"font-weight: bolder; color: #0a0a0a; font-family: 'Google Sans', Roboto, Arial, sans-serif; text-align: start;\"><a style=\"color: unset; text-decoration: underline 8% dotted #5e5e5e; -webkit-tap-highlight-color: rgba(0, 0, 0, 0.1); text-underline-offset: 10%; outline: 0px;\" href=\"https:\/\/www.google.com\/search?q=Structures&amp;sca_esv=2cabea7bb4d5e799&amp;rlz=1C1FKPE_frDZ1162DZ1169&amp;ei=aLVBabuPHvamkdUPyef0wQ4&amp;oq=les+sp%C3%A9cialit%C3%A9s+de+g%C3%A9nie+civil+u&amp;gs_lp=Egxnd3Mtd2l6LXNlcnAiI2xlcyBzcMOpY2lhbGl0w6lzIGRlIGfDqW5pZSBjaXZpbCB1KgIIATIFECEYoAEyBRAhGKABMgUQIRigATIFECEYoAEyBRAhGKABMgUQIRifBUjgLlD4AViMHHABeAGQAQCYAf4BoAG8A6oBBTAuMS4xuAEByAEA-AEBmAIDoALfA8ICChAAGLADGNYEGEeYAwCIBgGQBgiSBwUxLjEuMaAH_BCyBwUwLjEuMbgH1gPCBwUyLTIuMcgHGIAIAA&amp;sclient=gws-wiz-serp&amp;mstk=AUtExfBdh1tV2SoizPVOPSmeYZvOzG1_8Pm5VIbxq18-Q9BKwSqPT5UmFiIC_3jfSGRueyghnSumREyFqDWLNuoX1Fa8DexW7_L17rHAOHsxFk1yLjyZK0lrDZV5cABqZ18ZefgmGWxyhBa4avXVHsBQTdtcPSOTZR5TLPdTiMtxcGyIXCdV20Vh4G9Pu4P18G_zM5Od&amp;csui=3&amp;ved=2ahUKEwiPiM6W7sKRAxURTaQEHTljN88QgK4QegQIARAB\" data-wiz-uids=\"XtPYad_c\" data-ved=\"2ahUKEwiPiM6W7sKRAxURTaQEHTljN88QgK4QegQIARAB\" data-hveid=\"CAEQAQ\">Structures<\/a><\/span><span style=\"color: #0a0a0a; font-family: 'Google Sans', Roboto, Arial, sans-serif; text-align: start;\">,\u00a0<\/span><\/p><p><span style=\"font-weight: bolder; color: #0a0a0a; font-family: 'Google Sans', Roboto, Arial, sans-serif; text-align: start;\">&#8211;<a style=\"color: unset; text-decoration: underline 8% dotted #5e5e5e; -webkit-tap-highlight-color: rgba(0, 0, 0, 0.1); text-underline-offset: 10%; outline: 0px;\" href=\"https:\/\/www.google.com\/search?q=Travaux+Publics+%28TP%29&amp;sca_esv=2cabea7bb4d5e799&amp;rlz=1C1FKPE_frDZ1162DZ1169&amp;ei=aLVBabuPHvamkdUPyef0wQ4&amp;oq=les+sp%C3%A9cialit%C3%A9s+de+g%C3%A9nie+civil+u&amp;gs_lp=Egxnd3Mtd2l6LXNlcnAiI2xlcyBzcMOpY2lhbGl0w6lzIGRlIGfDqW5pZSBjaXZpbCB1KgIIATIFECEYoAEyBRAhGKABMgUQIRigATIFECEYoAEyBRAhGKABMgUQIRifBUjgLlD4AViMHHABeAGQAQCYAf4BoAG8A6oBBTAuMS4xuAEByAEA-AEBmAIDoALfA8ICChAAGLADGNYEGEeYAwCIBgGQBgiSBwUxLjEuMaAH_BCyBwUwLjEuMbgH1gPCBwUyLTIuMcgHGIAIAA&amp;sclient=gws-wiz-serp&amp;mstk=AUtExfBdh1tV2SoizPVOPSmeYZvOzG1_8Pm5VIbxq18-Q9BKwSqPT5UmFiIC_3jfSGRueyghnSumREyFqDWLNuoX1Fa8DexW7_L17rHAOHsxFk1yLjyZK0lrDZV5cABqZ18ZefgmGWxyhBa4avXVHsBQTdtcPSOTZR5TLPdTiMtxcGyIXCdV20Vh4G9Pu4P18G_zM5Od&amp;csui=3&amp;ved=2ahUKEwiPiM6W7sKRAxURTaQEHTljN88QgK4QegQIARAC\" data-wiz-uids=\"XtPYad_e\" data-ved=\"2ahUKEwiPiM6W7sKRAxURTaQEHTljN88QgK4QegQIARAC\" data-hveid=\"CAEQAg\">Travaux Publics (TP)<\/a><\/span><span style=\"color: #0a0a0a; font-family: 'Google Sans', Roboto, Arial, sans-serif; text-align: start;\">,<\/span><\/p><p><span style=\"color: #0a0a0a; font-family: 'Google Sans', Roboto, Arial, sans-serif; text-align: start;\">\u00a0&#8211;<\/span><span style=\"font-weight: bolder; color: #0a0a0a; font-family: 'Google Sans', Roboto, Arial, sans-serif; text-align: start;\"><a style=\"color: unset; text-decoration: underline 8% dotted #5e5e5e; -webkit-tap-highlight-color: rgba(0, 0, 0, 0.1); text-underline-offset: 10%; outline: 0px;\" href=\"https:\/\/www.google.com\/search?q=Voies+et+Ouvrages+d%27Art+%28VOA%29&amp;sca_esv=2cabea7bb4d5e799&amp;rlz=1C1FKPE_frDZ1162DZ1169&amp;ei=aLVBabuPHvamkdUPyef0wQ4&amp;oq=les+sp%C3%A9cialit%C3%A9s+de+g%C3%A9nie+civil+u&amp;gs_lp=Egxnd3Mtd2l6LXNlcnAiI2xlcyBzcMOpY2lhbGl0w6lzIGRlIGfDqW5pZSBjaXZpbCB1KgIIATIFECEYoAEyBRAhGKABMgUQIRigATIFECEYoAEyBRAhGKABMgUQIRifBUjgLlD4AViMHHABeAGQAQCYAf4BoAG8A6oBBTAuMS4xuAEByAEA-AEBmAIDoALfA8ICChAAGLADGNYEGEeYAwCIBgGQBgiSBwUxLjEuMaAH_BCyBwUwLjEuMbgH1gPCBwUyLTIuMcgHGIAIAA&amp;sclient=gws-wiz-serp&amp;mstk=AUtExfBdh1tV2SoizPVOPSmeYZvOzG1_8Pm5VIbxq18-Q9BKwSqPT5UmFiIC_3jfSGRueyghnSumREyFqDWLNuoX1Fa8DexW7_L17rHAOHsxFk1yLjyZK0lrDZV5cABqZ18ZefgmGWxyhBa4avXVHsBQTdtcPSOTZR5TLPdTiMtxcGyIXCdV20Vh4G9Pu4P18G_zM5Od&amp;csui=3&amp;ved=2ahUKEwiPiM6W7sKRAxURTaQEHTljN88QgK4QegQIARAD\" data-wiz-uids=\"XtPYad_g\" data-ved=\"2ahUKEwiPiM6W7sKRAxURTaQEHTljN88QgK4QegQIARAD\" data-hveid=\"CAEQAw\">Voies et Ouvrages d&rsquo;Art (VOA)<\/a><\/span><\/p><p><span style=\"color: #0a0a0a; font-family: 'Google Sans', Roboto, Arial, sans-serif; text-align: start;\">\u00a0&#8211;<\/span><span style=\"font-weight: bolder; color: #0a0a0a; font-family: 'Google Sans', Roboto, Arial, sans-serif; text-align: start;\">G\u00e9otechnique<\/span><\/p><p><span style=\"font-weight: bolder; color: #0a0a0a; font-family: 'Google Sans', Roboto, Arial, sans-serif; text-align: start;\">-Construction M\u00e9tallique Mixte<\/span><\/p><p><span style=\"color: #0a0a0a; font-family: 'Google Sans', Roboto, Arial, sans-serif; text-align: start;\">\u00a0&#8211;<\/span><span style=\"font-weight: bolder; color: #0a0a0a; font-family: 'Google Sans', Roboto, Arial, sans-serif; text-align: start;\">Mat\u00e9riaux en G\u00e9nie Civil<\/span><\/p>\t\t\t\t\t\t\t\t<\/div>\n\t\t\t\t<\/div>\n\t\t\t\t<div class=\"elementor-element elementor-element-e6c2f5e elementor-widget elementor-widget-text-editor\" data-id=\"e6c2f5e\" data-element_type=\"widget\" data-widget_type=\"text-editor.default\">\n\t\t\t\t<div class=\"elementor-widget-container\">\n\t\t\t\t\t\t\t\t\t<p style=\"font-family: 'Open Sans', sans-serif;\"><strong>Chef\u00a0 d\u00e9partement<\/strong>: <em>SEBBAGH Hichem<\/em><span tabindex=\"-1\" role=\"gridcell\" translate=\"no\">.<\/span><\/p><p style=\"font-family: 'Open Sans', sans-serif;\"><strong>E-mail chef du d\u00e9partement :<\/strong><a href=\"mailto:hendel_malek@yahoo.fr\"><br \/><\/a>Professionnel : <a href=\"mailto:mouloud.rabia@univ-usto.dz\" target=\"_blank\" rel=\"noopener\">hichem.sebbagh@univ-usto.dz<\/a><\/p>\t\t\t\t\t\t\t\t<\/div>\n\t\t\t\t<\/div>\n\t\t\t\t<div class=\"elementor-element elementor-element-e334078 elementor-widget__width-initial elementor-widget elementor-widget-image\" data-id=\"e334078\" data-element_type=\"widget\" data-widget_type=\"image.default\">\n\t\t\t\t<div class=\"elementor-widget-container\">\n\t\t\t\t\t\t\t\t\t\t\t\t\t\t\t<img fetchpriority=\"high\" decoding=\"async\" width=\"300\" height=\"200\" src=\"https:\/\/www.univ-usto.dz\/faculte\/fac-archicivil\/wp-content\/uploads\/2025\/12\/597385142_748076168319234_3812217840319226614_n-300x200.jpg\" class=\"attachment-medium size-medium wp-image-17245\" alt=\"\" srcset=\"https:\/\/www.univ-usto.dz\/faculte\/fac-archicivil\/wp-content\/uploads\/2025\/12\/597385142_748076168319234_3812217840319226614_n-300x200.jpg 300w, https:\/\/www.univ-usto.dz\/faculte\/fac-archicivil\/wp-content\/uploads\/2025\/12\/597385142_748076168319234_3812217840319226614_n-1024x683.jpg 1024w, https:\/\/www.univ-usto.dz\/faculte\/fac-archicivil\/wp-content\/uploads\/2025\/12\/597385142_748076168319234_3812217840319226614_n-768x512.jpg 768w, https:\/\/www.univ-usto.dz\/faculte\/fac-archicivil\/wp-content\/uploads\/2025\/12\/597385142_748076168319234_3812217840319226614_n-360x240.jpg 360w, https:\/\/www.univ-usto.dz\/faculte\/fac-archicivil\/wp-content\/uploads\/2025\/12\/597385142_748076168319234_3812217840319226614_n-24x16.jpg 24w, https:\/\/www.univ-usto.dz\/faculte\/fac-archicivil\/wp-content\/uploads\/2025\/12\/597385142_748076168319234_3812217840319226614_n-36x24.jpg 36w, https:\/\/www.univ-usto.dz\/faculte\/fac-archicivil\/wp-content\/uploads\/2025\/12\/597385142_748076168319234_3812217840319226614_n-48x32.jpg 48w, https:\/\/www.univ-usto.dz\/faculte\/fac-archicivil\/wp-content\/uploads\/2025\/12\/597385142_748076168319234_3812217840319226614_n.jpg 1080w\" sizes=\"(max-width: 300px) 100vw, 300px\" \/>\t\t\t\t\t\t\t\t\t\t\t\t\t\t\t<\/div>\n\t\t\t\t<\/div>\n\t\t\t\t\t<\/div>\n\t\t<\/div>\n\t\t\t\t\t<\/div>\n\t\t<\/section>\n\t\t\t\t<\/div>\n\t\t","protected":false},"excerpt":{"rendered":"<p>D\u00e9partements de G\u00e9nie Civil Le G\u00e9nie Civil repr\u00e9sente l&rsquo;ensemble des techniques concernant les constructions civiles. \u00a0\u00a0\u00a0\u00a0 Les ing\u00e9nieurs civils ou ing\u00e9nieurs en g\u00e9nie civil s\u2019occupent de la conception, de la <a href=\"https:\/\/www.univ-usto.dz\/faculte\/fac-archicivil\/departements-de-genie-civil\/\" class=\"read-more\">Lire la suite &#8230;<\/a><\/p>\n","protected":false},"author":1,"featured_media":0,"parent":0,"menu_order":0,"comment_status":"closed","ping_status":"closed","template":"","meta":{"footnotes":""},"class_list":["post-5817","page","type-page","status-publish","hentry"],"_links":{"self":[{"href":"https:\/\/www.univ-usto.dz\/faculte\/fac-archicivil\/wp-json\/wp\/v2\/pages\/5817","targetHints":{"allow":["GET"]}}],"collection":[{"href":"https:\/\/www.univ-usto.dz\/faculte\/fac-archicivil\/wp-json\/wp\/v2\/pages"}],"about":[{"href":"https:\/\/www.univ-usto.dz\/faculte\/fac-archicivil\/wp-json\/wp\/v2\/types\/page"}],"author":[{"embeddable":true,"href":"https:\/\/www.univ-usto.dz\/faculte\/fac-archicivil\/wp-json\/wp\/v2\/users\/1"}],"replies":[{"embeddable":true,"href":"https:\/\/www.univ-usto.dz\/faculte\/fac-archicivil\/wp-json\/wp\/v2\/comments?post=5817"}],"version-history":[{"count":72,"href":"https:\/\/www.univ-usto.dz\/faculte\/fac-archicivil\/wp-json\/wp\/v2\/pages\/5817\/revisions"}],"predecessor-version":[{"id":19384,"href":"https:\/\/www.univ-usto.dz\/faculte\/fac-archicivil\/wp-json\/wp\/v2\/pages\/5817\/revisions\/19384"}],"wp:attachment":[{"href":"https:\/\/www.univ-usto.dz\/faculte\/fac-archicivil\/wp-json\/wp\/v2\/media?parent=5817"}],"curies":[{"name":"wp","href":"https:\/\/api.w.org\/{rel}","templated":true}]}}