{"id":17268,"date":"2022-10-17T09:23:01","date_gmt":"2022-10-17T09:23:01","guid":{"rendered":"https:\/\/www.univ-usto.dz\/faculte\/fac-chimie\/?page_id=17268"},"modified":"2025-09-26T21:05:51","modified_gmt":"2025-09-26T21:05:51","slug":"canevas-chimie-physique","status":"publish","type":"page","link":"https:\/\/www.univ-usto.dz\/faculte\/fac-chimie\/fr\/canevas-chimie-physique\/","title":{"rendered":"Canevas du d\u00e9partement Chimie Physique"},"content":{"rendered":"\t\t<div data-elementor-type=\"wp-page\" data-elementor-id=\"17268\" class=\"elementor elementor-17268\">\n\t\t\t\t\t\t<section class=\"elementor-section elementor-top-section elementor-element elementor-element-bb538fd elementor-section-boxed elementor-section-height-default elementor-section-height-default\" data-id=\"bb538fd\" data-element_type=\"section\">\n\t\t\t\t\t\t<div class=\"elementor-container elementor-column-gap-default\">\n\t\t\t\t\t<div class=\"elementor-column elementor-col-100 elementor-top-column elementor-element elementor-element-3d16a93\" data-id=\"3d16a93\" data-element_type=\"column\">\n\t\t\t<div class=\"elementor-widget-wrap elementor-element-populated\">\n\t\t\t\t\t\t<div class=\"elementor-element elementor-element-05acaee elementor-widget-divider--view-line elementor-widget elementor-widget-divider\" data-id=\"05acaee\" data-element_type=\"widget\" data-widget_type=\"divider.default\">\n\t\t\t\t<div class=\"elementor-widget-container\">\n\t\t\t\t\t\t\t<div class=\"elementor-divider\">\n\t\t\t<span class=\"elementor-divider-separator\">\n\t\t\t\t\t\t<\/span>\n\t\t<\/div>\n\t\t\t\t\t\t<\/div>\n\t\t\t\t<\/div>\n\t\t\t\t\t<\/div>\n\t\t<\/div>\n\t\t\t\t\t<\/div>\n\t\t<\/section>\n\t\t\t\t<section class=\"elementor-section elementor-top-section elementor-element elementor-element-f1549aa elementor-section-boxed elementor-section-height-default elementor-section-height-default\" data-id=\"f1549aa\" data-element_type=\"section\">\n\t\t\t\t\t\t<div class=\"elementor-container elementor-column-gap-default\">\n\t\t\t\t\t<div class=\"elementor-column elementor-col-100 elementor-top-column elementor-element elementor-element-af10c1b\" data-id=\"af10c1b\" data-element_type=\"column\">\n\t\t\t<div class=\"elementor-widget-wrap elementor-element-populated\">\n\t\t\t\t\t\t<div class=\"elementor-element elementor-element-ead745d elementor-widget elementor-widget-text-editor\" data-id=\"ead745d\" data-element_type=\"widget\" data-widget_type=\"text-editor.default\">\n\t\t\t\t<div class=\"elementor-widget-container\">\n\t\t\t\t\t\t\t\t\t<h1 style=\"text-align: center;\"><span style=\"color: #0000ff;\"><strong>Nouvelles versions\u00a0<\/strong><\/span><\/h1><h2>\u00a0<\/h2><h2><span style=\"color: #339966;\"><strong><span style=\"text-decoration: underline;\">Licence:<\/span><\/strong><\/span><\/h2><p><strong><a href=\"https:\/\/www.univ-usto.dz\/faculte\/fac-chimie\/wp-content\/uploads\/2025\/09\/Canevas_harmonise_Licence_chimie_fondamentale_L3_valide_avec_programmes.pdf\">Canevas_harmonis\u00e9_<span style=\"color: #ff0000;\">Licence_chimie_fondamentale<\/span>_L3_valid\u00e9_avec_programmes<\/a><\/strong><\/p><p><strong> <a href=\"https:\/\/www.univ-usto.dz\/faculte\/fac-chimie\/wp-content\/uploads\/2025\/09\/Canevas_harmonise_Licence_chimie_L2__Valide_avec-programmes.pdf\">Canevas_harmonis\u00e9_<span style=\"color: #ff0000;\">Licence_chimie_L2<\/span>__Valid\u00e9_avec programmes<\/a><\/strong><\/p><p><strong><a href=\"https:\/\/www.univ-usto.dz\/faculte\/fac-chimie\/wp-content\/uploads\/2025\/09\/Canevas_harmonise__Licence-Chimie-Analytique_Valide.pdf\">Canevas_harmonis\u00e9__<span style=\"color: #ff0000;\">Licence-Chimie-Analytique<\/span>_Valid\u00e9<\/a><\/strong><\/p><p><a href=\"https:\/\/www.univ-usto.dz\/faculte\/fac-chimie\/wp-content\/uploads\/2025\/09\/C4-Licence_HSI-MAJ-2025.pdf\"><strong>Canevas-<span style=\"color: #ff0000;\">Licence_HSI<\/span> MAJ 2025<\/strong><\/a><\/p><p><strong> <a href=\"https:\/\/www.univ-usto.dz\/faculte\/fac-chimie\/wp-content\/uploads\/2025\/09\/Canevas_harminise_Licence-Chimie-Pharmaceutique____Valide_avec-programme.pdf\">Canevas_harmonis\u00e9_<span style=\"color: #ff0000;\">Licence<\/span> <span style=\"color: #ff0000;\">Chimie Pharmaceutique<\/span>____Valid\u00e9_avec programme<\/a><\/strong><\/p><h2><span style=\"text-decoration: underline; color: #339966;\"><strong>Master:<\/strong><\/span><\/h2><p><strong><a href=\"https:\/\/www.univ-usto.dz\/faculte\/fac-chimie\/wp-content\/uploads\/2025\/09\/Canevas_harminise__Master-Chimie-de-lenvironnement-et-de-leau_Valide.pdf\">Canevas_harminis\u00e9__<span style=\"color: #ff0000;\">Master-Chimie-de-l&rsquo;environnement-et-de-l&rsquo;eau<\/span>_Valid\u00e9<\/a><\/strong><\/p><p><strong> <a href=\"https:\/\/www.univ-usto.dz\/faculte\/fac-chimie\/wp-content\/uploads\/2025\/09\/Canevas_harminise_Master-Chimie-Pharmaceutique______Valide__avec_programmes.pdf\">Canevas_harmonis\u00e9_<span style=\"color: #ff0000;\">Master Chimie Pharmaceutique<\/span>______Valid\u00e9__avec_programmes<\/a><\/strong><\/p><p><strong> <a href=\"https:\/\/www.univ-usto.dz\/faculte\/fac-chimie\/wp-content\/uploads\/2025\/09\/Canevas_harminise_master_chimie_theorique_et_computationnelle_________Valide_avec-programme.pdf\">Canevas_harmonis\u00e9_<span style=\"color: #ff0000;\">master_chimie_theorique_et_computationnelle<\/span>_________Valid\u00e9_avec programme<\/a><\/strong><\/p><p><strong> <a href=\"https:\/\/www.univ-usto.dz\/faculte\/fac-chimie\/wp-content\/uploads\/2025\/09\/Canevas_harmonise-Master-Chimie-Physique__Valide__avec_programmes.pdf\">Canevas_harmonis\u00e9 <span style=\"color: #ff0000;\">Master Chimie Physique<\/span>__Valid\u00e9__avec_programmes<\/a><\/strong><\/p><p><strong> <a href=\"https:\/\/www.univ-usto.dz\/faculte\/fac-chimie\/wp-content\/uploads\/2025\/09\/Canevas_harmonise__Master-Chimie-Analytique_Valide_avec_programmes.pdf\">Canevas_harmonis\u00e9__<span style=\"color: #ff0000;\">Master-Chimie-Analytique<\/span>_Valid\u00e9_avec_programmes<\/a><\/strong><\/p><p><strong><a href=\"https:\/\/www.univ-usto.dz\/faculte\/fac-chimie\/wp-content\/uploads\/2025\/09\/HSI-Hygiene-et-securite-ind.-Master-_MAJ-2025.pdf\">Master<span style=\"color: #ff0000;\"> HSI-Hygi\u00e8ne et securit\u00e9 industrielle<\/span>_MAJ 2025<\/a><\/strong><\/p>\t\t\t\t\t\t\t\t<\/div>\n\t\t\t\t<\/div>\n\t\t\t\t\t<\/div>\n\t\t<\/div>\n\t\t\t\t\t<\/div>\n\t\t<\/section>\n\t\t\t\t<section class=\"elementor-section elementor-top-section elementor-element elementor-element-0c02f62 elementor-section-boxed elementor-section-height-default elementor-section-height-default\" data-id=\"0c02f62\" data-element_type=\"section\">\n\t\t\t\t\t\t<div class=\"elementor-container elementor-column-gap-default\">\n\t\t\t\t\t<div class=\"elementor-column elementor-col-100 elementor-top-column elementor-element elementor-element-ceacd84\" data-id=\"ceacd84\" data-element_type=\"column\">\n\t\t\t<div class=\"elementor-widget-wrap elementor-element-populated\">\n\t\t\t\t\t\t<div class=\"elementor-element elementor-element-8341925 elementor-widget-divider--view-line elementor-widget elementor-widget-divider\" data-id=\"8341925\" data-element_type=\"widget\" data-widget_type=\"divider.default\">\n\t\t\t\t<div class=\"elementor-widget-container\">\n\t\t\t\t\t\t\t<div class=\"elementor-divider\">\n\t\t\t<span class=\"elementor-divider-separator\">\n\t\t\t\t\t\t<\/span>\n\t\t<\/div>\n\t\t\t\t\t\t<\/div>\n\t\t\t\t<\/div>\n\t\t\t\t\t<\/div>\n\t\t<\/div>\n\t\t\t\t\t<\/div>\n\t\t<\/section>\n\t\t\t\t<section class=\"elementor-section elementor-top-section elementor-element elementor-element-7497a52 elementor-section-boxed elementor-section-height-default elementor-section-height-default\" data-id=\"7497a52\" data-element_type=\"section\">\n\t\t\t\t\t\t<div class=\"elementor-container elementor-column-gap-default\">\n\t\t\t\t\t<div class=\"elementor-column elementor-col-100 elementor-top-column elementor-element elementor-element-b531dda\" data-id=\"b531dda\" data-element_type=\"column\">\n\t\t\t<div class=\"elementor-widget-wrap elementor-element-populated\">\n\t\t\t\t\t\t<div class=\"elementor-element elementor-element-9d6700e elementor-widget elementor-widget-text-editor\" data-id=\"9d6700e\" data-element_type=\"widget\" data-widget_type=\"text-editor.default\">\n\t\t\t\t<div class=\"elementor-widget-container\">\n\t\t\t\t\t\t\t\t\t<h2 style=\"text-align: center;\"><span style=\"color: #0000ff;\"><strong>Anciennes versions de canevas de formation<\/strong><\/span><\/h2>\t\t\t\t\t\t\t\t<\/div>\n\t\t\t\t<\/div>\n\t\t\t\t\t<\/div>\n\t\t<\/div>\n\t\t\t\t\t<\/div>\n\t\t<\/section>\n\t\t\t\t<section class=\"elementor-section elementor-top-section elementor-element elementor-element-f8e0438 elementor-section-boxed elementor-section-height-default elementor-section-height-default\" data-id=\"f8e0438\" data-element_type=\"section\">\n\t\t\t\t\t\t<div class=\"elementor-container elementor-column-gap-default\">\n\t\t\t\t\t<div class=\"elementor-column elementor-col-100 elementor-top-column elementor-element elementor-element-26eaeef\" data-id=\"26eaeef\" data-element_type=\"column\">\n\t\t\t<div class=\"elementor-widget-wrap elementor-element-populated\">\n\t\t\t\t\t\t<div class=\"elementor-element elementor-element-2d6f6e2 elementor-widget elementor-widget-heading\" data-id=\"2d6f6e2\" data-element_type=\"widget\" data-widget_type=\"heading.default\">\n\t\t\t\t<div class=\"elementor-widget-container\">\n\t\t\t\t\t<h2 class=\"elementor-heading-title elementor-size-default\">Licence<\/h2>\t\t\t\t<\/div>\n\t\t\t\t<\/div>\n\t\t\t\t<div class=\"elementor-element elementor-element-63605e8 elementor-widget elementor-widget-text-editor\" data-id=\"63605e8\" data-element_type=\"widget\" data-widget_type=\"text-editor.default\">\n\t\t\t\t<div class=\"elementor-widget-container\">\n\t\t\t\t\t\t\t\t\t<p><strong><a href=\"https:\/\/www.univ-usto.dz\/faculte\/fac-chimie\/wp-content\/uploads\/2025\/05\/canevas4-CHIMIE-PHARMA.pdf\">Canevas Licence Chimie Pharmaceutique<\/a><\/strong><\/p><p><strong><a href=\"https:\/\/www.univ-usto.dz\/faculte\/fac-chimie\/wp-content\/uploads\/2022\/03\/Canevas-Licence-Hygiene-et-Securite-Industrielle.pdf\">Canevas-Licence Hygi\u00e8ne et S\u00e9curit\u00e9 Industrielle<\/a><\/strong><\/p>\t\t\t\t\t\t\t\t<\/div>\n\t\t\t\t<\/div>\n\t\t\t\t<div class=\"elementor-element elementor-element-143ea49 elementor-widget elementor-widget-text-editor\" data-id=\"143ea49\" data-element_type=\"widget\" data-widget_type=\"text-editor.default\">\n\t\t\t\t<div class=\"elementor-widget-container\">\n\t\t\t\t\t\t\t\t\t<p><strong><a href=\"https:\/\/www.univ-usto.dz\/faculte\/fac-chimie\/wp-content\/uploads\/2022\/03\/Canevas-L3-Chimie-Analytique.pdf\">Canevas- L3 Chimie Analytique<\/a><\/strong><\/p>\t\t\t\t\t\t\t\t<\/div>\n\t\t\t\t<\/div>\n\t\t\t\t<div class=\"elementor-element elementor-element-a6dbc69 elementor-widget elementor-widget-heading\" data-id=\"a6dbc69\" data-element_type=\"widget\" data-widget_type=\"heading.default\">\n\t\t\t\t<div class=\"elementor-widget-container\">\n\t\t\t\t\t<h2 class=\"elementor-heading-title elementor-size-default\">Master<\/h2>\t\t\t\t<\/div>\n\t\t\t\t<\/div>\n\t\t\t\t<div class=\"elementor-element elementor-element-4b304e7 elementor-widget elementor-widget-text-editor\" data-id=\"4b304e7\" data-element_type=\"widget\" data-widget_type=\"text-editor.default\">\n\t\t\t\t<div class=\"elementor-widget-container\">\n\t\t\t\t\t\t\t\t\t<p><span style=\"color: #000000;\"><strong><a href=\"https:\/\/www.univ-usto.dz\/faculte\/fac-chimie\/wp-content\/uploads\/2025\/09\/HSI-Hygiene-et-securite-ind.-_MAJ-2022_.docx\">HSI-Hygiene-et-securite-ind.-_MAJ-2022_<\/a><\/strong><\/span><\/p><p><span style=\"color: #000000;\"><strong><a style=\"color: #000000;\" href=\"https:\/\/www.univ-usto.dz\/faculte\/fac-chimie\/wp-content\/uploads\/2024\/09\/Canevas_Master_Chimie_Analytique-2024-2025-USTO.pdf\">Canevas_Master_Chimie_Analytique-2024-2025-USTO<\/a><\/strong><\/span><\/p><p><strong><a href=\"https:\/\/www.univ-usto.dz\/faculte\/fac-chimie\/wp-content\/uploads\/2022\/03\/Canevas-Master-Hygiene-et-Securite-Industrielle.pdf\">Canevas Master Hygi\u00e8ne et S\u00e9curit\u00e9 Industrielle<\/a><\/strong><\/p>\t\t\t\t\t\t\t\t<\/div>\n\t\t\t\t<\/div>\n\t\t\t\t<div class=\"elementor-element elementor-element-7057211 elementor-widget elementor-widget-text-editor\" data-id=\"7057211\" data-element_type=\"widget\" data-widget_type=\"text-editor.default\">\n\t\t\t\t<div class=\"elementor-widget-container\">\n\t\t\t\t\t\t\t\t\t<p><strong><a href=\"https:\/\/www.univ-usto.dz\/faculte\/fac-chimie\/wp-content\/uploads\/2022\/03\/Canevas_Master_Chimie-Physique.pdf\">Canevas_Master_Chimie-Physique<\/a><\/strong><\/p>\t\t\t\t\t\t\t\t<\/div>\n\t\t\t\t<\/div>\n\t\t\t\t\t<\/div>\n\t\t<\/div>\n\t\t\t\t\t<\/div>\n\t\t<\/section>\n\t\t\t\t<\/div>\n\t\t","protected":false},"excerpt":{"rendered":"<p>Nouvelles versions\u00a0 \u00a0 Licence: Canevas_harmonis\u00e9_Licence_chimie_fondamentale_L3_valid\u00e9_avec_programmes Canevas_harmonis\u00e9_Licence_chimie_L2__Valid\u00e9_avec programmes Canevas_harmonis\u00e9__Licence-Chimie-Analytique_Valid\u00e9 Canevas-Licence_HSI MAJ 2025 Canevas_harmonis\u00e9_Licence Chimie Pharmaceutique____Valid\u00e9_avec programme Master: Canevas_harminis\u00e9__Master-Chimie-de-l&rsquo;environnement-et-de-l&rsquo;eau_Valid\u00e9 Canevas_harmonis\u00e9_Master Chimie Pharmaceutique______Valid\u00e9__avec_programmes Canevas_harmonis\u00e9_master_chimie_theorique_et_computationnelle_________Valid\u00e9_avec programme Canevas_harmonis\u00e9 Master Chimie Physique__Valid\u00e9__avec_programmes Canevas_harmonis\u00e9__Master-Chimie-Analytique_Valid\u00e9_avec_programmes Master HSI-Hygi\u00e8ne et <a href=\"https:\/\/www.univ-usto.dz\/faculte\/fac-chimie\/fr\/canevas-chimie-physique\/\" class=\"read-more\">Lire la suite &#8230;<\/a><\/p>\n","protected":false},"author":14,"featured_media":0,"parent":0,"menu_order":0,"comment_status":"closed","ping_status":"closed","template":"","meta":{"footnotes":""},"class_list":["post-17268","page","type-page","status-publish","hentry"],"_links":{"self":[{"href":"https:\/\/www.univ-usto.dz\/faculte\/fac-chimie\/wp-json\/wp\/v2\/pages\/17268","targetHints":{"allow":["GET"]}}],"collection":[{"href":"https:\/\/www.univ-usto.dz\/faculte\/fac-chimie\/wp-json\/wp\/v2\/pages"}],"about":[{"href":"https:\/\/www.univ-usto.dz\/faculte\/fac-chimie\/wp-json\/wp\/v2\/types\/page"}],"author":[{"embeddable":true,"href":"https:\/\/www.univ-usto.dz\/faculte\/fac-chimie\/wp-json\/wp\/v2\/users\/14"}],"replies":[{"embeddable":true,"href":"https:\/\/www.univ-usto.dz\/faculte\/fac-chimie\/wp-json\/wp\/v2\/comments?post=17268"}],"version-history":[{"count":62,"href":"https:\/\/www.univ-usto.dz\/faculte\/fac-chimie\/wp-json\/wp\/v2\/pages\/17268\/revisions"}],"predecessor-version":[{"id":33416,"href":"https:\/\/www.univ-usto.dz\/faculte\/fac-chimie\/wp-json\/wp\/v2\/pages\/17268\/revisions\/33416"}],"wp:attachment":[{"href":"https:\/\/www.univ-usto.dz\/faculte\/fac-chimie\/wp-json\/wp\/v2\/media?parent=17268"}],"curies":[{"name":"wp","href":"https:\/\/api.w.org\/{rel}","templated":true}]}}