{"id":17547,"date":"2022-10-31T10:29:03","date_gmt":"2022-10-31T10:29:03","guid":{"rendered":"https:\/\/www.univ-usto.dz\/faculte\/fac-chimie\/?page_id=17547"},"modified":"2024-01-28T09:55:58","modified_gmt":"2024-01-28T09:55:58","slug":"emplois-du-temps-du-departement-genie-des-materiaux","status":"publish","type":"page","link":"https:\/\/www.univ-usto.dz\/faculte\/fac-chimie\/fr\/emplois-du-temps-du-departement-genie-des-materiaux\/","title":{"rendered":"Emplois du temps du d\u00e9partement g\u00e9nie des mat\u00e9riaux 2023-2024"},"content":{"rendered":"\t\t<div data-elementor-type=\"wp-page\" data-elementor-id=\"17547\" class=\"elementor elementor-17547\">\n\t\t\t\t\t\t<section class=\"elementor-section elementor-top-section elementor-element elementor-element-573978f elementor-section-boxed elementor-section-height-default elementor-section-height-default\" data-id=\"573978f\" data-element_type=\"section\">\n\t\t\t\t\t\t<div class=\"elementor-container elementor-column-gap-default\">\n\t\t\t\t\t<div class=\"elementor-column elementor-col-100 elementor-top-column elementor-element elementor-element-5c64781\" data-id=\"5c64781\" data-element_type=\"column\">\n\t\t\t<div class=\"elementor-widget-wrap elementor-element-populated\">\n\t\t\t\t\t\t<div class=\"elementor-element elementor-element-71e6e45 elementor-widget-divider--view-line elementor-widget elementor-widget-divider\" data-id=\"71e6e45\" data-element_type=\"widget\" data-widget_type=\"divider.default\">\n\t\t\t\t<div class=\"elementor-widget-container\">\n\t\t\t\t\t\t\t<div class=\"elementor-divider\">\n\t\t\t<span class=\"elementor-divider-separator\">\n\t\t\t\t\t\t<\/span>\n\t\t<\/div>\n\t\t\t\t\t\t<\/div>\n\t\t\t\t<\/div>\n\t\t\t\t\t<\/div>\n\t\t<\/div>\n\t\t\t\t\t<\/div>\n\t\t<\/section>\n\t\t\t\t<section class=\"elementor-section elementor-top-section elementor-element elementor-element-7d018f7 elementor-section-boxed elementor-section-height-default elementor-section-height-default\" data-id=\"7d018f7\" data-element_type=\"section\">\n\t\t\t\t\t\t<div class=\"elementor-container elementor-column-gap-default\">\n\t\t\t\t\t<div class=\"elementor-column elementor-col-100 elementor-top-column elementor-element elementor-element-b70b6e6\" data-id=\"b70b6e6\" data-element_type=\"column\">\n\t\t\t<div class=\"elementor-widget-wrap elementor-element-populated\">\n\t\t\t\t\t\t<div class=\"elementor-element elementor-element-cfc0834 elementor-widget elementor-widget-text-editor\" data-id=\"cfc0834\" data-element_type=\"widget\" data-widget_type=\"text-editor.default\">\n\t\t\t\t<div class=\"elementor-widget-container\">\n\t\t\t\t\t\t\t\t\t<h1><strong> Semestre 2<\/strong><\/h1><h3><a href=\"https:\/\/www.univ-usto.dz\/faculte\/fac-chimie\/wp-content\/uploads\/2024\/01\/Emploi-du-temps-M1-GP-S2-2023-2024-1.pdf\"><img decoding=\"async\" class=\"alignnone  wp-image-17343\" src=\"https:\/\/www.univ-usto.dz\/faculte\/fac-chimie\/wp-content\/uploads\/2022\/10\/new-300x158.png\" alt=\"\" width=\"80\" height=\"42\" srcset=\"https:\/\/www.univ-usto.dz\/faculte\/fac-chimie\/wp-content\/uploads\/2022\/10\/new-300x158.png 300w, https:\/\/www.univ-usto.dz\/faculte\/fac-chimie\/wp-content\/uploads\/2022\/10\/new-24x13.png 24w, https:\/\/www.univ-usto.dz\/faculte\/fac-chimie\/wp-content\/uploads\/2022\/10\/new-36x19.png 36w, https:\/\/www.univ-usto.dz\/faculte\/fac-chimie\/wp-content\/uploads\/2022\/10\/new-48x25.png 48w, https:\/\/www.univ-usto.dz\/faculte\/fac-chimie\/wp-content\/uploads\/2022\/10\/new.png 310w\" sizes=\"(max-width: 80px) 100vw, 80px\" \/><strong>Emploi du temps M1 GP S2 2023-2024<\/strong><\/a><\/h3><h3><strong><a href=\"https:\/\/www.univ-usto.dz\/faculte\/fac-chimie\/wp-content\/uploads\/2024\/01\/Emploi-de-temps-de-GPM-S2-2023-2024.pdf\">\u00a0 \u00a0 \u00a0 \u00a0 \u00a0 \u00a0 \u00a0 \u00a0 \u00a0 \u00a0 \u00a0 \u00a0 \u00a0 Emploi de temps de GPM S2 2023-2024<\/a><\/strong><\/h3><h3><strong><a href=\"https:\/\/www.univ-usto.dz\/faculte\/fac-chimie\/wp-content\/uploads\/2024\/01\/Emplois-du-temps-L2-GP-S4-2023-2024-1.pdf\">Emplois du temps <span style=\"color: #ff0000;\">L2-GP S4<\/span> (2023-2024)-1<\/a> <\/strong><\/h3><h3><strong><a href=\"https:\/\/www.univ-usto.dz\/faculte\/fac-chimie\/wp-content\/uploads\/2024\/01\/Emplois-du-temps-L3-GP-2023-2024-rectifie.pdf\">Emplois du temps <span style=\"color: #ff0000;\">L3-GP 2023-2024<\/span> rectifi\u00e9<\/a><\/strong><\/h3>\t\t\t\t\t\t\t\t<\/div>\n\t\t\t\t<\/div>\n\t\t\t\t\t<\/div>\n\t\t<\/div>\n\t\t\t\t\t<\/div>\n\t\t<\/section>\n\t\t\t\t<section class=\"elementor-section elementor-top-section elementor-element elementor-element-f130db6 elementor-section-boxed elementor-section-height-default elementor-section-height-default\" data-id=\"f130db6\" data-element_type=\"section\">\n\t\t\t\t\t\t<div class=\"elementor-container elementor-column-gap-default\">\n\t\t\t\t\t<div class=\"elementor-column elementor-col-100 elementor-top-column elementor-element elementor-element-0a3e8e4\" data-id=\"0a3e8e4\" data-element_type=\"column\">\n\t\t\t<div class=\"elementor-widget-wrap elementor-element-populated\">\n\t\t\t\t\t\t<div class=\"elementor-element elementor-element-3abbc79 elementor-widget elementor-widget-text-editor\" data-id=\"3abbc79\" data-element_type=\"widget\" data-widget_type=\"text-editor.default\">\n\t\t\t\t<div class=\"elementor-widget-container\">\n\t\t\t\t\t\t\t\t\t<h1><span style=\"text-decoration: underline;\"><strong>Semestre 1<\/strong><\/span><\/h1><h1 style=\"text-align: left;\"><span style=\"text-decoration: underline;\"><span style=\"color: #0000ff;\"><strong>Master:<\/strong><\/span><\/span><\/h1><h3><strong><a href=\"https:\/\/www.univ-usto.dz\/faculte\/fac-chimie\/wp-content\/uploads\/2023\/09\/Emploi-du-temps-M1-GP-2023-2024.pdf\">Emploi du temps <span style=\"color: #ff0000;\">M1 G\u00e9nie des Proc\u00e9d\u00e9s<\/span> 23-24<\/a> <\/strong><\/h3><h3><strong><a href=\"https:\/\/www.univ-usto.dz\/faculte\/fac-chimie\/wp-content\/uploads\/2023\/09\/Emploi-du-Temps-Master-I-Genie-des-Procedes-des-Materiaux_M12223.pdf\">Emploi du Temps <span style=\"color: #ff0000;\">M1 Ge\u0301nie des Proce\u0301de\u0301s des Materiaux 23-24<\/span><\/a><\/strong><\/h3><h3><strong><a href=\"https:\/\/www.univ-usto.dz\/faculte\/fac-chimie\/wp-content\/uploads\/2023\/09\/Emploi-du-Temps-M2-GP2023-2024.pdf\">Emploi du Temps <span style=\"color: #339966;\">M2-GP<\/span> 23-24<\/a> <\/strong><\/h3><h3><strong><a href=\"https:\/\/www.univ-usto.dz\/faculte\/fac-chimie\/wp-content\/uploads\/2023\/09\/Emploi-du-Temps-M2-GPM-2023-2024.pdf\">Emploi du Temps <span style=\"color: #339966;\">M2-GPM<\/span> 23-24<\/a> <\/strong><\/h3><h1 style=\"text-align: left;\"><span style=\"text-decoration: underline;\"><span style=\"color: #0000ff;\"><strong>Licence:<\/strong><\/span><\/span><\/h1><h3><strong><a href=\"https:\/\/www.univ-usto.dz\/faculte\/fac-chimie\/wp-content\/uploads\/2023\/10\/Emplois-du-temps-L3-GP2022-2023-1.pdf\"><img decoding=\"async\" class=\"alignnone wp-image-17343\" src=\"https:\/\/www.univ-usto.dz\/faculte\/fac-chimie\/wp-content\/uploads\/2022\/10\/new-300x158.png\" alt=\"\" width=\"59\" height=\"31\" srcset=\"https:\/\/www.univ-usto.dz\/faculte\/fac-chimie\/wp-content\/uploads\/2022\/10\/new-300x158.png 300w, https:\/\/www.univ-usto.dz\/faculte\/fac-chimie\/wp-content\/uploads\/2022\/10\/new-24x13.png 24w, https:\/\/www.univ-usto.dz\/faculte\/fac-chimie\/wp-content\/uploads\/2022\/10\/new-36x19.png 36w, https:\/\/www.univ-usto.dz\/faculte\/fac-chimie\/wp-content\/uploads\/2022\/10\/new-48x25.png 48w, https:\/\/www.univ-usto.dz\/faculte\/fac-chimie\/wp-content\/uploads\/2022\/10\/new.png 310w\" sizes=\"(max-width: 59px) 100vw, 59px\" \/><span style=\"color: #ff0000;\">Nouvel<\/span> Emplois du temps <span style=\"color: #ff0000;\">L3-GP<\/span><\/a> 23\/24<\/strong><\/h3><h3><strong><a href=\"https:\/\/www.univ-usto.dz\/faculte\/fac-chimie\/wp-content\/uploads\/2023\/09\/Emplois-du-temps-L2-GP-2023-2024-1.pdf\">Emplois du temps <span style=\"color: #ff0000;\">L2-GP<\/span> 23-24<\/a><\/strong><\/h3><h3>\u00a0<\/h3><h3>\u00a0<\/h3>\t\t\t\t\t\t\t\t<\/div>\n\t\t\t\t<\/div>\n\t\t\t\t\t<\/div>\n\t\t<\/div>\n\t\t\t\t\t<\/div>\n\t\t<\/section>\n\t\t\t\t<\/div>\n\t\t","protected":false},"excerpt":{"rendered":"<p>Semestre 2 Emploi du temps M1 GP S2 2023-2024 \u00a0 \u00a0 \u00a0 \u00a0 \u00a0 \u00a0 \u00a0 \u00a0 \u00a0 \u00a0 \u00a0 \u00a0 \u00a0 Emploi de temps de GPM S2 2023-2024 Emplois <a href=\"https:\/\/www.univ-usto.dz\/faculte\/fac-chimie\/fr\/emplois-du-temps-du-departement-genie-des-materiaux\/\" class=\"read-more\">Lire la suite &#8230;<\/a><\/p>\n","protected":false},"author":14,"featured_media":0,"parent":0,"menu_order":0,"comment_status":"closed","ping_status":"closed","template":"","meta":{"footnotes":""},"class_list":["post-17547","page","type-page","status-publish","hentry"],"_links":{"self":[{"href":"https:\/\/www.univ-usto.dz\/faculte\/fac-chimie\/wp-json\/wp\/v2\/pages\/17547","targetHints":{"allow":["GET"]}}],"collection":[{"href":"https:\/\/www.univ-usto.dz\/faculte\/fac-chimie\/wp-json\/wp\/v2\/pages"}],"about":[{"href":"https:\/\/www.univ-usto.dz\/faculte\/fac-chimie\/wp-json\/wp\/v2\/types\/page"}],"author":[{"embeddable":true,"href":"https:\/\/www.univ-usto.dz\/faculte\/fac-chimie\/wp-json\/wp\/v2\/users\/14"}],"replies":[{"embeddable":true,"href":"https:\/\/www.univ-usto.dz\/faculte\/fac-chimie\/wp-json\/wp\/v2\/comments?post=17547"}],"version-history":[{"count":108,"href":"https:\/\/www.univ-usto.dz\/faculte\/fac-chimie\/wp-json\/wp\/v2\/pages\/17547\/revisions"}],"predecessor-version":[{"id":25254,"href":"https:\/\/www.univ-usto.dz\/faculte\/fac-chimie\/wp-json\/wp\/v2\/pages\/17547\/revisions\/25254"}],"wp:attachment":[{"href":"https:\/\/www.univ-usto.dz\/faculte\/fac-chimie\/wp-json\/wp\/v2\/media?parent=17547"}],"curies":[{"name":"wp","href":"https:\/\/api.w.org\/{rel}","templated":true}]}}