{"id":20545,"date":"2023-05-04T10:30:07","date_gmt":"2023-05-04T10:30:07","guid":{"rendered":"https:\/\/www.univ-usto.dz\/faculte\/fac-chimie\/?page_id=20545"},"modified":"2023-05-04T10:39:09","modified_gmt":"2023-05-04T10:39:09","slug":"assises-sur-la-modernisation-de-less","status":"publish","type":"page","link":"https:\/\/www.univ-usto.dz\/faculte\/fac-chimie\/assises-sur-la-modernisation-de-less\/","title":{"rendered":"Assises sur la modernisation de l&rsquo;ESS"},"content":{"rendered":"\t\t<div data-elementor-type=\"wp-page\" data-elementor-id=\"20545\" class=\"elementor elementor-20545\">\n\t\t\t\t\t\t<section class=\"elementor-section elementor-top-section elementor-element elementor-element-2b21590 elementor-section-boxed elementor-section-height-default elementor-section-height-default\" data-id=\"2b21590\" data-element_type=\"section\">\n\t\t\t\t\t\t<div class=\"elementor-container elementor-column-gap-default\">\n\t\t\t\t\t<div class=\"elementor-column elementor-col-100 elementor-top-column elementor-element elementor-element-186b883\" data-id=\"186b883\" data-element_type=\"column\">\n\t\t\t<div class=\"elementor-widget-wrap elementor-element-populated\">\n\t\t\t\t\t\t<div class=\"elementor-element elementor-element-e237453 elementor-widget-divider--view-line elementor-widget elementor-widget-divider\" data-id=\"e237453\" data-element_type=\"widget\" data-widget_type=\"divider.default\">\n\t\t\t\t<div class=\"elementor-widget-container\">\n\t\t\t\t\t\t\t<div class=\"elementor-divider\">\n\t\t\t<span class=\"elementor-divider-separator\">\n\t\t\t\t\t\t<\/span>\n\t\t<\/div>\n\t\t\t\t\t\t<\/div>\n\t\t\t\t<\/div>\n\t\t\t\t\t<\/div>\n\t\t<\/div>\n\t\t\t\t\t<\/div>\n\t\t<\/section>\n\t\t\t\t<section class=\"elementor-section elementor-top-section elementor-element elementor-element-bd2d94a elementor-section-boxed elementor-section-height-default elementor-section-height-default\" data-id=\"bd2d94a\" data-element_type=\"section\">\n\t\t\t\t\t\t<div class=\"elementor-container elementor-column-gap-default\">\n\t\t\t\t\t<div class=\"elementor-column elementor-col-100 elementor-top-column elementor-element elementor-element-bd3cab4\" data-id=\"bd3cab4\" data-element_type=\"column\">\n\t\t\t<div class=\"elementor-widget-wrap elementor-element-populated\">\n\t\t\t\t\t\t<div class=\"elementor-element elementor-element-be51b0f elementor-widget elementor-widget-text-editor\" data-id=\"be51b0f\" data-element_type=\"widget\" data-widget_type=\"text-editor.default\">\n\t\t\t\t<div class=\"elementor-widget-container\">\n\t\t\t\t\t\t\t\t\t<p><strong>Chers enseignants, \u00e9tudiants et personnels administratifs,<\/strong><\/p><p><strong>Le conseil de direction, sous la supervision de Monsieur le Recteur Professeur Amine Bouziane HAMMOU, participe activement aux assises nationales sur l\u2019enseignement sup\u00e9rieur et sa modernisation. Dans ce cadre, nous vous invitons \u00e0 participer activement aux assembl\u00e9es que nous organisons au sein de notre facult\u00e9. Celles-ci seront une occasion pour nous de discuter des enjeux et des objectifs de ces assises, ainsi que de faire des propositions concr\u00e8tes pour am\u00e9liorer notre syst\u00e8me d\u2019enseignement sup\u00e9rieur.<\/strong><\/p><p><strong>Nous sommes tous conscients des d\u00e9fis que notre syst\u00e8me doit relever, notamment en termes d\u2019innovation, de comp\u00e9titivit\u00e9 et d\u2019internationalisation. C\u2019est pourquoi, il est primordial que nous collaborions activement dans cette r\u00e9flexion collective en partageant nos exp\u00e9riences et nos connaissances pour proposer des solutions innovantes et efficaces. La contribution active et constructive du conseil de direction, des enseignants, des \u00e9tudiants et du personnel administratif sera cruciale pour l\u2019avenir de notre \u00e9tablissement et de notre syst\u00e8me d\u2019enseignement sup\u00e9rieur.<\/strong><\/p><p><strong>Nous sommes convaincus que votre expertise et votre exp\u00e9rience seront essentielles pour la r\u00e9ussite de cette initiative d\u2019envergure nationale. Nous vous remercions par avance de votre engagement et de votre participation \u00e0 cette initiative majeure pour notre communaut\u00e9 universitaire.<\/strong><\/p><p>\u00a0<\/p><p><strong>Pr. BENHAMOU Abdellah<\/strong><\/p><p><strong>Doyen de la Facult\u00e9 de Chimie<\/strong><\/p><p><strong>Universit\u00e9 des Sciences et de Technologie d\u2019Oran Med BOUDIAF (USTO-MB) Alg\u00e9rie<\/strong><\/p>\t\t\t\t\t\t\t\t<\/div>\n\t\t\t\t<\/div>\n\t\t\t\t\t<\/div>\n\t\t<\/div>\n\t\t\t\t\t<\/div>\n\t\t<\/section>\n\t\t\t\t<section class=\"elementor-section elementor-top-section elementor-element elementor-element-69d1f61 elementor-section-boxed elementor-section-height-default elementor-section-height-default\" data-id=\"69d1f61\" data-element_type=\"section\">\n\t\t\t\t\t\t<div class=\"elementor-container elementor-column-gap-default\">\n\t\t\t\t\t<div class=\"elementor-column elementor-col-100 elementor-top-column elementor-element elementor-element-580a6ea\" data-id=\"580a6ea\" data-element_type=\"column\">\n\t\t\t<div class=\"elementor-widget-wrap elementor-element-populated\">\n\t\t\t\t\t\t<div class=\"elementor-element elementor-element-1cca517 elementor-widget elementor-widget-text-editor\" data-id=\"1cca517\" data-element_type=\"widget\" data-widget_type=\"text-editor.default\">\n\t\t\t\t<div class=\"elementor-widget-container\">\n\t\t\t\t\t\t\t\t\t<p><strong><a href=\"https:\/\/www.univ-usto.dz\/faculte\/fac-chimie\/wp-content\/uploads\/2023\/05\/Guide-Assises-Nationales-Avril-2023.pdf\">Guide Assises Nationales Avril 2023<\/a><\/strong><\/p><p><strong><a href=\"https:\/\/www.univ-usto.dz\/faculte\/fac-chimie\/wp-content\/uploads\/2023\/05\/Canevas_Etab_Assises-Nationales_Mai-2023_XXX.docx\">Canevas_Etab_Assises Nationales_Mai 2023_XXX<\/a><\/strong><\/p>\t\t\t\t\t\t\t\t<\/div>\n\t\t\t\t<\/div>\n\t\t\t\t\t<\/div>\n\t\t<\/div>\n\t\t\t\t\t<\/div>\n\t\t<\/section>\n\t\t\t\t<\/div>\n\t\t","protected":false},"excerpt":{"rendered":"<p>Chers enseignants, \u00e9tudiants et personnels administratifs, Le conseil de direction, sous la supervision de Monsieur le Recteur Professeur Amine Bouziane HAMMOU, participe activement aux assises nationales sur l\u2019enseignement sup\u00e9rieur et <a href=\"https:\/\/www.univ-usto.dz\/faculte\/fac-chimie\/assises-sur-la-modernisation-de-less\/\" class=\"read-more\">Lire la suite &#8230;<\/a><\/p>\n","protected":false},"author":14,"featured_media":0,"parent":0,"menu_order":0,"comment_status":"closed","ping_status":"closed","template":"","meta":{"footnotes":""},"class_list":["post-20545","page","type-page","status-publish","hentry"],"_links":{"self":[{"href":"https:\/\/www.univ-usto.dz\/faculte\/fac-chimie\/wp-json\/wp\/v2\/pages\/20545","targetHints":{"allow":["GET"]}}],"collection":[{"href":"https:\/\/www.univ-usto.dz\/faculte\/fac-chimie\/wp-json\/wp\/v2\/pages"}],"about":[{"href":"https:\/\/www.univ-usto.dz\/faculte\/fac-chimie\/wp-json\/wp\/v2\/types\/page"}],"author":[{"embeddable":true,"href":"https:\/\/www.univ-usto.dz\/faculte\/fac-chimie\/wp-json\/wp\/v2\/users\/14"}],"replies":[{"embeddable":true,"href":"https:\/\/www.univ-usto.dz\/faculte\/fac-chimie\/wp-json\/wp\/v2\/comments?post=20545"}],"version-history":[{"count":4,"href":"https:\/\/www.univ-usto.dz\/faculte\/fac-chimie\/wp-json\/wp\/v2\/pages\/20545\/revisions"}],"predecessor-version":[{"id":20552,"href":"https:\/\/www.univ-usto.dz\/faculte\/fac-chimie\/wp-json\/wp\/v2\/pages\/20545\/revisions\/20552"}],"wp:attachment":[{"href":"https:\/\/www.univ-usto.dz\/faculte\/fac-chimie\/wp-json\/wp\/v2\/media?parent=20545"}],"curies":[{"name":"wp","href":"https:\/\/api.w.org\/{rel}","templated":true}]}}