{"id":23598,"date":"2023-12-03T09:41:34","date_gmt":"2023-12-03T09:41:34","guid":{"rendered":"https:\/\/www.univ-usto.dz\/faculte\/fac-chimie\/?page_id=23598"},"modified":"2023-12-03T09:48:28","modified_gmt":"2023-12-03T09:48:28","slug":"pnr-2023","status":"publish","type":"page","link":"https:\/\/www.univ-usto.dz\/faculte\/fac-chimie\/fr\/pnr-2023\/","title":{"rendered":"PNR 2023"},"content":{"rendered":"\t\t<div data-elementor-type=\"wp-page\" data-elementor-id=\"23598\" class=\"elementor elementor-23598\">\n\t\t\t\t\t\t<section class=\"elementor-section elementor-top-section elementor-element elementor-element-9737b61 elementor-section-boxed elementor-section-height-default elementor-section-height-default\" data-id=\"9737b61\" data-element_type=\"section\">\n\t\t\t\t\t\t<div class=\"elementor-container elementor-column-gap-default\">\n\t\t\t\t\t<div class=\"elementor-column elementor-col-100 elementor-top-column elementor-element elementor-element-0f68c77\" data-id=\"0f68c77\" data-element_type=\"column\">\n\t\t\t<div class=\"elementor-widget-wrap elementor-element-populated\">\n\t\t\t\t\t\t<div class=\"elementor-element elementor-element-8493015 elementor-widget-divider--view-line elementor-widget elementor-widget-divider\" data-id=\"8493015\" data-element_type=\"widget\" data-widget_type=\"divider.default\">\n\t\t\t\t<div class=\"elementor-widget-container\">\n\t\t\t\t\t\t\t<div class=\"elementor-divider\">\n\t\t\t<span class=\"elementor-divider-separator\">\n\t\t\t\t\t\t<\/span>\n\t\t<\/div>\n\t\t\t\t\t\t<\/div>\n\t\t\t\t<\/div>\n\t\t\t\t\t<\/div>\n\t\t<\/div>\n\t\t\t\t\t<\/div>\n\t\t<\/section>\n\t\t\t\t<section class=\"elementor-section elementor-top-section elementor-element elementor-element-5fa183d elementor-section-boxed elementor-section-height-default elementor-section-height-default\" data-id=\"5fa183d\" data-element_type=\"section\">\n\t\t\t\t\t\t<div class=\"elementor-container elementor-column-gap-default\">\n\t\t\t\t\t<div class=\"elementor-column elementor-col-100 elementor-top-column elementor-element elementor-element-4bbd8c4\" data-id=\"4bbd8c4\" data-element_type=\"column\">\n\t\t\t<div class=\"elementor-widget-wrap elementor-element-populated\">\n\t\t\t\t\t\t<div class=\"elementor-element elementor-element-f4f7b16 elementor-widget elementor-widget-text-editor\" data-id=\"f4f7b16\" data-element_type=\"widget\" data-widget_type=\"text-editor.default\">\n\t\t\t\t<div class=\"elementor-widget-container\">\n\t\t\t\t\t\t\t\t\t<blockquote><div dir=\"ltr\"><h3><strong>L&rsquo;Agence Th\u00e9matique de Recherche en Sciences et Technologie <span style=\"color: #0000ff;\">ATRST<\/span> sous l&rsquo;autorit\u00e9 de la Direction G\u00e9n\u00e9rale de la Recherche Scientifique et du D\u00e9veloppement Technologique DGRSDT invitent les chercheurs, les \u00e9tablissements\u00a0 et entreprises du secteur public et priv\u00e9 \u00e0 soumettre des propositions de projets de recherche et d\u00e9veloppement pour l&rsquo;ann\u00e9e 2023 pour le programme\u00a0s\u00e9curit\u00e9 \u00e9nerg\u00e9tique.<\/strong><\/h3><p>\u00a0<\/p><p><span style=\"color: #0000ff;\"><strong><a style=\"color: #0000ff;\" href=\"https:\/\/www.univ-usto.dz\/faculte\/fac-chimie\/wp-content\/uploads\/2023\/12\/PNR_SE.pdf\">Programme PNR_SE<\/a><\/strong><\/span><\/p><\/div><\/blockquote>\t\t\t\t\t\t\t\t<\/div>\n\t\t\t\t<\/div>\n\t\t\t\t\t<\/div>\n\t\t<\/div>\n\t\t\t\t\t<\/div>\n\t\t<\/section>\n\t\t\t\t<\/div>\n\t\t","protected":false},"excerpt":{"rendered":"<p>L&rsquo;Agence Th\u00e9matique de Recherche en Sciences et Technologie ATRST sous l&rsquo;autorit\u00e9 de la Direction G\u00e9n\u00e9rale de la Recherche Scientifique et du D\u00e9veloppement Technologique DGRSDT invitent les chercheurs, les \u00e9tablissements\u00a0 et <a href=\"https:\/\/www.univ-usto.dz\/faculte\/fac-chimie\/fr\/pnr-2023\/\" class=\"read-more\">Lire la suite &#8230;<\/a><\/p>\n","protected":false},"author":14,"featured_media":0,"parent":0,"menu_order":0,"comment_status":"closed","ping_status":"closed","template":"","meta":{"footnotes":""},"class_list":["post-23598","page","type-page","status-publish","hentry"],"_links":{"self":[{"href":"https:\/\/www.univ-usto.dz\/faculte\/fac-chimie\/wp-json\/wp\/v2\/pages\/23598","targetHints":{"allow":["GET"]}}],"collection":[{"href":"https:\/\/www.univ-usto.dz\/faculte\/fac-chimie\/wp-json\/wp\/v2\/pages"}],"about":[{"href":"https:\/\/www.univ-usto.dz\/faculte\/fac-chimie\/wp-json\/wp\/v2\/types\/page"}],"author":[{"embeddable":true,"href":"https:\/\/www.univ-usto.dz\/faculte\/fac-chimie\/wp-json\/wp\/v2\/users\/14"}],"replies":[{"embeddable":true,"href":"https:\/\/www.univ-usto.dz\/faculte\/fac-chimie\/wp-json\/wp\/v2\/comments?post=23598"}],"version-history":[{"count":7,"href":"https:\/\/www.univ-usto.dz\/faculte\/fac-chimie\/wp-json\/wp\/v2\/pages\/23598\/revisions"}],"predecessor-version":[{"id":23607,"href":"https:\/\/www.univ-usto.dz\/faculte\/fac-chimie\/wp-json\/wp\/v2\/pages\/23598\/revisions\/23607"}],"wp:attachment":[{"href":"https:\/\/www.univ-usto.dz\/faculte\/fac-chimie\/wp-json\/wp\/v2\/media?parent=23598"}],"curies":[{"name":"wp","href":"https:\/\/api.w.org\/{rel}","templated":true}]}}