{"id":2903,"date":"2020-09-03T10:05:51","date_gmt":"2020-09-03T10:05:51","guid":{"rendered":"http:\/\/www.univ-usto.dz\/faculte\/fac-chimie\/?page_id=2903"},"modified":"2020-10-19T10:44:43","modified_gmt":"2020-10-19T10:44:43","slug":"laboratoires","status":"publish","type":"page","link":"https:\/\/www.univ-usto.dz\/faculte\/fac-chimie\/fr\/laboratoires\/","title":{"rendered":"Laboratoires"},"content":{"rendered":"\t\t<div data-elementor-type=\"wp-page\" data-elementor-id=\"2903\" class=\"elementor elementor-2903\">\n\t\t\t\t\t\t<section class=\"elementor-section elementor-top-section elementor-element elementor-element-3a8ddfe elementor-section-boxed elementor-section-height-default elementor-section-height-default\" data-id=\"3a8ddfe\" data-element_type=\"section\">\n\t\t\t\t\t\t<div class=\"elementor-container elementor-column-gap-default\">\n\t\t\t\t\t<div class=\"elementor-column elementor-col-33 elementor-top-column elementor-element elementor-element-c68eb6b\" data-id=\"c68eb6b\" data-element_type=\"column\">\n\t\t\t<div class=\"elementor-widget-wrap elementor-element-populated\">\n\t\t\t\t\t\t<div class=\"elementor-element elementor-element-e73e890 elementor-widget elementor-widget-wp-widget-bellows_navigation_widget\" data-id=\"e73e890\" data-element_type=\"widget\" data-widget_type=\"wp-widget-bellows_navigation_widget.default\">\n\t\t\t\t<div class=\"elementor-widget-container\">\n\t\t\t\t\t<nav id=\"bellows-main-17\" class=\"bellows bellows-nojs bellows-main bellows-source-menu bellows-align-full bellows-skin-vanilla bellows-type-\"><ul id=\"menu-recherche-scientifique\" class=\"bellows-nav\" data-bellows-config=\"main\"><li id=\"menu-item-4023\" class=\"bellows-menu-item bellows-menu-item-type-post_type bellows-menu-item-object-page bellows-menu-item-4023 bellows-item-level-0\"><a  href=\"https:\/\/www.univ-usto.dz\/faculte\/fac-chimie\/fr\/laboratoires\/\" class=\"bellows-target\"><span class=\"bellows-target-title bellows-target-text\">Laboratoires de recherche<\/span><\/a><\/li>\n<li id=\"menu-item-6352\" class=\"bellows-menu-item bellows-menu-item-type-post_type bellows-menu-item-object-page bellows-menu-item-6352 bellows-item-level-0\"><a  href=\"https:\/\/www.univ-usto.dz\/faculte\/fac-chimie\/fr\/formation-post-graduee-2\/\" class=\"bellows-target\"><span class=\"bellows-target-title bellows-target-text\">Formation post-gradu\u00e9e<\/span><\/a><\/li>\n<li id=\"menu-item-5276\" class=\"bellows-menu-item bellows-menu-item-type-custom bellows-menu-item-object-custom bellows-menu-item-5276 bellows-item-level-0\"><a  target=\"_blank\" href=\"https:\/\/profil.univ-usto.dz\/\" class=\"bellows-target\"><span class=\"bellows-target-title bellows-target-text\">Annuaire Enseignants &#8211; Doctorants<\/span><\/a><\/li>\n<li id=\"menu-item-6357\" class=\"bellows-menu-item bellows-menu-item-type-post_type bellows-menu-item-object-page bellows-menu-item-6357 bellows-item-level-0\"><a  href=\"https:\/\/www.univ-usto.dz\/faculte\/fac-chimie\/fr\/liens-utiles-2\/\" class=\"bellows-target\"><span class=\"bellows-target-title bellows-target-text\">Liens utiles<\/span><\/a><\/li>\n<\/ul><\/nav>\t\t\t\t<\/div>\n\t\t\t\t<\/div>\n\t\t\t\t\t<\/div>\n\t\t<\/div>\n\t\t\t\t<div class=\"elementor-column elementor-col-66 elementor-top-column elementor-element elementor-element-993564c\" data-id=\"993564c\" data-element_type=\"column\">\n\t\t\t<div class=\"elementor-widget-wrap elementor-element-populated\">\n\t\t\t\t\t\t<div class=\"elementor-element elementor-element-215358e elementor-widget elementor-widget-elementskit-heading\" data-id=\"215358e\" data-element_type=\"widget\" data-widget_type=\"elementskit-heading.default\">\n\t\t\t\t<div class=\"elementor-widget-container\">\n\t\t\t\t\t<div class=\"ekit-wid-con\" ><div class=\"ekit-heading elementskit-section-title-wraper text_left   ekit_heading_tablet-   ekit_heading_mobile-\"><h3 class=\"ekit-heading--title elementskit-section-title \">Laboratoires\u00a0<\/h3><div class=\"ekit_heading_separetor_wraper ekit_heading_elementskit-border-divider\"><div class=\"elementskit-border-divider\"><\/div><\/div><\/div><\/div>\t\t\t\t<\/div>\n\t\t\t\t<\/div>\n\t\t\t\t<div class=\"elementor-element elementor-element-f7d79aa elementor-widget elementor-widget-text-editor\" data-id=\"f7d79aa\" data-element_type=\"widget\" data-widget_type=\"text-editor.default\">\n\t\t\t\t<div class=\"elementor-widget-container\">\n\t\t\t\t\t\t\t\t\t<p style=\"text-align: justify;\">Il existe actuellement \u00e0 l&rsquo;USTO- MB\u00a0<span style=\"font-weight: bold;\"> 38 Laboratoires <\/span>de Recherche agr\u00e9\u00e9s par le minist\u00e8re de l&rsquo;enseignement sup\u00e9rieur et de la recherche scientifique.\u00a0\u00a0<\/p>\t\t\t\t\t\t\t\t<\/div>\n\t\t\t\t<\/div>\n\t\t\t\t<div class=\"elementor-element elementor-element-1ef54fd elementor-widget elementor-widget-text-editor\" data-id=\"1ef54fd\" data-element_type=\"widget\" data-widget_type=\"text-editor.default\">\n\t\t\t\t<div class=\"elementor-widget-container\">\n\t\t\t\t\t\t\t\t\t<ul><li><a href=\"https:\/\/https:\/\/www.univ-usto.dz\/faculte\/fac-chimie\/laboratoires1\/lddee\/\"><strong>Laboratoire de d\u00e9veloppement durable de l\u2019\u00e9nergie \u00e9lectrique LDDEE <\/strong><\/a>ALLALI Ahmed<\/li><li><a href=\"https:\/\/https:\/\/www.univ-usto.dz\/faculte\/fac-chimie\/laboratoires1\/laar\/\"><strong>Laboratoire d\u2019analyse et application des rayonnements LAAR <\/strong><\/a>BELBACHIR Ahmed hafid<\/li><li><a href=\"https:\/\/https:\/\/www.univ-usto.dz\/faculte\/fac-chimie\/laboratoires1\/lssd\/\"><strong>Laboratoire signaux syst\u00e8mes donn\u00e9es LSSD <\/strong><\/a>BELBACHIR Mohamed Faouzi<\/li><li><strong><a href=\"https:\/\/https:\/\/www.univ-usto.dz\/faculte\/fac-chimie\/laboratoires1\/simpa\/\">Laboratoire Signal image\u00a0 parole SIMPA<\/a>\u00a0<\/strong> BENAMRANE Nacera<\/li><li><a href=\"https:\/\/https:\/\/www.univ-usto.dz\/faculte\/fac-chimie\/laboratoires1\/lamosi\/\"><strong>Laboratoire de mod\u00e9lisation et simulation des syst\u00e8mes industriels<\/strong> <strong>LAMOSI <\/strong><\/a>BENYETTOU Mohamed<\/li><li><strong><a href=\"https:\/\/https:\/\/www.univ-usto.dz\/faculte\/fac-chimie\/laboratoires1\/lcge\/\">Laboratoire de carburant gazeux et environnement LCGE<\/a> <\/strong>BENZGUIR Redouan<\/li><li><strong><a href=\"https:\/\/https:\/\/www.univ-usto.dz\/faculte\/fac-chimie\/laboratoires1\/laresi\/\">Laboratoire des syst\u00e8mes intelligent LARESI<\/a>\u00a0 <\/strong>BERRACHED Nasr Eddine<\/li><li><a href=\"https:\/\/https:\/\/www.univ-usto.dz\/faculte\/fac-chimie\/laboratoires1\/lasp\/\"><strong>Laboratoire a\u00e9ronautique et syst\u00e8mes propulsifs LASP <\/strong><\/a>IMINE Bachir<\/li><li><a href=\"https:\/\/https:\/\/www.univ-usto.dz\/faculte\/fac-chimie\/laboratoires1\/lp2vm\/\"><strong>Laboratoire productions valorisations v\u00e9g\u00e9tales et microbiennes LP2VM<\/strong><\/a> KAID HARCHE Meriem<\/li><li><a href=\"https:\/\/https:\/\/www.univ-usto.dz\/faculte\/fac-chimie\/laboratoires1\/ldee\/\"><strong>Laboratoire de d\u00e9veloppement des entra\u00eenements \u00e9lectrique LDEE\u00a0<\/strong><\/a><\/li><li><a href=\"https:\/\/https:\/\/www.univ-usto.dz\/faculte\/fac-chimie\/laboratoires1\/lsi\/\"><strong>Laboratoire signaux et images LSI<\/strong><\/a> OUAMRI Abdelaziz<\/li><li><strong><a href=\"https:\/\/https:\/\/www.univ-usto.dz\/faculte\/fac-chimie\/laboratoires1\/lmse\/\">Laboratoire des Microsyst\u00e8mes et Syst\u00e8mes Embarqu\u00e9s LMSE <\/a><\/strong>Mekkakia-Maaza Nasr-Eddine<\/li><li><a href=\"https:\/\/https:\/\/www.univ-usto.dz\/faculte\/fac-chimie\/laboratoires1\/avcis\/\"><strong>Laboratoire Automatisation, Vision et Contr\u00f4le Intelligent des Syst\u00e8mes AVCIS<\/strong><\/a> Bouhamida Mohammed<\/li><li><strong>Laboratoire de m\u00e9canique appliqu\u00e9e LMA\u00a0 <\/strong>HAMIDOU Mohamed kamal<\/li><li><strong>Laboratoire de physique plasmas des mat\u00e9riaux conducteur et leur application LPPMCA <\/strong>HAMDACHE Fatima<\/li><li><strong>Laboratoire de chimie et \u00e9lectrochimie des complexes m\u00e9talliques LCECM <\/strong>BENABDELLAH Tayeb<\/li><li><strong>Laboratoire de chimie des mat\u00e9riaux inorganique et applications LCMIA <\/strong>BETTAHAR Noureddine<\/li><li><strong>Laboratoire physique-chimie des mat\u00e9riaux catalyse et environnement LPCMCE <\/strong>BOUBERKA Zohra<\/li><li><strong>Laboratoire de rh\u00e9ologie transport et traitement des fluides complexes LRTTFC\u00a0 <\/strong>BOUDJENANE Nasr Eddine<\/li><li><strong>Laboratoire d\u2019hydrologie et de gestion des ressources en eau HYDRE <\/strong>BOUKRAMA Baghdadi<\/li><li><strong>Laboratoire de puissance appliqu\u00e9e \u00a0LPA\u00a0 <\/strong>BOURAHLA Mohamed<\/li><li><strong>Laboratoire des proc\u00e8des et environnement LCMCA <\/strong>DEBBAB Abdelkader<\/li><li><strong>Laboratoire physique des mat\u00e9riaux et des fluides LPMF <\/strong>FARHAT Mohammed Seguier<\/li><li><strong>Laboratoire g\u00e9nie \u00e9lectrique d\u2019oran LGEO <\/strong>FLAZI Samir<\/li><li><strong>Laboratoire de Mat\u00e9riaux sols et thermique\u00a0 LMST<\/strong> HACHICHI Abdelkader<\/li><li><strong>Laboratoire des sciences technologie et g\u00e9nie des proc\u00e8des LSTGP <\/strong>HADJEL\u00a0 Mohamed<\/li><li><strong>Laboratoire des \u00e9co mat\u00e9riaux fonctionnels et nanostructures LEMFN\u00a0<\/strong>HAMIDI Fatiha<\/li><li><strong>Laboratoire microscope \u00e9lectronique et sciences des mat\u00e9riaux LMESM <\/strong>HAMZAOUI Saad<\/li><li><strong>Laboratoire g\u00e9n\u00e9tique mol\u00e9culaire et cellulaire LGMC <\/strong>MAHTAR Nadera<\/li><li><strong>Laboratoire d\u2019\u00e9nergie et propulsion navale LEPN <\/strong>MERAHI Leila\u00a0<\/li><li><strong>Laboratoire d\u2019\u00e9lectronique de puissance d\u2019\u00e9nergie solaire et d automatique LEPESA<\/strong> MIDOUN Abdelhamid\u00a0<\/li><li><strong>Laboratoire d&rsquo;A\u00e9ro-Hydrodynamique Navale LAHN <\/strong>MOKHTARI Abdellah\u00a0<\/li><li><strong>Laboratoire de M\u00e9canique des structures et stabilit\u00e9 des Constructions LMSSC\u00a0\u00a0<\/strong>NEJAR .D \/NASSER Bachir\u00a0<\/li><li><strong>Laboratoire des r\u00e9seaux \u00e9lectriques LORE <\/strong>RAHLI mustapha\u00a0<\/li><li><strong>Laboratoire structures de composites mat\u00e9riaux innovants LSCMI\u00a0<\/strong>SERIER Zouaoui<\/li><li><strong>Laboratoire d\u2019\u00e9tudes physique des mat\u00e9riaux LEPM\u00a0<\/strong>ZEKRI Noureddine<\/li><li><strong>Laboratoire de codage et de la s\u00e9curit\u00e9 de l&rsquo;information LACOSI\u00a0 <\/strong>ALI PACHA Adda<\/li><\/ul>\t\t\t\t\t\t\t\t<\/div>\n\t\t\t\t<\/div>\n\t\t\t\t\t<\/div>\n\t\t<\/div>\n\t\t\t\t\t<\/div>\n\t\t<\/section>\n\t\t\t\t<\/div>\n\t\t","protected":false},"excerpt":{"rendered":"<p>Laboratoires\u00a0 Il existe actuellement \u00e0 l&rsquo;USTO- MB\u00a0 38 Laboratoires de Recherche agr\u00e9\u00e9s par le minist\u00e8re de l&rsquo;enseignement sup\u00e9rieur et de la recherche scientifique.\u00a0\u00a0 Laboratoire de d\u00e9veloppement durable de l\u2019\u00e9nergie \u00e9lectrique <a href=\"https:\/\/www.univ-usto.dz\/faculte\/fac-chimie\/fr\/laboratoires\/\" class=\"read-more\">Lire la suite &#8230;<\/a><\/p>\n","protected":false},"author":1,"featured_media":0,"parent":0,"menu_order":0,"comment_status":"closed","ping_status":"closed","template":"","meta":{"footnotes":""},"class_list":["post-2903","page","type-page","status-publish","hentry"],"_links":{"self":[{"href":"https:\/\/www.univ-usto.dz\/faculte\/fac-chimie\/wp-json\/wp\/v2\/pages\/2903","targetHints":{"allow":["GET"]}}],"collection":[{"href":"https:\/\/www.univ-usto.dz\/faculte\/fac-chimie\/wp-json\/wp\/v2\/pages"}],"about":[{"href":"https:\/\/www.univ-usto.dz\/faculte\/fac-chimie\/wp-json\/wp\/v2\/types\/page"}],"author":[{"embeddable":true,"href":"https:\/\/www.univ-usto.dz\/faculte\/fac-chimie\/wp-json\/wp\/v2\/users\/1"}],"replies":[{"embeddable":true,"href":"https:\/\/www.univ-usto.dz\/faculte\/fac-chimie\/wp-json\/wp\/v2\/comments?post=2903"}],"version-history":[{"count":191,"href":"https:\/\/www.univ-usto.dz\/faculte\/fac-chimie\/wp-json\/wp\/v2\/pages\/2903\/revisions"}],"predecessor-version":[{"id":6717,"href":"https:\/\/www.univ-usto.dz\/faculte\/fac-chimie\/wp-json\/wp\/v2\/pages\/2903\/revisions\/6717"}],"wp:attachment":[{"href":"https:\/\/www.univ-usto.dz\/faculte\/fac-chimie\/wp-json\/wp\/v2\/media?parent=2903"}],"curies":[{"name":"wp","href":"https:\/\/api.w.org\/{rel}","templated":true}]}}