{"id":34818,"date":"2025-12-21T08:59:55","date_gmt":"2025-12-21T08:59:55","guid":{"rendered":"https:\/\/www.univ-usto.dz\/faculte\/fac-chimie\/?page_id=34818"},"modified":"2026-01-06T09:36:14","modified_gmt":"2026-01-06T09:36:14","slug":"planning-des-examens-du-premier-semestre-2025-2026","status":"publish","type":"page","link":"https:\/\/www.univ-usto.dz\/faculte\/fac-chimie\/fr\/planning-des-examens-du-premier-semestre-2025-2026\/","title":{"rendered":"Planning des examens du premier semestre 2025-2026"},"content":{"rendered":"\t\t<div data-elementor-type=\"wp-page\" data-elementor-id=\"34818\" class=\"elementor elementor-34818\">\n\t\t\t\t\t\t<section class=\"elementor-section elementor-top-section elementor-element elementor-element-1e9347e elementor-section-boxed elementor-section-height-default elementor-section-height-default\" data-id=\"1e9347e\" data-element_type=\"section\">\n\t\t\t\t\t\t<div class=\"elementor-container elementor-column-gap-default\">\n\t\t\t\t\t<div class=\"elementor-column elementor-col-100 elementor-top-column elementor-element elementor-element-5607fae\" data-id=\"5607fae\" data-element_type=\"column\">\n\t\t\t<div class=\"elementor-widget-wrap elementor-element-populated\">\n\t\t\t\t\t\t<div class=\"elementor-element elementor-element-68128c3 elementor-widget-divider--view-line elementor-widget elementor-widget-divider\" data-id=\"68128c3\" data-element_type=\"widget\" data-widget_type=\"divider.default\">\n\t\t\t\t<div class=\"elementor-widget-container\">\n\t\t\t\t\t\t\t<div class=\"elementor-divider\">\n\t\t\t<span class=\"elementor-divider-separator\">\n\t\t\t\t\t\t<\/span>\n\t\t<\/div>\n\t\t\t\t\t\t<\/div>\n\t\t\t\t<\/div>\n\t\t\t\t\t<\/div>\n\t\t<\/div>\n\t\t\t\t\t<\/div>\n\t\t<\/section>\n\t\t\t\t<section class=\"elementor-section elementor-top-section elementor-element elementor-element-7346464 elementor-section-boxed elementor-section-height-default elementor-section-height-default\" data-id=\"7346464\" data-element_type=\"section\">\n\t\t\t\t\t\t<div class=\"elementor-container elementor-column-gap-default\">\n\t\t\t\t\t<div class=\"elementor-column elementor-col-100 elementor-top-column elementor-element elementor-element-5dff622\" data-id=\"5dff622\" data-element_type=\"column\">\n\t\t\t<div class=\"elementor-widget-wrap elementor-element-populated\">\n\t\t\t\t\t\t<div class=\"elementor-element elementor-element-0b5c643 elementor-widget elementor-widget-text-editor\" data-id=\"0b5c643\" data-element_type=\"widget\" data-widget_type=\"text-editor.default\">\n\t\t\t\t<div class=\"elementor-widget-container\">\n\t\t\t\t\t\t\t\t\t<h3 style=\"text-align: center;\"><strong><a href=\"https:\/\/www.univ-usto.dz\/faculte\/fac-chimie\/wp-content\/uploads\/2026\/01\/Planning-des-Examen-GM-S1-2025-2026-V2.pdf\">Planning des Examen de d\u00e9partement <span style=\"color: #ff00ff;\">G\u00e9nie des Mat\u00e9riaux<\/span> S1 2025-2026 V2<\/a><\/strong><\/h3>\t\t\t\t\t\t\t\t<\/div>\n\t\t\t\t<\/div>\n\t\t\t\t\t<\/div>\n\t\t<\/div>\n\t\t\t\t\t<\/div>\n\t\t<\/section>\n\t\t\t\t<section class=\"elementor-section elementor-top-section elementor-element elementor-element-1d95369 elementor-section-boxed elementor-section-height-default elementor-section-height-default\" data-id=\"1d95369\" data-element_type=\"section\">\n\t\t\t\t\t\t<div class=\"elementor-container elementor-column-gap-default\">\n\t\t\t\t\t<div class=\"elementor-column elementor-col-100 elementor-top-column elementor-element elementor-element-22ed22b\" data-id=\"22ed22b\" data-element_type=\"column\">\n\t\t\t<div class=\"elementor-widget-wrap elementor-element-populated\">\n\t\t\t\t\t\t<div class=\"elementor-element elementor-element-73bde4a elementor-widget-divider--view-line elementor-widget elementor-widget-divider\" data-id=\"73bde4a\" data-element_type=\"widget\" data-widget_type=\"divider.default\">\n\t\t\t\t<div class=\"elementor-widget-container\">\n\t\t\t\t\t\t\t<div class=\"elementor-divider\">\n\t\t\t<span class=\"elementor-divider-separator\">\n\t\t\t\t\t\t<\/span>\n\t\t<\/div>\n\t\t\t\t\t\t<\/div>\n\t\t\t\t<\/div>\n\t\t\t\t\t<\/div>\n\t\t<\/div>\n\t\t\t\t\t<\/div>\n\t\t<\/section>\n\t\t\t\t<section class=\"elementor-section elementor-top-section elementor-element elementor-element-97f87a3 elementor-section-boxed elementor-section-height-default elementor-section-height-default\" data-id=\"97f87a3\" data-element_type=\"section\">\n\t\t\t\t\t\t<div class=\"elementor-container elementor-column-gap-default\">\n\t\t\t\t\t<div class=\"elementor-column elementor-col-100 elementor-top-column elementor-element elementor-element-d3d13ec\" data-id=\"d3d13ec\" data-element_type=\"column\">\n\t\t\t<div class=\"elementor-widget-wrap elementor-element-populated\">\n\t\t\t\t\t\t<div class=\"elementor-element elementor-element-efc8888 elementor-widget elementor-widget-text-editor\" data-id=\"efc8888\" data-element_type=\"widget\" data-widget_type=\"text-editor.default\">\n\t\t\t\t<div class=\"elementor-widget-container\">\n\t\t\t\t\t\t\t\t\t<h3 style=\"text-align: center;\"><strong><a href=\"https:\/\/www.univ-usto.dz\/faculte\/fac-chimie\/fr\/planning-des-examens-de-departement-chimie-physique-s1-2025-2026\/\">Planning des <\/a><\/strong><strong><a href=\"https:\/\/www.univ-usto.dz\/faculte\/fac-chimie\/fr\/planning-des-examens-de-departement-chimie-physique-s1-2025-2026\/\">examens de d\u00e9partement <span style=\"color: #008000;\">Chimie physique<\/span>\u00a0S1 2025-2026<\/a><\/strong><\/h3>\t\t\t\t\t\t\t\t<\/div>\n\t\t\t\t<\/div>\n\t\t\t\t\t<\/div>\n\t\t<\/div>\n\t\t\t\t\t<\/div>\n\t\t<\/section>\n\t\t\t\t<section class=\"elementor-section elementor-top-section elementor-element elementor-element-162b652 elementor-section-boxed elementor-section-height-default elementor-section-height-default\" data-id=\"162b652\" data-element_type=\"section\">\n\t\t\t\t\t\t<div class=\"elementor-container elementor-column-gap-default\">\n\t\t\t\t\t<div class=\"elementor-column elementor-col-100 elementor-top-column elementor-element elementor-element-b3e5f91\" data-id=\"b3e5f91\" data-element_type=\"column\">\n\t\t\t<div class=\"elementor-widget-wrap elementor-element-populated\">\n\t\t\t\t\t\t<div class=\"elementor-element elementor-element-62c7524 elementor-widget-divider--view-line elementor-widget elementor-widget-divider\" data-id=\"62c7524\" data-element_type=\"widget\" data-widget_type=\"divider.default\">\n\t\t\t\t<div class=\"elementor-widget-container\">\n\t\t\t\t\t\t\t<div class=\"elementor-divider\">\n\t\t\t<span class=\"elementor-divider-separator\">\n\t\t\t\t\t\t<\/span>\n\t\t<\/div>\n\t\t\t\t\t\t<\/div>\n\t\t\t\t<\/div>\n\t\t\t\t\t<\/div>\n\t\t<\/div>\n\t\t\t\t\t<\/div>\n\t\t<\/section>\n\t\t\t\t<section class=\"elementor-section elementor-top-section elementor-element elementor-element-320a173 elementor-section-boxed elementor-section-height-default elementor-section-height-default\" data-id=\"320a173\" data-element_type=\"section\">\n\t\t\t\t\t\t<div class=\"elementor-container elementor-column-gap-default\">\n\t\t\t\t\t<div class=\"elementor-column elementor-col-100 elementor-top-column elementor-element elementor-element-94a4a8c\" data-id=\"94a4a8c\" data-element_type=\"column\">\n\t\t\t<div class=\"elementor-widget-wrap elementor-element-populated\">\n\t\t\t\t\t\t<div class=\"elementor-element elementor-element-8cb16f9 elementor-widget elementor-widget-text-editor\" data-id=\"8cb16f9\" data-element_type=\"widget\" data-widget_type=\"text-editor.default\">\n\t\t\t\t<div class=\"elementor-widget-container\">\n\t\t\t\t\t\t\t\t\t<h3 style=\"text-align: center;\"><strong><a href=\"https:\/\/www.univ-usto.dz\/faculte\/fac-chimie\/wp-content\/uploads\/2026\/01\/Planning-des-examens-de-departement-GC-2025-2026-S1-.pdf\">Planning des examens de d\u00e9partement <span style=\"color: #ff0000;\">G\u00e9nie Chimique<\/span>&#8211; 2025-2026- S1-<\/a><\/strong><\/h3><p><img fetchpriority=\"high\" decoding=\"async\" class=\"alignnone wp-image-34868 size-large\" src=\"https:\/\/www.univ-usto.dz\/faculte\/fac-chimie\/wp-content\/uploads\/2026\/01\/planning-GC-nv-1024x141.png\" alt=\"\" width=\"847\" height=\"117\" srcset=\"https:\/\/www.univ-usto.dz\/faculte\/fac-chimie\/wp-content\/uploads\/2026\/01\/planning-GC-nv-1024x141.png 1024w, https:\/\/www.univ-usto.dz\/faculte\/fac-chimie\/wp-content\/uploads\/2026\/01\/planning-GC-nv-300x41.png 300w, https:\/\/www.univ-usto.dz\/faculte\/fac-chimie\/wp-content\/uploads\/2026\/01\/planning-GC-nv-768x105.png 768w, https:\/\/www.univ-usto.dz\/faculte\/fac-chimie\/wp-content\/uploads\/2026\/01\/planning-GC-nv-360x49.png 360w, https:\/\/www.univ-usto.dz\/faculte\/fac-chimie\/wp-content\/uploads\/2026\/01\/planning-GC-nv-24x3.png 24w, https:\/\/www.univ-usto.dz\/faculte\/fac-chimie\/wp-content\/uploads\/2026\/01\/planning-GC-nv-36x5.png 36w, https:\/\/www.univ-usto.dz\/faculte\/fac-chimie\/wp-content\/uploads\/2026\/01\/planning-GC-nv-48x7.png 48w, https:\/\/www.univ-usto.dz\/faculte\/fac-chimie\/wp-content\/uploads\/2026\/01\/planning-GC-nv.png 1063w\" sizes=\"(max-width: 847px) 100vw, 847px\" \/><\/p><h3 style=\"text-align: center;\"><span style=\"color: #ff0000;\"><strong>Distribution des salles &#8211; d\u00e9partement CP-HSI-<\/strong><\/span><\/h3><p style=\"text-align: center;\"><strong><a href=\"https:\/\/www.univ-usto.dz\/faculte\/fac-chimie\/wp-content\/uploads\/2026\/01\/Liste-de-Presence-M.2-HSI.pdf\">Liste de Pr\u00e9sence <span style=\"color: #0000ff;\">M.2 HSI<\/span><\/a><\/strong><\/p><p style=\"text-align: center;\"><strong> <a href=\"https:\/\/www.univ-usto.dz\/faculte\/fac-chimie\/wp-content\/uploads\/2026\/01\/Liste-de-Presence-M.1-HSI.pdf\">Liste de Pr\u00e9sence <span style=\"color: #ff00ff;\">M.1 HSI<\/span><\/a><\/strong><\/p><p style=\"text-align: center;\"><strong> <a href=\"https:\/\/www.univ-usto.dz\/faculte\/fac-chimie\/wp-content\/uploads\/2026\/01\/Liste-de-Presence-L.3-HSI.pdf\">Liste de Pr\u00e9sence <span style=\"color: #008000;\">L.3 HSI<\/span><\/a><\/strong><\/p><p style=\"text-align: center;\"><a href=\"https:\/\/www.univ-usto.dz\/faculte\/fac-chimie\/wp-content\/uploads\/2026\/01\/Liste-de-Presence-L.2-HSI.pdf\"><strong>Liste de Pr\u00e9sence <span style=\"color: #800080;\">L.2 HSI<\/span><\/strong><\/a><\/p>\t\t\t\t\t\t\t\t<\/div>\n\t\t\t\t<\/div>\n\t\t\t\t\t<\/div>\n\t\t<\/div>\n\t\t\t\t\t<\/div>\n\t\t<\/section>\n\t\t\t\t<\/div>\n\t\t","protected":false},"excerpt":{"rendered":"<p>Planning des Examen de d\u00e9partement G\u00e9nie des Mat\u00e9riaux S1 2025-2026 V2 Planning des examens de d\u00e9partement Chimie physique\u00a0S1 2025-2026 Planning des examens de d\u00e9partement G\u00e9nie Chimique- 2025-2026- S1- Distribution des <a href=\"https:\/\/www.univ-usto.dz\/faculte\/fac-chimie\/fr\/planning-des-examens-du-premier-semestre-2025-2026\/\" class=\"read-more\">Lire la suite &#8230;<\/a><\/p>\n","protected":false},"author":14,"featured_media":0,"parent":0,"menu_order":0,"comment_status":"closed","ping_status":"closed","template":"","meta":{"footnotes":""},"class_list":["post-34818","page","type-page","status-publish","hentry"],"_links":{"self":[{"href":"https:\/\/www.univ-usto.dz\/faculte\/fac-chimie\/wp-json\/wp\/v2\/pages\/34818","targetHints":{"allow":["GET"]}}],"collection":[{"href":"https:\/\/www.univ-usto.dz\/faculte\/fac-chimie\/wp-json\/wp\/v2\/pages"}],"about":[{"href":"https:\/\/www.univ-usto.dz\/faculte\/fac-chimie\/wp-json\/wp\/v2\/types\/page"}],"author":[{"embeddable":true,"href":"https:\/\/www.univ-usto.dz\/faculte\/fac-chimie\/wp-json\/wp\/v2\/users\/14"}],"replies":[{"embeddable":true,"href":"https:\/\/www.univ-usto.dz\/faculte\/fac-chimie\/wp-json\/wp\/v2\/comments?post=34818"}],"version-history":[{"count":43,"href":"https:\/\/www.univ-usto.dz\/faculte\/fac-chimie\/wp-json\/wp\/v2\/pages\/34818\/revisions"}],"predecessor-version":[{"id":34911,"href":"https:\/\/www.univ-usto.dz\/faculte\/fac-chimie\/wp-json\/wp\/v2\/pages\/34818\/revisions\/34911"}],"wp:attachment":[{"href":"https:\/\/www.univ-usto.dz\/faculte\/fac-chimie\/wp-json\/wp\/v2\/media?parent=34818"}],"curies":[{"name":"wp","href":"https:\/\/api.w.org\/{rel}","templated":true}]}}