{"id":36288,"date":"2026-04-19T09:32:01","date_gmt":"2026-04-19T09:32:01","guid":{"rendered":"https:\/\/www.univ-usto.dz\/faculte\/fac-chimie\/?page_id=36288"},"modified":"2026-04-19T10:01:28","modified_gmt":"2026-04-19T10:01:28","slug":"appel-a-participation-enquete-de-satisfaction-2026","status":"publish","type":"page","link":"https:\/\/www.univ-usto.dz\/faculte\/fac-chimie\/fr\/appel-a-participation-enquete-de-satisfaction-2026\/","title":{"rendered":"Appel \u00e0 participation \u2013 Enqu\u00eate de satisfaction 2026"},"content":{"rendered":"\t\t<div data-elementor-type=\"wp-page\" data-elementor-id=\"36288\" class=\"elementor elementor-36288\">\n\t\t\t\t\t\t<section class=\"elementor-section elementor-top-section elementor-element elementor-element-25914c8 elementor-section-boxed elementor-section-height-default elementor-section-height-default\" data-id=\"25914c8\" data-element_type=\"section\">\n\t\t\t\t\t\t<div class=\"elementor-container elementor-column-gap-default\">\n\t\t\t\t\t<div class=\"elementor-column elementor-col-100 elementor-top-column elementor-element elementor-element-633ad9c\" data-id=\"633ad9c\" data-element_type=\"column\">\n\t\t\t<div class=\"elementor-widget-wrap elementor-element-populated\">\n\t\t\t\t\t\t<div class=\"elementor-element elementor-element-7b6c972 elementor-widget-divider--view-line elementor-widget elementor-widget-divider\" data-id=\"7b6c972\" data-element_type=\"widget\" data-widget_type=\"divider.default\">\n\t\t\t\t<div class=\"elementor-widget-container\">\n\t\t\t\t\t\t\t<div class=\"elementor-divider\">\n\t\t\t<span class=\"elementor-divider-separator\">\n\t\t\t\t\t\t<\/span>\n\t\t<\/div>\n\t\t\t\t\t\t<\/div>\n\t\t\t\t<\/div>\n\t\t\t\t\t<\/div>\n\t\t<\/div>\n\t\t\t\t\t<\/div>\n\t\t<\/section>\n\t\t\t\t<section class=\"elementor-section elementor-top-section elementor-element elementor-element-58992a4 elementor-section-boxed elementor-section-height-default elementor-section-height-default\" data-id=\"58992a4\" data-element_type=\"section\">\n\t\t\t\t\t\t<div class=\"elementor-container elementor-column-gap-default\">\n\t\t\t\t\t<div class=\"elementor-column elementor-col-100 elementor-top-column elementor-element elementor-element-252d17d\" data-id=\"252d17d\" data-element_type=\"column\">\n\t\t\t<div class=\"elementor-widget-wrap elementor-element-populated\">\n\t\t\t\t\t\t<div class=\"elementor-element elementor-element-fc1a655 elementor-widget elementor-widget-text-editor\" data-id=\"fc1a655\" data-element_type=\"widget\" data-widget_type=\"text-editor.default\">\n\t\t\t\t<div class=\"elementor-widget-container\">\n\t\t\t\t\t\t\t\t\t<div><h3 style=\"text-align: center;\"><strong>Dans le cadre de notre d\u00e9marche d\u2019am\u00e9lioration continue de la qualit\u00e9, nous invitons l\u2019ensemble des\u00a0\u00e9tudiants,\u00a0ATS\u00a0et\u00a0enseignants\u00a0\u00e0 participer \u00e0 une enqu\u00eate visant \u00e0 mesurer le niveau de satisfaction au sein de notre \u00e9tablissement.<\/strong><\/h3><h3 style=\"text-align: center;\"><strong>Votre avis est essentiel. Il nous permettra d\u2019identifier les points forts ainsi que les axes d\u2019am\u00e9lioration afin de mieux r\u00e9pondre \u00e0 vos attentes.<\/strong><\/h3><h3 style=\"text-align: center;\"><strong><img decoding=\"async\" class=\"an1\" draggable=\"false\" src=\"https:\/\/fonts.gstatic.com\/s\/e\/notoemoji\/17.0\/1f449\/72.png\" alt=\"\ud83d\udc49\" data-emoji=\"\ud83d\udc49\" aria-label=\"\ud83d\udc49\" \/>\u00a0Comment participer ?<\/strong><br \/><strong>Il vous suffit de\u00a0scanner le code QR correspondant \u00e0 votre cat\u00e9gorie\u00a0(\u00e9tudiant, ATS ou enseignant) pour acc\u00e9der au questionnaire en ligne.<\/strong><br \/><strong>Chaque questionnaire est simple, rapide et enti\u00e8rement confidentiel.<\/strong><\/h3><\/div><div><h3 style=\"text-align: center;\"><strong>Nous comptons sur votre participation active pour contribuer \u00e0 l\u2019am\u00e9lioration de nos services et de notre environnement acad\u00e9mique.<\/strong><\/h3><\/div>\t\t\t\t\t\t\t\t<\/div>\n\t\t\t\t<\/div>\n\t\t\t\t\t<\/div>\n\t\t<\/div>\n\t\t\t\t\t<\/div>\n\t\t<\/section>\n\t\t\t\t<section class=\"elementor-section elementor-top-section elementor-element elementor-element-f1658bc elementor-section-boxed elementor-section-height-default elementor-section-height-default\" data-id=\"f1658bc\" data-element_type=\"section\">\n\t\t\t\t\t\t<div class=\"elementor-container elementor-column-gap-default\">\n\t\t\t\t\t<div class=\"elementor-column elementor-col-100 elementor-top-column elementor-element elementor-element-fdb20fa\" data-id=\"fdb20fa\" data-element_type=\"column\">\n\t\t\t<div class=\"elementor-widget-wrap elementor-element-populated\">\n\t\t\t\t\t\t<div class=\"elementor-element elementor-element-a091a1e elementor-widget elementor-widget-image\" data-id=\"a091a1e\" data-element_type=\"widget\" data-widget_type=\"image.default\">\n\t\t\t\t<div class=\"elementor-widget-container\">\n\t\t\t\t\t\t\t\t\t\t\t\t<figure class=\"wp-caption\">\n\t\t\t\t\t\t\t\t\t\t<img fetchpriority=\"high\" decoding=\"async\" width=\"300\" height=\"300\" src=\"https:\/\/www.univ-usto.dz\/faculte\/fac-chimie\/wp-content\/uploads\/2026\/04\/Indices-de-Satisfaction-initial-pour-le-Personnel-Administratif-300x300.png\" class=\"attachment-medium size-medium wp-image-36291\" alt=\"\" srcset=\"https:\/\/www.univ-usto.dz\/faculte\/fac-chimie\/wp-content\/uploads\/2026\/04\/Indices-de-Satisfaction-initial-pour-le-Personnel-Administratif-300x300.png 300w, https:\/\/www.univ-usto.dz\/faculte\/fac-chimie\/wp-content\/uploads\/2026\/04\/Indices-de-Satisfaction-initial-pour-le-Personnel-Administratif-1024x1024.png 1024w, https:\/\/www.univ-usto.dz\/faculte\/fac-chimie\/wp-content\/uploads\/2026\/04\/Indices-de-Satisfaction-initial-pour-le-Personnel-Administratif-150x150.png 150w, https:\/\/www.univ-usto.dz\/faculte\/fac-chimie\/wp-content\/uploads\/2026\/04\/Indices-de-Satisfaction-initial-pour-le-Personnel-Administratif-768x768.png 768w, https:\/\/www.univ-usto.dz\/faculte\/fac-chimie\/wp-content\/uploads\/2026\/04\/Indices-de-Satisfaction-initial-pour-le-Personnel-Administratif-270x270.png 270w, https:\/\/www.univ-usto.dz\/faculte\/fac-chimie\/wp-content\/uploads\/2026\/04\/Indices-de-Satisfaction-initial-pour-le-Personnel-Administratif-24x24.png 24w, https:\/\/www.univ-usto.dz\/faculte\/fac-chimie\/wp-content\/uploads\/2026\/04\/Indices-de-Satisfaction-initial-pour-le-Personnel-Administratif-36x36.png 36w, https:\/\/www.univ-usto.dz\/faculte\/fac-chimie\/wp-content\/uploads\/2026\/04\/Indices-de-Satisfaction-initial-pour-le-Personnel-Administratif-48x48.png 48w, https:\/\/www.univ-usto.dz\/faculte\/fac-chimie\/wp-content\/uploads\/2026\/04\/Indices-de-Satisfaction-initial-pour-le-Personnel-Administratif.png 1127w\" sizes=\"(max-width: 300px) 100vw, 300px\" \/>\t\t\t\t\t\t\t\t\t\t\t<figcaption class=\"widget-image-caption wp-caption-text\">Indices de Satisfaction initial pour le Personnel Administratif<\/figcaption>\n\t\t\t\t\t\t\t\t\t\t<\/figure>\n\t\t\t\t\t\t\t\t\t<\/div>\n\t\t\t\t<\/div>\n\t\t\t\t\t<\/div>\n\t\t<\/div>\n\t\t\t\t\t<\/div>\n\t\t<\/section>\n\t\t\t\t<section class=\"elementor-section elementor-top-section elementor-element elementor-element-1efd9bd elementor-section-boxed elementor-section-height-default elementor-section-height-default\" data-id=\"1efd9bd\" data-element_type=\"section\">\n\t\t\t\t\t\t<div class=\"elementor-container elementor-column-gap-default\">\n\t\t\t\t\t<div class=\"elementor-column elementor-col-100 elementor-top-column elementor-element elementor-element-28c7668\" data-id=\"28c7668\" data-element_type=\"column\">\n\t\t\t<div class=\"elementor-widget-wrap elementor-element-populated\">\n\t\t\t\t\t\t<div class=\"elementor-element elementor-element-8f67b80 elementor-widget elementor-widget-image\" data-id=\"8f67b80\" data-element_type=\"widget\" data-widget_type=\"image.default\">\n\t\t\t\t<div class=\"elementor-widget-container\">\n\t\t\t\t\t\t\t\t\t\t\t\t<figure class=\"wp-caption\">\n\t\t\t\t\t\t\t\t\t\t<img decoding=\"async\" width=\"300\" height=\"300\" src=\"https:\/\/www.univ-usto.dz\/faculte\/fac-chimie\/wp-content\/uploads\/2026\/04\/Indices-de-satisfaction-initiaux-pour-les-enseignants-300x300.png\" class=\"attachment-medium size-medium wp-image-36297\" alt=\"\" srcset=\"https:\/\/www.univ-usto.dz\/faculte\/fac-chimie\/wp-content\/uploads\/2026\/04\/Indices-de-satisfaction-initiaux-pour-les-enseignants-300x300.png 300w, https:\/\/www.univ-usto.dz\/faculte\/fac-chimie\/wp-content\/uploads\/2026\/04\/Indices-de-satisfaction-initiaux-pour-les-enseignants-1024x1024.png 1024w, https:\/\/www.univ-usto.dz\/faculte\/fac-chimie\/wp-content\/uploads\/2026\/04\/Indices-de-satisfaction-initiaux-pour-les-enseignants-150x150.png 150w, https:\/\/www.univ-usto.dz\/faculte\/fac-chimie\/wp-content\/uploads\/2026\/04\/Indices-de-satisfaction-initiaux-pour-les-enseignants-768x768.png 768w, https:\/\/www.univ-usto.dz\/faculte\/fac-chimie\/wp-content\/uploads\/2026\/04\/Indices-de-satisfaction-initiaux-pour-les-enseignants-270x270.png 270w, https:\/\/www.univ-usto.dz\/faculte\/fac-chimie\/wp-content\/uploads\/2026\/04\/Indices-de-satisfaction-initiaux-pour-les-enseignants-24x24.png 24w, https:\/\/www.univ-usto.dz\/faculte\/fac-chimie\/wp-content\/uploads\/2026\/04\/Indices-de-satisfaction-initiaux-pour-les-enseignants-36x36.png 36w, https:\/\/www.univ-usto.dz\/faculte\/fac-chimie\/wp-content\/uploads\/2026\/04\/Indices-de-satisfaction-initiaux-pour-les-enseignants-48x48.png 48w, https:\/\/www.univ-usto.dz\/faculte\/fac-chimie\/wp-content\/uploads\/2026\/04\/Indices-de-satisfaction-initiaux-pour-les-enseignants.png 1127w\" sizes=\"(max-width: 300px) 100vw, 300px\" \/>\t\t\t\t\t\t\t\t\t\t\t<figcaption class=\"widget-image-caption wp-caption-text\">Indices de satisfaction initiaux pour les enseignants<\/figcaption>\n\t\t\t\t\t\t\t\t\t\t<\/figure>\n\t\t\t\t\t\t\t\t\t<\/div>\n\t\t\t\t<\/div>\n\t\t\t\t\t<\/div>\n\t\t<\/div>\n\t\t\t\t\t<\/div>\n\t\t<\/section>\n\t\t\t\t<section class=\"elementor-section elementor-top-section elementor-element elementor-element-41cd8fa elementor-section-boxed elementor-section-height-default elementor-section-height-default\" data-id=\"41cd8fa\" data-element_type=\"section\">\n\t\t\t\t\t\t<div class=\"elementor-container elementor-column-gap-default\">\n\t\t\t\t\t<div class=\"elementor-column elementor-col-100 elementor-top-column elementor-element elementor-element-a4bd08a\" data-id=\"a4bd08a\" data-element_type=\"column\">\n\t\t\t<div class=\"elementor-widget-wrap elementor-element-populated\">\n\t\t\t\t\t\t<div class=\"elementor-element elementor-element-2cf77ed elementor-widget elementor-widget-image\" data-id=\"2cf77ed\" data-element_type=\"widget\" data-widget_type=\"image.default\">\n\t\t\t\t<div class=\"elementor-widget-container\">\n\t\t\t\t\t\t\t\t\t\t\t\t<figure class=\"wp-caption\">\n\t\t\t\t\t\t\t\t\t\t<img decoding=\"async\" width=\"300\" height=\"300\" src=\"https:\/\/www.univ-usto.dz\/faculte\/fac-chimie\/wp-content\/uploads\/2026\/04\/ndices-de-satisfaction-initiaux-pour-les-Etudiant-300x300.png\" class=\"attachment-medium size-medium wp-image-36290\" alt=\"\" srcset=\"https:\/\/www.univ-usto.dz\/faculte\/fac-chimie\/wp-content\/uploads\/2026\/04\/ndices-de-satisfaction-initiaux-pour-les-Etudiant-300x300.png 300w, https:\/\/www.univ-usto.dz\/faculte\/fac-chimie\/wp-content\/uploads\/2026\/04\/ndices-de-satisfaction-initiaux-pour-les-Etudiant-1024x1024.png 1024w, https:\/\/www.univ-usto.dz\/faculte\/fac-chimie\/wp-content\/uploads\/2026\/04\/ndices-de-satisfaction-initiaux-pour-les-Etudiant-150x150.png 150w, https:\/\/www.univ-usto.dz\/faculte\/fac-chimie\/wp-content\/uploads\/2026\/04\/ndices-de-satisfaction-initiaux-pour-les-Etudiant-768x768.png 768w, https:\/\/www.univ-usto.dz\/faculte\/fac-chimie\/wp-content\/uploads\/2026\/04\/ndices-de-satisfaction-initiaux-pour-les-Etudiant-270x270.png 270w, https:\/\/www.univ-usto.dz\/faculte\/fac-chimie\/wp-content\/uploads\/2026\/04\/ndices-de-satisfaction-initiaux-pour-les-Etudiant-24x24.png 24w, https:\/\/www.univ-usto.dz\/faculte\/fac-chimie\/wp-content\/uploads\/2026\/04\/ndices-de-satisfaction-initiaux-pour-les-Etudiant-36x36.png 36w, https:\/\/www.univ-usto.dz\/faculte\/fac-chimie\/wp-content\/uploads\/2026\/04\/ndices-de-satisfaction-initiaux-pour-les-Etudiant-48x48.png 48w, https:\/\/www.univ-usto.dz\/faculte\/fac-chimie\/wp-content\/uploads\/2026\/04\/ndices-de-satisfaction-initiaux-pour-les-Etudiant.png 1127w\" sizes=\"(max-width: 300px) 100vw, 300px\" \/>\t\t\t\t\t\t\t\t\t\t\t<figcaption class=\"widget-image-caption wp-caption-text\">Indices de satisfaction initiaux pour les Etudiant<\/figcaption>\n\t\t\t\t\t\t\t\t\t\t<\/figure>\n\t\t\t\t\t\t\t\t\t<\/div>\n\t\t\t\t<\/div>\n\t\t\t\t\t<\/div>\n\t\t<\/div>\n\t\t\t\t\t<\/div>\n\t\t<\/section>\n\t\t\t\t<\/div>\n\t\t","protected":false},"excerpt":{"rendered":"<p>Dans le cadre de notre d\u00e9marche d\u2019am\u00e9lioration continue de la qualit\u00e9, nous invitons l\u2019ensemble des\u00a0\u00e9tudiants,\u00a0ATS\u00a0et\u00a0enseignants\u00a0\u00e0 participer \u00e0 une enqu\u00eate visant \u00e0 mesurer le niveau de satisfaction au sein de notre <a href=\"https:\/\/www.univ-usto.dz\/faculte\/fac-chimie\/fr\/appel-a-participation-enquete-de-satisfaction-2026\/\" class=\"read-more\">Lire la suite &#8230;<\/a><\/p>\n","protected":false},"author":14,"featured_media":0,"parent":0,"menu_order":0,"comment_status":"closed","ping_status":"closed","template":"","meta":{"footnotes":""},"class_list":["post-36288","page","type-page","status-publish","hentry"],"_links":{"self":[{"href":"https:\/\/www.univ-usto.dz\/faculte\/fac-chimie\/wp-json\/wp\/v2\/pages\/36288","targetHints":{"allow":["GET"]}}],"collection":[{"href":"https:\/\/www.univ-usto.dz\/faculte\/fac-chimie\/wp-json\/wp\/v2\/pages"}],"about":[{"href":"https:\/\/www.univ-usto.dz\/faculte\/fac-chimie\/wp-json\/wp\/v2\/types\/page"}],"author":[{"embeddable":true,"href":"https:\/\/www.univ-usto.dz\/faculte\/fac-chimie\/wp-json\/wp\/v2\/users\/14"}],"replies":[{"embeddable":true,"href":"https:\/\/www.univ-usto.dz\/faculte\/fac-chimie\/wp-json\/wp\/v2\/comments?post=36288"}],"version-history":[{"count":16,"href":"https:\/\/www.univ-usto.dz\/faculte\/fac-chimie\/wp-json\/wp\/v2\/pages\/36288\/revisions"}],"predecessor-version":[{"id":36309,"href":"https:\/\/www.univ-usto.dz\/faculte\/fac-chimie\/wp-json\/wp\/v2\/pages\/36288\/revisions\/36309"}],"wp:attachment":[{"href":"https:\/\/www.univ-usto.dz\/faculte\/fac-chimie\/wp-json\/wp\/v2\/media?parent=36288"}],"curies":[{"name":"wp","href":"https:\/\/api.w.org\/{rel}","templated":true}]}}