{"id":12410,"date":"2022-12-07T13:38:56","date_gmt":"2022-12-07T13:38:56","guid":{"rendered":"https:\/\/www.univ-usto.dz\/faculte\/fac-physique\/?page_id=12410"},"modified":"2022-12-11T09:23:11","modified_gmt":"2022-12-11T09:23:11","slug":"mot-du-sg","status":"publish","type":"page","link":"https:\/\/www.univ-usto.dz\/faculte\/fac-physique\/mot-du-sg\/","title":{"rendered":"Mot du SG"},"content":{"rendered":"\t\t<div data-elementor-type=\"wp-page\" data-elementor-id=\"12410\" class=\"elementor elementor-12410\">\n\t\t\t\t\t\t<section class=\"elementor-section elementor-top-section elementor-element elementor-element-a82a110 elementor-section-boxed elementor-section-height-default elementor-section-height-default\" data-id=\"a82a110\" data-element_type=\"section\">\n\t\t\t\t\t\t<div class=\"elementor-container elementor-column-gap-default\">\n\t\t\t\t\t<div class=\"elementor-column elementor-col-100 elementor-top-column elementor-element elementor-element-198beec\" data-id=\"198beec\" data-element_type=\"column\">\n\t\t\t<div class=\"elementor-widget-wrap elementor-element-populated\">\n\t\t\t\t\t\t<div class=\"elementor-element elementor-element-256c272 elementor-widget elementor-widget-heading\" data-id=\"256c272\" data-element_type=\"widget\" data-widget_type=\"heading.default\">\n\t\t\t\t<div class=\"elementor-widget-container\">\n\t\t\t\t\t<h1 class=\"elementor-heading-title elementor-size-xl\">Le Mot du SG<\/h1>\t\t\t\t<\/div>\n\t\t\t\t<\/div>\n\t\t\t\t\t<\/div>\n\t\t<\/div>\n\t\t\t\t\t<\/div>\n\t\t<\/section>\n\t\t\t\t<section class=\"elementor-section elementor-top-section elementor-element elementor-element-b7ecf30 elementor-section-boxed elementor-section-height-default elementor-section-height-default\" data-id=\"b7ecf30\" data-element_type=\"section\">\n\t\t\t\t\t\t<div class=\"elementor-container elementor-column-gap-default\">\n\t\t\t\t\t<div class=\"elementor-column elementor-col-33 elementor-top-column elementor-element elementor-element-9077f36\" data-id=\"9077f36\" data-element_type=\"column\">\n\t\t\t<div class=\"elementor-widget-wrap elementor-element-populated\">\n\t\t\t\t\t\t<div class=\"elementor-element elementor-element-9d39abb elementor-widget elementor-widget-image\" data-id=\"9d39abb\" data-element_type=\"widget\" data-widget_type=\"image.default\">\n\t\t\t\t<div class=\"elementor-widget-container\">\n\t\t\t\t\t\t\t\t\t\t\t\t\t\t\t<img fetchpriority=\"high\" decoding=\"async\" width=\"768\" height=\"1024\" src=\"https:\/\/www.univ-usto.dz\/faculte\/fac-physique\/wp-content\/uploads\/2022\/12\/IMG20221206121459-768x1024.jpg\" class=\"attachment-large size-large wp-image-12417\" alt=\"\" srcset=\"https:\/\/www.univ-usto.dz\/faculte\/fac-physique\/wp-content\/uploads\/2022\/12\/IMG20221206121459-768x1024.jpg 768w, https:\/\/www.univ-usto.dz\/faculte\/fac-physique\/wp-content\/uploads\/2022\/12\/IMG20221206121459-225x300.jpg 225w, https:\/\/www.univ-usto.dz\/faculte\/fac-physique\/wp-content\/uploads\/2022\/12\/IMG20221206121459-1152x1536.jpg 1152w, https:\/\/www.univ-usto.dz\/faculte\/fac-physique\/wp-content\/uploads\/2022\/12\/IMG20221206121459-1536x2048.jpg 1536w, https:\/\/www.univ-usto.dz\/faculte\/fac-physique\/wp-content\/uploads\/2022\/12\/IMG20221206121459-203x270.jpg 203w, https:\/\/www.univ-usto.dz\/faculte\/fac-physique\/wp-content\/uploads\/2022\/12\/IMG20221206121459-18x24.jpg 18w, https:\/\/www.univ-usto.dz\/faculte\/fac-physique\/wp-content\/uploads\/2022\/12\/IMG20221206121459-27x36.jpg 27w, https:\/\/www.univ-usto.dz\/faculte\/fac-physique\/wp-content\/uploads\/2022\/12\/IMG20221206121459-36x48.jpg 36w, https:\/\/www.univ-usto.dz\/faculte\/fac-physique\/wp-content\/uploads\/2022\/12\/IMG20221206121459-scaled.jpg 1920w\" sizes=\"(max-width: 768px) 100vw, 768px\" \/>\t\t\t\t\t\t\t\t\t\t\t\t\t\t\t<\/div>\n\t\t\t\t<\/div>\n\t\t\t\t\t<\/div>\n\t\t<\/div>\n\t\t\t\t<div class=\"elementor-column elementor-col-66 elementor-top-column elementor-element elementor-element-d02075e\" data-id=\"d02075e\" data-element_type=\"column\">\n\t\t\t<div class=\"elementor-widget-wrap elementor-element-populated\">\n\t\t\t\t\t\t<div class=\"elementor-element elementor-element-cd441bc elementor-widget elementor-widget-text-editor\" data-id=\"cd441bc\" data-element_type=\"widget\" data-widget_type=\"text-editor.default\">\n\t\t\t\t<div class=\"elementor-widget-container\">\n\t\t\t\t\t\t\t\t\t<ul><li style=\"color: #141414; font-family: Roboto, Helvetica, Arial, sans-serif; font-size: 14px; text-align: justify;\"><h4>La facult\u00e9 de physique est l\u2019une des composantes principales de l\u2019USTOMB, qui dans une optique de gouvernance, vise \u00e0 am\u00e9liorer les performances et l\u2019efficacit\u00e9 au travail, en assurant en continu la rationalit\u00e9 des moyens humains et mat\u00e9riels.<\/h4><h2>Localis\u00e9e sur le site \u00ab <strong>ZONE 7<\/strong> \u00bb, la facult\u00e9 de physique\u00a0:<\/h2><\/li><li style=\"color: #141414; font-family: Roboto, Helvetica, Arial, sans-serif; font-size: 14px; text-align: justify;\"><h4>Compte un effectif ATS totalisant 36 employ\u00e9s charg\u00e9s d\u2019assurer le bon fonctionnement technique et administratif de la facult\u00e9 avec tous ses d\u00e9partements.<\/h4><\/li><li style=\"color: #141414; font-family: Roboto, Helvetica, Arial, sans-serif; font-size: 14px; text-align: justify;\"><h4>Regroupe \u00e9galement 115 enseignants chercheurs tous grades confondus pour encadrer une offre de formation large et diversifi\u00e9e adoss\u00e9e \u00e0 des laboratoires reconnus.<\/h4><h4>Les formations dispens\u00e9es au sein de la facult\u00e9 de physique ont pour objectifs de donner aux \u00e9tudiants les bases scientifiques n\u00e9cessaires telles que : l\u2019observation, l\u2019exp\u00e9rimentation, la mod\u00e9lisation et la r\u00e9flexion th\u00e9orique ce qui permet le maintien d\u2019un \u00e9quilibre vertueux entre formations fondamentales et formations professionnelles.<\/h4><\/li><\/ul>\t\t\t\t\t\t\t\t<\/div>\n\t\t\t\t<\/div>\n\t\t\t\t\t<\/div>\n\t\t<\/div>\n\t\t\t\t\t<\/div>\n\t\t<\/section>\n\t\t\t\t<\/div>\n\t\t","protected":false},"excerpt":{"rendered":"<p>Le Mot du SG La facult\u00e9 de physique est l\u2019une des composantes principales de l\u2019USTOMB, qui dans une optique de gouvernance, vise \u00e0 am\u00e9liorer les performances et l\u2019efficacit\u00e9 au travail, <a href=\"https:\/\/www.univ-usto.dz\/faculte\/fac-physique\/mot-du-sg\/\" class=\"read-more\">Lire la suite &#8230;<\/a><\/p>\n","protected":false},"author":23,"featured_media":0,"parent":0,"menu_order":0,"comment_status":"closed","ping_status":"closed","template":"","meta":{"footnotes":""},"class_list":["post-12410","page","type-page","status-publish","hentry"],"_links":{"self":[{"href":"https:\/\/www.univ-usto.dz\/faculte\/fac-physique\/wp-json\/wp\/v2\/pages\/12410","targetHints":{"allow":["GET"]}}],"collection":[{"href":"https:\/\/www.univ-usto.dz\/faculte\/fac-physique\/wp-json\/wp\/v2\/pages"}],"about":[{"href":"https:\/\/www.univ-usto.dz\/faculte\/fac-physique\/wp-json\/wp\/v2\/types\/page"}],"author":[{"embeddable":true,"href":"https:\/\/www.univ-usto.dz\/faculte\/fac-physique\/wp-json\/wp\/v2\/users\/23"}],"replies":[{"embeddable":true,"href":"https:\/\/www.univ-usto.dz\/faculte\/fac-physique\/wp-json\/wp\/v2\/comments?post=12410"}],"version-history":[{"count":28,"href":"https:\/\/www.univ-usto.dz\/faculte\/fac-physique\/wp-json\/wp\/v2\/pages\/12410\/revisions"}],"predecessor-version":[{"id":12441,"href":"https:\/\/www.univ-usto.dz\/faculte\/fac-physique\/wp-json\/wp\/v2\/pages\/12410\/revisions\/12441"}],"wp:attachment":[{"href":"https:\/\/www.univ-usto.dz\/faculte\/fac-physique\/wp-json\/wp\/v2\/media?parent=12410"}],"curies":[{"name":"wp","href":"https:\/\/api.w.org\/{rel}","templated":true}]}}