{"id":15714,"date":"2026-04-06T09:29:10","date_gmt":"2026-04-06T09:29:10","guid":{"rendered":"https:\/\/www.univ-usto.dz\/faculte\/fac-physique\/?page_id=15714"},"modified":"2026-04-06T09:29:11","modified_gmt":"2026-04-06T09:29:11","slug":"canevas","status":"publish","type":"page","link":"https:\/\/www.univ-usto.dz\/faculte\/fac-physique\/canevas\/","title":{"rendered":"Canevas"},"content":{"rendered":"\n<div data-wp-interactive=\"core\/file\" class=\"wp-block-file\"><object data-wp-bind--hidden=\"!state.hasPdfPreview\" hidden class=\"wp-block-file__embed\" data=\"https:\/\/www.univ-usto.dz\/faculte\/fac-physique\/wp-content\/uploads\/2026\/04\/Arrete-n\u00b01252-du-22-decembre-2022.-Physique-des-rayonnements.pdf\" type=\"application\/pdf\" style=\"width:100%;height:600px\" aria-label=\"Contenu embarqu\u00e9 Arr\u00e9t\u00e9 n\u00b01252 du 22 d\u00e9cembre 2022  Physique des rayonnements.\"><\/object><a id=\"wp-block-file--media-eb7d9bcb-4446-4eee-b98f-44ffbd40e30e\" href=\"https:\/\/www.univ-usto.dz\/faculte\/fac-physique\/wp-content\/uploads\/2026\/04\/Arrete-n\u00b01252-du-22-decembre-2022.-Physique-des-rayonnements.pdf\">Arr\u00e9t\u00e9 n\u00b01252 du 22 d\u00e9cembre 2022  Physique des rayonnements<\/a><a href=\"https:\/\/www.univ-usto.dz\/faculte\/fac-physique\/wp-content\/uploads\/2026\/04\/Arrete-n\u00b01252-du-22-decembre-2022.-Physique-des-rayonnements.pdf\" class=\"wp-block-file__button wp-element-button\" download aria-describedby=\"wp-block-file--media-eb7d9bcb-4446-4eee-b98f-44ffbd40e30e\">T\u00e9l\u00e9charger<\/a><\/div>\n\n\n\n<div data-wp-interactive=\"core\/file\" class=\"wp-block-file\"><object data-wp-bind--hidden=\"!state.hasPdfPreview\" hidden class=\"wp-block-file__embed\" data=\"https:\/\/www.univ-usto.dz\/faculte\/fac-physique\/wp-content\/uploads\/2026\/04\/Canevas_Mise_Conformite_Master_Physique_Medicale.pdf\" type=\"application\/pdf\" style=\"width:100%;height:600px\" aria-label=\"Contenu embarqu\u00e9 Canevas Mise Conformite Master Physique Medicale.\"><\/object><a id=\"wp-block-file--media-8535fc6a-5669-4cb8-bc06-5479b5aac58d\" href=\"https:\/\/www.univ-usto.dz\/faculte\/fac-physique\/wp-content\/uploads\/2026\/04\/Canevas_Mise_Conformite_Master_Physique_Medicale.pdf\">Canevas Mise Conformite Master Physique Medicale<\/a><a href=\"https:\/\/www.univ-usto.dz\/faculte\/fac-physique\/wp-content\/uploads\/2026\/04\/Canevas_Mise_Conformite_Master_Physique_Medicale.pdf\" class=\"wp-block-file__button wp-element-button\" download aria-describedby=\"wp-block-file--media-8535fc6a-5669-4cb8-bc06-5479b5aac58d\">T\u00e9l\u00e9charger<\/a><\/div>\n\n\n\n<div data-wp-interactive=\"core\/file\" class=\"wp-block-file\"><object data-wp-bind--hidden=\"!state.hasPdfPreview\" hidden class=\"wp-block-file__embed\" data=\"https:\/\/www.univ-usto.dz\/faculte\/fac-physique\/wp-content\/uploads\/2026\/04\/Canevas_Mise_Conformite_Master_Sciences_Radiologiques_Imagerie.pdf\" type=\"application\/pdf\" style=\"width:100%;height:600px\" aria-label=\"Contenu embarqu\u00e9 Canevas Mise Conformite Master Sciences Radiologiques Imagerie.\"><\/object><a id=\"wp-block-file--media-df6efc90-7ad5-42f0-86b6-e2844662295a\" href=\"https:\/\/www.univ-usto.dz\/faculte\/fac-physique\/wp-content\/uploads\/2026\/04\/Canevas_Mise_Conformite_Master_Sciences_Radiologiques_Imagerie.pdf\">Canevas Mise Conformite Master Sciences Radiologiques Imagerie<\/a><a href=\"https:\/\/www.univ-usto.dz\/faculte\/fac-physique\/wp-content\/uploads\/2026\/04\/Canevas_Mise_Conformite_Master_Sciences_Radiologiques_Imagerie.pdf\" class=\"wp-block-file__button wp-element-button\" download aria-describedby=\"wp-block-file--media-df6efc90-7ad5-42f0-86b6-e2844662295a\">T\u00e9l\u00e9charger<\/a><\/div>\n\n\n\n<div data-wp-interactive=\"core\/file\" class=\"wp-block-file\"><object data-wp-bind--hidden=\"!state.hasPdfPreview\" hidden class=\"wp-block-file__embed\" data=\"https:\/\/www.univ-usto.dz\/faculte\/fac-physique\/wp-content\/uploads\/2026\/04\/Canevas_phys-enegetique_ER_Final.pdf\" type=\"application\/pdf\" style=\"width:100%;height:600px\" aria-label=\"Contenu embarqu\u00e9 Canevas phys  enegetique ER Final.\"><\/object><a id=\"wp-block-file--media-a3e2d1db-e22a-42f3-9154-24acfb22b950\" href=\"https:\/\/www.univ-usto.dz\/faculte\/fac-physique\/wp-content\/uploads\/2026\/04\/Canevas_phys-enegetique_ER_Final.pdf\">Canevas phys  enegetique ER Final<\/a><a href=\"https:\/\/www.univ-usto.dz\/faculte\/fac-physique\/wp-content\/uploads\/2026\/04\/Canevas_phys-enegetique_ER_Final.pdf\" class=\"wp-block-file__button wp-element-button\" download aria-describedby=\"wp-block-file--media-a3e2d1db-e22a-42f3-9154-24acfb22b950\">T\u00e9l\u00e9charger<\/a><\/div>\n\n\n\n<div data-wp-interactive=\"core\/file\" class=\"wp-block-file\"><object data-wp-bind--hidden=\"!state.hasPdfPreview\" hidden class=\"wp-block-file__embed\" data=\"https:\/\/www.univ-usto.dz\/faculte\/fac-physique\/wp-content\/uploads\/2026\/04\/Canevas_phys-medicale_USTOMB.pdf\" type=\"application\/pdf\" style=\"width:100%;height:600px\" aria-label=\"Contenu embarqu\u00e9 Canevas phys m\u00e9dicale USTOMB.\"><\/object><a id=\"wp-block-file--media-83b57c4a-3a9d-437b-9072-1d6f789a5b24\" href=\"https:\/\/www.univ-usto.dz\/faculte\/fac-physique\/wp-content\/uploads\/2026\/04\/Canevas_phys-medicale_USTOMB.pdf\">Canevas phys m\u00e9dicale USTOMB<\/a><a href=\"https:\/\/www.univ-usto.dz\/faculte\/fac-physique\/wp-content\/uploads\/2026\/04\/Canevas_phys-medicale_USTOMB.pdf\" class=\"wp-block-file__button wp-element-button\" download aria-describedby=\"wp-block-file--media-83b57c4a-3a9d-437b-9072-1d6f789a5b24\">T\u00e9l\u00e9charger<\/a><\/div>\n","protected":false},"excerpt":{"rendered":"","protected":false},"author":25,"featured_media":0,"parent":0,"menu_order":0,"comment_status":"closed","ping_status":"closed","template":"","meta":{"footnotes":""},"class_list":["post-15714","page","type-page","status-publish","hentry"],"_links":{"self":[{"href":"https:\/\/www.univ-usto.dz\/faculte\/fac-physique\/wp-json\/wp\/v2\/pages\/15714","targetHints":{"allow":["GET"]}}],"collection":[{"href":"https:\/\/www.univ-usto.dz\/faculte\/fac-physique\/wp-json\/wp\/v2\/pages"}],"about":[{"href":"https:\/\/www.univ-usto.dz\/faculte\/fac-physique\/wp-json\/wp\/v2\/types\/page"}],"author":[{"embeddable":true,"href":"https:\/\/www.univ-usto.dz\/faculte\/fac-physique\/wp-json\/wp\/v2\/users\/25"}],"replies":[{"embeddable":true,"href":"https:\/\/www.univ-usto.dz\/faculte\/fac-physique\/wp-json\/wp\/v2\/comments?post=15714"}],"version-history":[{"count":1,"href":"https:\/\/www.univ-usto.dz\/faculte\/fac-physique\/wp-json\/wp\/v2\/pages\/15714\/revisions"}],"predecessor-version":[{"id":15720,"href":"https:\/\/www.univ-usto.dz\/faculte\/fac-physique\/wp-json\/wp\/v2\/pages\/15714\/revisions\/15720"}],"wp:attachment":[{"href":"https:\/\/www.univ-usto.dz\/faculte\/fac-physique\/wp-json\/wp\/v2\/media?parent=15714"}],"curies":[{"name":"wp","href":"https:\/\/api.w.org\/{rel}","templated":true}]}}