{"id":16059,"date":"2026-04-19T13:19:43","date_gmt":"2026-04-19T13:19:43","guid":{"rendered":"https:\/\/www.univ-usto.dz\/faculte\/fac-physique\/?page_id=16059"},"modified":"2026-04-19T13:19:44","modified_gmt":"2026-04-19T13:19:44","slug":"%d8%af%d9%83%d8%aa%d9%88%d8%b1%d8%a7%d9%87-lmd","status":"publish","type":"page","link":"https:\/\/www.univ-usto.dz\/faculte\/fac-physique\/ar\/%d8%af%d9%83%d8%aa%d9%88%d8%b1%d8%a7%d9%87-lmd\/","title":{"rendered":"\u062f\u0643\u062a\u0648\u0631\u0627\u0647 LMD"},"content":{"rendered":"\n<div class=\"wp-block-file\"><a id=\"wp-block-file--media-fed25189-f183-4f3e-a2f8-5403bba90c8f\" href=\"https:\/\/www.univ-usto.dz\/faculte\/fac-physique\/wp-content\/uploads\/2025\/04\/ilovepdf_merged.pdf\">Soutenance Doctorat Pr\u00e9sent\u00e9 pa Mme BELKHIR Nabila Le 20\/02\/2025<\/a><a href=\"https:\/\/www.univ-usto.dz\/faculte\/fac-physique\/wp-content\/uploads\/2025\/04\/ilovepdf_merged.pdf\" class=\"wp-block-file__button wp-element-button\" download aria-describedby=\"wp-block-file--media-fed25189-f183-4f3e-a2f8-5403bba90c8f\">T\u00e9l\u00e9charger<\/a><\/div>\n\n\n\n<div class=\"wp-block-file\"><a id=\"wp-block-file--media-3f7f0ae8-f056-4358-8f5a-d5bd3366bb5e\" href=\"https:\/\/www.univ-usto.dz\/faculte\/fac-physique\/wp-content\/uploads\/2024\/09\/Presente-par-Mr.-MEBARKI-Oussama.pdf\" target=\"_blank\" rel=\"noreferrer noopener\">Doctorat de Soutenance Pr\u00e9sent\u00e9 par  Mr. MEBARKI Oussama Le 20\/06\/2024<\/a><a href=\"https:\/\/www.univ-usto.dz\/faculte\/fac-physique\/wp-content\/uploads\/2024\/09\/Presente-par-Mr.-MEBARKI-Oussama.pdf\" class=\"wp-block-file__button wp-element-button\" download aria-describedby=\"wp-block-file--media-3f7f0ae8-f056-4358-8f5a-d5bd3366bb5e\">T\u00e9l\u00e9charger<\/a><\/div>\n\n\n\n<div class=\"wp-block-file\"><a id=\"wp-block-file--media-8b71adc5-51a4-40d8-8570-8011fb0626ba\" href=\"https:\/\/www.univ-usto.dz\/faculte\/fac-physique\/wp-content\/uploads\/2024\/09\/Presente-par-Mr.-CHERIF-Fillali.pdf\" target=\"_blank\" rel=\"noreferrer noopener\">Soutenance de Doctorat Pr\u00e9sent\u00e9 par  Mr. CHERIF Fillali Le 04\/06\/2024 <\/a><a href=\"https:\/\/www.univ-usto.dz\/faculte\/fac-physique\/wp-content\/uploads\/2024\/09\/Presente-par-Mr.-CHERIF-Fillali.pdf\" class=\"wp-block-file__button wp-element-button\" download aria-describedby=\"wp-block-file--media-8b71adc5-51a4-40d8-8570-8011fb0626ba\">T\u00e9l\u00e9charger<\/a><\/div>\n\n\n\n<div class=\"wp-block-file\"><a id=\"wp-block-file--media-646f1214-ba52-4d1b-bda2-f7946aebe38c\" href=\"https:\/\/www.univ-usto.dz\/faculte\/fac-physique\/wp-content\/uploads\/2024\/09\/Presente-par-Mr.-MERABTANE-Bilal.pdf\" target=\"_blank\" rel=\"noreferrer noopener\">Soutenance de Doctorat Pr\u00e9sent\u00e9 par  Mr. MERABTANE Bilal Le 03\/06\/2024<\/a><a href=\"https:\/\/www.univ-usto.dz\/faculte\/fac-physique\/wp-content\/uploads\/2024\/09\/Presente-par-Mr.-MERABTANE-Bilal.pdf\" class=\"wp-block-file__button wp-element-button\" download aria-describedby=\"wp-block-file--media-646f1214-ba52-4d1b-bda2-f7946aebe38c\">T\u00e9l\u00e9charger<\/a><\/div>\n\n\n\n<div class=\"wp-block-file\"><a id=\"wp-block-file--media-fd2c2720-5496-4549-8316-ef8f99311398\" href=\"https:\/\/www.univ-usto.dz\/faculte\/fac-physique\/wp-content\/uploads\/2024\/09\/Presente-par-Mme-YAHIAOUI-Chahinez.pdf\" target=\"_blank\" rel=\"noreferrer noopener\">Soutenance de Doctorat Pr\u00e9sent\u00e9 par  Mme YAHIAOUI Chahinez Le 22\/02\/2024<\/a><a href=\"https:\/\/www.univ-usto.dz\/faculte\/fac-physique\/wp-content\/uploads\/2024\/09\/Presente-par-Mme-YAHIAOUI-Chahinez.pdf\" class=\"wp-block-file__button wp-element-button\" download aria-describedby=\"wp-block-file--media-fd2c2720-5496-4549-8316-ef8f99311398\">T\u00e9l\u00e9charger<\/a><\/div>\n\n\n\n<div class=\"wp-block-file\"><a id=\"wp-block-file--media-2c89516f-0e3e-4e73-84ac-b0ed73a1f5c7\" href=\"https:\/\/www.univ-usto.dz\/faculte\/fac-physique\/wp-content\/uploads\/2025\/04\/MODIFICATION-THESE-YAHIAOUI-2024_removed-1.pdf\">Soutenance Doctorat Pr\u00e9sent\u00e9 par Mr. YAHIAOUI Mostefa<\/a><a href=\"https:\/\/www.univ-usto.dz\/faculte\/fac-physique\/wp-content\/uploads\/2025\/04\/MODIFICATION-THESE-YAHIAOUI-2024_removed-1.pdf\" class=\"wp-block-file__button wp-element-button\" download aria-describedby=\"wp-block-file--media-2c89516f-0e3e-4e73-84ac-b0ed73a1f5c7\">T\u00e9l\u00e9charger<\/a><\/div>\n\n\n\n<div class=\"wp-block-file\"><a id=\"wp-block-file--media-e2234067-efa3-4c3a-8ce2-d9f0b02d295b\" href=\"https:\/\/www.univ-usto.dz\/faculte\/fac-physique\/wp-content\/uploads\/2025\/04\/these_Mebarki_240623_1415402_removed.pdf\">Soutenance Doctorat Pr\u00e9sent\u00e9 par Mr. Mebarki oussama<\/a><a href=\"https:\/\/www.univ-usto.dz\/faculte\/fac-physique\/wp-content\/uploads\/2025\/04\/these_Mebarki_240623_1415402_removed.pdf\" class=\"wp-block-file__button wp-element-button\" download aria-describedby=\"wp-block-file--media-e2234067-efa3-4c3a-8ce2-d9f0b02d295b\">T\u00e9l\u00e9charger<\/a><\/div>\n\n\n\n<div class=\"wp-block-file\"><a id=\"wp-block-file--media-f120906b-79e5-4e2e-bfac-3a10a7081370\" href=\"https:\/\/www.univ-usto.dz\/faculte\/fac-physique\/wp-content\/uploads\/2025\/04\/THESE-DE-DOCTORAT-DRIS-KELTOUM_removed.pdf\">Soutenance DOCTORAT Pr\u00e9sent\u00e9 par Mme. DRIS KELTOUM Le 04\/12\/2024<\/a><a href=\"https:\/\/www.univ-usto.dz\/faculte\/fac-physique\/wp-content\/uploads\/2025\/04\/THESE-DE-DOCTORAT-DRIS-KELTOUM_removed.pdf\" class=\"wp-block-file__button wp-element-button\" download aria-describedby=\"wp-block-file--media-f120906b-79e5-4e2e-bfac-3a10a7081370\">T\u00e9l\u00e9charger<\/a><\/div>\n\n\n\n<div class=\"wp-block-file\"><a id=\"wp-block-file--media-a65304f5-af44-457f-b4b8-01d23b52e6a0\" href=\"https:\/\/www.univ-usto.dz\/faculte\/fac-physique\/wp-content\/uploads\/2024\/09\/Presentee-par-AROUSSI-Hend-Cherifa.pdf\" target=\"_blank\" rel=\"noreferrer noopener\">Soutenance Doctorat Pr\u00e9sent\u00e9e par  AROUSSI Hend Ch\u00e9rifa Le 30\/11\/2023<\/a><a href=\"https:\/\/www.univ-usto.dz\/faculte\/fac-physique\/wp-content\/uploads\/2024\/09\/Presentee-par-AROUSSI-Hend-Cherifa.pdf\" class=\"wp-block-file__button wp-element-button\" download aria-describedby=\"wp-block-file--media-a65304f5-af44-457f-b4b8-01d23b52e6a0\">T\u00e9l\u00e9charger<\/a><\/div>\n\n\n\n<div class=\"wp-block-file\"><a id=\"wp-block-file--media-4a302140-cae9-499d-b2f2-e89beb662046\" href=\"https:\/\/www.univ-usto.dz\/faculte\/fac-physique\/wp-content\/uploads\/2025\/04\/these-boualem_removed.pdf\">Soutenance Doctorat Pr\u00e9sent\u00e9 par Mme.BOUALEM ASMAA<\/a><a href=\"https:\/\/www.univ-usto.dz\/faculte\/fac-physique\/wp-content\/uploads\/2025\/04\/these-boualem_removed.pdf\" class=\"wp-block-file__button wp-element-button\" download aria-describedby=\"wp-block-file--media-4a302140-cae9-499d-b2f2-e89beb662046\">T\u00e9l\u00e9charger<\/a><\/div>\n\n\n\n<div class=\"wp-block-file\"><a id=\"wp-block-file--media-601ad744-dbf0-46e9-8322-3bd23319b6df\" href=\"https:\/\/www.univ-usto.dz\/faculte\/fac-physique\/wp-content\/uploads\/2025\/04\/Pages-de-garde-Ayyoub-.pdf\">Soutenance Doctorat Pr\u00e9sent\u00e9 par Mr.BENZZALLA  Ayyoub<\/a><a href=\"https:\/\/www.univ-usto.dz\/faculte\/fac-physique\/wp-content\/uploads\/2025\/04\/Pages-de-garde-Ayyoub-.pdf\" class=\"wp-block-file__button wp-element-button\" download aria-describedby=\"wp-block-file--media-601ad744-dbf0-46e9-8322-3bd23319b6df\">T\u00e9l\u00e9charger<\/a><\/div>\n\n\n\n<div class=\"wp-block-file\"><a id=\"wp-block-file--media-8daec958-9d66-49cf-acf1-2e4f9cab420d\" href=\"https:\/\/www.univ-usto.dz\/faculte\/fac-physique\/wp-content\/uploads\/2025\/04\/these-finale-Kadri_removed.pdf\">Soutenance Doctorat Pr\u00e9sent\u00e9 par Mr. Kadri Asma<\/a><a href=\"https:\/\/www.univ-usto.dz\/faculte\/fac-physique\/wp-content\/uploads\/2025\/04\/these-finale-Kadri_removed.pdf\" class=\"wp-block-file__button wp-element-button\" download aria-describedby=\"wp-block-file--media-8daec958-9d66-49cf-acf1-2e4f9cab420d\">T\u00e9l\u00e9charger<\/a><\/div>\n\n\n\n<div class=\"wp-block-file\"><a id=\"wp-block-file--media-34299b8f-e3b2-4f2a-a370-a1338a9d5f8c\" href=\"https:\/\/www.univ-usto.dz\/faculte\/fac-physique\/wp-content\/uploads\/2025\/04\/these_Boudjella_removed.pdf\">Soutenance Doctorat Pr\u00e9sent\u00e9 par Mme.BOUDJELLA  manal yasmine <\/a><a href=\"https:\/\/www.univ-usto.dz\/faculte\/fac-physique\/wp-content\/uploads\/2025\/04\/these_Boudjella_removed.pdf\" class=\"wp-block-file__button wp-element-button\" download aria-describedby=\"wp-block-file--media-34299b8f-e3b2-4f2a-a370-a1338a9d5f8c\">T\u00e9l\u00e9charger<\/a><\/div>\n\n\n\n<div class=\"wp-block-file\"><a id=\"wp-block-file--media-6a7addb0-3479-46a0-8200-1aa21646fb88\" href=\"https:\/\/www.univ-usto.dz\/faculte\/fac-physique\/wp-content\/uploads\/2025\/04\/These_Malki_Finale_removed.pdf\">Soutenance Doctorat Pr\u00e9sent\u00e9 par Mme.Malki radia<\/a><a href=\"https:\/\/www.univ-usto.dz\/faculte\/fac-physique\/wp-content\/uploads\/2025\/04\/These_Malki_Finale_removed.pdf\" class=\"wp-block-file__button wp-element-button\" download aria-describedby=\"wp-block-file--media-6a7addb0-3479-46a0-8200-1aa21646fb88\">T\u00e9l\u00e9charger<\/a><\/div>\n\n\n\n<div class=\"wp-block-file\"><a id=\"wp-block-file--media-0bc43075-4659-43a4-ab90-7d80974ff072\" href=\"https:\/\/www.univ-usto.dz\/faculte\/fac-physique\/wp-content\/uploads\/2025\/04\/MANUSCRIT-DOCTORAT-LMD-AOUAD-2024.pdf\">Soutenance DOCTORAT Pr\u00e9sent\u00e9 par Mme.AOUAD imane<\/a><a href=\"https:\/\/www.univ-usto.dz\/faculte\/fac-physique\/wp-content\/uploads\/2025\/04\/MANUSCRIT-DOCTORAT-LMD-AOUAD-2024.pdf\" class=\"wp-block-file__button wp-element-button\" download aria-describedby=\"wp-block-file--media-0bc43075-4659-43a4-ab90-7d80974ff072\">T\u00e9l\u00e9charger<\/a><\/div>\n\n\n\n<div class=\"wp-block-file\"><a id=\"wp-block-file--media-8d1729d4-28dc-4968-9c7e-026e94e6cda0\" href=\"https:\/\/www.univ-usto.dz\/faculte\/fac-physique\/wp-content\/uploads\/2025\/04\/these-de-doctorat-BOUCHIKHI-Billel-Abdelaziz_removed.pdf\">Soutenance Doctorat Pr\u00e9sent\u00e9 par Mr.BOUCHIKHI Billel Abdelaziz<\/a><a href=\"https:\/\/www.univ-usto.dz\/faculte\/fac-physique\/wp-content\/uploads\/2025\/04\/these-de-doctorat-BOUCHIKHI-Billel-Abdelaziz_removed.pdf\" class=\"wp-block-file__button wp-element-button\" download aria-describedby=\"wp-block-file--media-8d1729d4-28dc-4968-9c7e-026e94e6cda0\">T\u00e9l\u00e9charger<\/a><\/div>\n\n\n\n<div class=\"wp-block-file\"><a id=\"wp-block-file--media-89c6796f-35a6-4057-8bf6-896f2057955f\" href=\"https:\/\/www.univ-usto.dz\/faculte\/fac-physique\/wp-content\/uploads\/2025\/04\/These_removed-1.pdf\">Soutenance Doctorat Pr\u00e9sent\u00e9 par Mme.AOUAIL NOURIA Le15\/03\/2023<\/a><a href=\"https:\/\/www.univ-usto.dz\/faculte\/fac-physique\/wp-content\/uploads\/2025\/04\/These_removed-1.pdf\" class=\"wp-block-file__button wp-element-button\" download aria-describedby=\"wp-block-file--media-89c6796f-35a6-4057-8bf6-896f2057955f\">T\u00e9l\u00e9charger<\/a><\/div>\n\n\n\n<div class=\"wp-block-file\"><a id=\"wp-block-file--media-720bd1b2-c9f9-4974-9643-a6d87c99de0b\" href=\"https:\/\/www.univ-usto.dz\/faculte\/fac-physique\/wp-content\/uploads\/2025\/04\/0-Page-de-garde-new.pdf\">Soutenance Doctorat Pr\u00e9sent\u00e9 par Mr.SAHILA Adel<\/a><a href=\"https:\/\/www.univ-usto.dz\/faculte\/fac-physique\/wp-content\/uploads\/2025\/04\/0-Page-de-garde-new.pdf\" class=\"wp-block-file__button wp-element-button\" download aria-describedby=\"wp-block-file--media-720bd1b2-c9f9-4974-9643-a6d87c99de0b\">T\u00e9l\u00e9charger<\/a><\/div>\n\n\n\n<div class=\"wp-block-file\"><a id=\"wp-block-file--media-44a5944b-6e33-46f7-aa1a-254305145bf7\" href=\"https:\/\/www.univ-usto.dz\/faculte\/fac-physique\/wp-content\/uploads\/2025\/04\/These-Hireche-Baghdad-Asmaa_removed.pdf\">Soutenance Doctorat Pr\u00e9sent\u00e9 par Mme. Hireche Baghdad Asmaa<\/a><a href=\"https:\/\/www.univ-usto.dz\/faculte\/fac-physique\/wp-content\/uploads\/2025\/04\/These-Hireche-Baghdad-Asmaa_removed.pdf\" class=\"wp-block-file__button wp-element-button\" download aria-describedby=\"wp-block-file--media-44a5944b-6e33-46f7-aa1a-254305145bf7\">T\u00e9l\u00e9charger<\/a><\/div>\n\n\n\n<div class=\"wp-block-file\"><a id=\"wp-block-file--media-bc697570-8f89-486b-aa61-fe3a18979df7\" href=\"https:\/\/www.univ-usto.dz\/faculte\/fac-physique\/wp-content\/uploads\/2025\/04\/these_removed-2.pdf\">Soutenance Doctorat Pr\u00e9sent\u00e9 par Mr.OUAR Mohammed<\/a><a href=\"https:\/\/www.univ-usto.dz\/faculte\/fac-physique\/wp-content\/uploads\/2025\/04\/these_removed-2.pdf\" class=\"wp-block-file__button wp-element-button\" download aria-describedby=\"wp-block-file--media-bc697570-8f89-486b-aa61-fe3a18979df7\">T\u00e9l\u00e9charger<\/a><\/div>\n\n\n\n<div class=\"wp-block-file\"><a id=\"wp-block-file--media-16f06675-1d2a-4637-ab80-5f15f263d512\" href=\"https:\/\/www.univ-usto.dz\/faculte\/fac-physique\/wp-content\/uploads\/2025\/04\/amina_page-de-guard-1.pdf\">Soutenance Doctorat Pr\u00e9sent\u00e9 par Mme.HAOUI Amina<\/a><a href=\"https:\/\/www.univ-usto.dz\/faculte\/fac-physique\/wp-content\/uploads\/2025\/04\/amina_page-de-guard-1.pdf\" class=\"wp-block-file__button wp-element-button\" download aria-describedby=\"wp-block-file--media-16f06675-1d2a-4637-ab80-5f15f263d512\">T\u00e9l\u00e9charger<\/a><\/div>\n\n\n\n<div class=\"wp-block-file\"><a id=\"wp-block-file--media-e63c39f7-74bc-4e95-a1c6-8a84fc6e29ae\" href=\"https:\/\/www.univ-usto.dz\/faculte\/fac-physique\/wp-content\/uploads\/2025\/04\/theseMedeghri_10072023_removed.pdf\">Soutenance Doctorat Pr\u00e9sent\u00e9 par Mme.Hadjira MEDEGHRI<\/a><a href=\"https:\/\/www.univ-usto.dz\/faculte\/fac-physique\/wp-content\/uploads\/2025\/04\/theseMedeghri_10072023_removed.pdf\" class=\"wp-block-file__button wp-element-button\" download aria-describedby=\"wp-block-file--media-e63c39f7-74bc-4e95-a1c6-8a84fc6e29ae\">T\u00e9l\u00e9charger<\/a><\/div>\n\n\n\n<div class=\"wp-block-file\"><a id=\"wp-block-file--media-fb6a5d5a-9c2a-424d-ad3e-0b4d090e16c0\" href=\"https:\/\/www.univ-usto.dz\/faculte\/fac-physique\/wp-content\/uploads\/2025\/04\/These-du-doctorat-M.A.BENELMOUAZ_removed.pdf\">Soutenance Doctorat Pr\u00e9sent\u00e9 par Mr.BENELMOUAZ Mohamed Amine<\/a><a href=\"https:\/\/www.univ-usto.dz\/faculte\/fac-physique\/wp-content\/uploads\/2025\/04\/These-du-doctorat-M.A.BENELMOUAZ_removed.pdf\" class=\"wp-block-file__button wp-element-button\" download aria-describedby=\"wp-block-file--media-fb6a5d5a-9c2a-424d-ad3e-0b4d090e16c0\">T\u00e9l\u00e9charger<\/a><\/div>\n\n\n\n<div class=\"wp-block-file\"><a id=\"wp-block-file--media-99b9c299-636b-4e55-950b-0dab7b35586e\" href=\"https:\/\/www.univ-usto.dz\/faculte\/fac-physique\/wp-content\/uploads\/2025\/04\/Manuscrit-Fatima-Nadia-HADDOU-BEN-DADI-DZ-21-06-2022_removed.pdf\">Soutenance Doctorat Pr\u00e9sent\u00e9 par Mme.HADDOU Fatima Nadia Le<\/a><a href=\"https:\/\/www.univ-usto.dz\/faculte\/fac-physique\/wp-content\/uploads\/2025\/04\/Manuscrit-Fatima-Nadia-HADDOU-BEN-DADI-DZ-21-06-2022_removed.pdf\" class=\"wp-block-file__button wp-element-button\" download aria-describedby=\"wp-block-file--media-99b9c299-636b-4e55-950b-0dab7b35586e\">T\u00e9l\u00e9charger<\/a><\/div>\n\n\n\n<div class=\"wp-block-file\"><a id=\"wp-block-file--media-b7f30cf1-437f-4210-9bfe-799449097c02\" href=\"https:\/\/www.univ-usto.dz\/faculte\/fac-physique\/wp-content\/uploads\/2025\/04\/Meftah.S.ECaracterisation-IV-et-CV-dun-dispositif-electronique-a-base-dun-materiau-organique_removed-1.pdf\">Soutenance Doctorat Pr\u00e9sent\u00e9 par Mme.MEFTAH Sabrine Ezzahra Le 14\/12\/2021<\/a><a href=\"https:\/\/www.univ-usto.dz\/faculte\/fac-physique\/wp-content\/uploads\/2025\/04\/Meftah.S.ECaracterisation-IV-et-CV-dun-dispositif-electronique-a-base-dun-materiau-organique_removed-1.pdf\" class=\"wp-block-file__button wp-element-button\" download aria-describedby=\"wp-block-file--media-b7f30cf1-437f-4210-9bfe-799449097c02\">T\u00e9l\u00e9charger<\/a><\/div>\n\n\n\n<div class=\"wp-block-file\"><a id=\"wp-block-file--media-7763262d-85b9-4f29-b08e-7ef5b1a09ee6\" href=\"https:\/\/www.univ-usto.dz\/faculte\/fac-physique\/wp-content\/uploads\/2025\/04\/Page_Garde_Doc1.pdf\">Soutenance Doctorat Pr\u00e9sent\u00e9 par Mme.Mme LAKRED Yamina Le 15\/12\/2021<\/a><a href=\"https:\/\/www.univ-usto.dz\/faculte\/fac-physique\/wp-content\/uploads\/2025\/04\/Page_Garde_Doc1.pdf\" class=\"wp-block-file__button wp-element-button\" download aria-describedby=\"wp-block-file--media-7763262d-85b9-4f29-b08e-7ef5b1a09ee6\">T\u00e9l\u00e9charger<\/a><\/div>\n\n\n\n<div class=\"wp-block-file\"><a id=\"wp-block-file--media-5e440770-517d-4df4-9ccc-2b534b3cb8eb\" href=\"https:\/\/www.univ-usto.dz\/faculte\/fac-physique\/wp-content\/uploads\/2025\/04\/these-de-doctorat-wafa-hadj-kouider_removed.pdf\">Soutenance Doctorat Pr\u00e9sent\u00e9 par Mme.Hadj Kouider Wafa Le 05\/06\/2022 <\/a><a href=\"https:\/\/www.univ-usto.dz\/faculte\/fac-physique\/wp-content\/uploads\/2025\/04\/these-de-doctorat-wafa-hadj-kouider_removed.pdf\" class=\"wp-block-file__button wp-element-button\" download aria-describedby=\"wp-block-file--media-5e440770-517d-4df4-9ccc-2b534b3cb8eb\">T\u00e9l\u00e9charger<\/a><\/div>\n\n\n\n<div class=\"wp-block-file\"><a id=\"wp-block-file--media-129a3cd8-1b6b-4fe1-99eb-adc1001d14d1\" href=\"https:\/\/www.univ-usto.dz\/faculte\/fac-physique\/wp-content\/uploads\/2025\/04\/Page-de-Garde_LMD.pdf\">Soutenance Doctorat Pr\u00e9sent\u00e9 par Mr.BENYAHIA Ahmed Le<\/a><a href=\"https:\/\/www.univ-usto.dz\/faculte\/fac-physique\/wp-content\/uploads\/2025\/04\/Page-de-Garde_LMD.pdf\" class=\"wp-block-file__button wp-element-button\" download aria-describedby=\"wp-block-file--media-129a3cd8-1b6b-4fe1-99eb-adc1001d14d1\">T\u00e9l\u00e9charger<\/a><\/div>\n\n\n\n<div class=\"wp-block-file\"><a id=\"wp-block-file--media-adf1125e-c76a-4147-ae99-2169a9d504a5\" href=\"https:\/\/www.univ-usto.dz\/faculte\/fac-physique\/wp-content\/uploads\/2025\/04\/these-finale22_removed.pdf\">Soutenance Doctorat Pr\u00e9sent\u00e9 par Mme.CHEMSEDDINE Aicha Le<\/a><a href=\"https:\/\/www.univ-usto.dz\/faculte\/fac-physique\/wp-content\/uploads\/2025\/04\/these-finale22_removed.pdf\" class=\"wp-block-file__button wp-element-button\" download aria-describedby=\"wp-block-file--media-adf1125e-c76a-4147-ae99-2169a9d504a5\">T\u00e9l\u00e9charger<\/a><\/div>\n\n\n\n<div class=\"wp-block-file\"><a id=\"wp-block-file--media-4e1e00b7-427f-4719-ac41-4b167d1f40f1\" href=\"https:\/\/www.univ-usto.dz\/faculte\/fac-physique\/wp-content\/uploads\/2025\/04\/thes-doctorat-lmd-saidi-sara.pdf\">Soutenance Doctorat Pr\u00e9sent\u00e9 par Mme.Saidi sara Le 16\/03\/2023<\/a><a href=\"https:\/\/www.univ-usto.dz\/faculte\/fac-physique\/wp-content\/uploads\/2025\/04\/thes-doctorat-lmd-saidi-sara.pdf\" class=\"wp-block-file__button wp-element-button\" download aria-describedby=\"wp-block-file--media-4e1e00b7-427f-4719-ac41-4b167d1f40f1\">T\u00e9l\u00e9charger<\/a><\/div>\n\n\n\n<div class=\"wp-block-file\"><a id=\"wp-block-file--media-a8a2e85d-b5fa-4761-962a-4970f425b0aa\" href=\"https:\/\/www.univ-usto.dz\/faculte\/fac-physique\/wp-content\/uploads\/2025\/04\/these-doctorat-MEHOUEN-Mhamed_removed.pdf\">Soutenance Doctorat Pr\u00e9sent\u00e9 Par MEHOUEN M\u2019hamed<\/a><a href=\"https:\/\/www.univ-usto.dz\/faculte\/fac-physique\/wp-content\/uploads\/2025\/04\/these-doctorat-MEHOUEN-Mhamed_removed.pdf\" class=\"wp-block-file__button wp-element-button\" download aria-describedby=\"wp-block-file--media-a8a2e85d-b5fa-4761-962a-4970f425b0aa\">T\u00e9l\u00e9charger<\/a><\/div>\n\n\n\n<div class=\"wp-block-file\"><a id=\"wp-block-file--media-5ca1f005-721b-4b85-9460-25b9049ec7b2\" href=\"https:\/\/www.univ-usto.dz\/faculte\/fac-physique\/wp-content\/uploads\/2025\/04\/These-Bendjebbar-finale-120062021_removed-1.pdf\">Soutenance Doctorat Pr\u00e9sent\u00e9 Par Mr.BENDJEBBAR Kamel Eddine<\/a><a href=\"https:\/\/www.univ-usto.dz\/faculte\/fac-physique\/wp-content\/uploads\/2025\/04\/These-Bendjebbar-finale-120062021_removed-1.pdf\" class=\"wp-block-file__button wp-element-button\" download aria-describedby=\"wp-block-file--media-5ca1f005-721b-4b85-9460-25b9049ec7b2\">T\u00e9l\u00e9charger<\/a><\/div>\n\n\n\n<div class=\"wp-block-file\"><a id=\"wp-block-file--media-9b33d4c1-dc30-49aa-9600-29dc31011ff7\" href=\"https:\/\/www.univ-usto.dz\/faculte\/fac-physique\/wp-content\/uploads\/2025\/04\/These-Bendjebbar-finale-120062021_removed-2.pdf\">Soutenance Doctorat Pr\u00e9sent\u00e9 Par Mr.TEDJINI MOHAMMED HOCINE Le 26\/07\/2021<\/a><a href=\"https:\/\/www.univ-usto.dz\/faculte\/fac-physique\/wp-content\/uploads\/2025\/04\/These-Bendjebbar-finale-120062021_removed-2.pdf\" class=\"wp-block-file__button wp-element-button\" download aria-describedby=\"wp-block-file--media-9b33d4c1-dc30-49aa-9600-29dc31011ff7\">T\u00e9l\u00e9charger<\/a><\/div>\n\n\n\n<div class=\"wp-block-file\"><a id=\"wp-block-file--media-73fba652-3057-4875-a59d-068f4b546c06\" href=\"https:\/\/www.univ-usto.dz\/faculte\/fac-physique\/wp-content\/uploads\/2025\/04\/finale_removed.pdf\">Soutenance Doctorat Pr\u00e9sent\u00e9 Par Mme.Melle Djabri Khaoula Le<\/a><a href=\"https:\/\/www.univ-usto.dz\/faculte\/fac-physique\/wp-content\/uploads\/2025\/04\/finale_removed.pdf\" class=\"wp-block-file__button wp-element-button\" download aria-describedby=\"wp-block-file--media-73fba652-3057-4875-a59d-068f4b546c06\">T\u00e9l\u00e9charger<\/a><\/div>\n","protected":false},"excerpt":{"rendered":"","protected":false},"author":25,"featured_media":0,"parent":0,"menu_order":0,"comment_status":"closed","ping_status":"closed","template":"","meta":{"footnotes":""},"class_list":["post-16059","page","type-page","status-publish","hentry"],"_links":{"self":[{"href":"https:\/\/www.univ-usto.dz\/faculte\/fac-physique\/wp-json\/wp\/v2\/pages\/16059","targetHints":{"allow":["GET"]}}],"collection":[{"href":"https:\/\/www.univ-usto.dz\/faculte\/fac-physique\/wp-json\/wp\/v2\/pages"}],"about":[{"href":"https:\/\/www.univ-usto.dz\/faculte\/fac-physique\/wp-json\/wp\/v2\/types\/page"}],"author":[{"embeddable":true,"href":"https:\/\/www.univ-usto.dz\/faculte\/fac-physique\/wp-json\/wp\/v2\/users\/25"}],"replies":[{"embeddable":true,"href":"https:\/\/www.univ-usto.dz\/faculte\/fac-physique\/wp-json\/wp\/v2\/comments?post=16059"}],"version-history":[{"count":1,"href":"https:\/\/www.univ-usto.dz\/faculte\/fac-physique\/wp-json\/wp\/v2\/pages\/16059\/revisions"}],"predecessor-version":[{"id":16060,"href":"https:\/\/www.univ-usto.dz\/faculte\/fac-physique\/wp-json\/wp\/v2\/pages\/16059\/revisions\/16060"}],"wp:attachment":[{"href":"https:\/\/www.univ-usto.dz\/faculte\/fac-physique\/wp-json\/wp\/v2\/media?parent=16059"}],"curies":[{"name":"wp","href":"https:\/\/api.w.org\/{rel}","templated":true}]}}