{"id":11322,"date":"2021-07-04T14:05:45","date_gmt":"2021-07-04T14:05:45","guid":{"rendered":"https:\/\/www.univ-usto.dz\/faculte\/fac-snv\/?page_id=11322"},"modified":"2021-07-04T14:06:19","modified_gmt":"2021-07-04T14:06:19","slug":"categorisation-des-revues-dgrsdt-2019-2021","status":"publish","type":"page","link":"https:\/\/www.univ-usto.dz\/faculte\/fac-snv\/categorisation-des-revues-dgrsdt-2019-2021\/","title":{"rendered":"Cat\u00e9gorisation des Revues DGRSDT 2019 &#8211; 2021"},"content":{"rendered":"\t\t<div data-elementor-type=\"wp-page\" data-elementor-id=\"11322\" class=\"elementor elementor-11322\">\n\t\t\t\t\t\t<section class=\"elementor-section elementor-top-section elementor-element elementor-element-20a8954 elementor-section-boxed elementor-section-height-default elementor-section-height-default\" data-id=\"20a8954\" data-element_type=\"section\">\n\t\t\t\t\t\t<div class=\"elementor-container elementor-column-gap-default\">\n\t\t\t\t\t<div class=\"elementor-column elementor-col-100 elementor-top-column elementor-element elementor-element-57def17\" data-id=\"57def17\" data-element_type=\"column\">\n\t\t\t<div class=\"elementor-widget-wrap elementor-element-populated\">\n\t\t\t\t\t\t<div class=\"elementor-element elementor-element-774ddc0 elementor-widget elementor-widget-text-editor\" data-id=\"774ddc0\" data-element_type=\"widget\" data-widget_type=\"text-editor.default\">\n\t\t\t\t<div class=\"elementor-widget-container\">\n\t\t\t\t\t\t\t\t\t<p style=\"margin-bottom: 1em; color: rgb(0, 0, 0); font-family: &quot;Helvetica Neue&quot;, Helvetica, Arial, sans-serif; font-size: 10px; background: rgb(252, 248, 227); text-align: center;\"><span style=\"font-size: 24pt; color: rgb(0, 0, 255);\"><strong><span style=\"font-family: &quot;Book Antiqua&quot;, serif;\">Cat\u00e9gorisation Des Revues DGRSDT (Edition 2019) :<\/span><\/strong><span style=\"font-family: Helvetica, sans-serif;\"><\/span><\/span><\/p><h1 style=\"margin-top: 20px; margin-bottom: 10px; font-family: &quot; &quot;, sans-serif; font-weight: 700; line-height: 1.3em; color: rgb(51, 51, 51); text-rendering: optimizelegibility; font-size: 36px; border: 0px none; text-align: start;\"><span style=\"color: rgb(0, 0, 0);\">&nbsp;<span style=\"font-size: 18pt; font-family: &quot;book antiqua&quot;, palatino;\"><span style=\"line-height: 27.6px;\">1.&nbsp;<a href=\"https:\/\/drive.google.com\/open?id=10-xoZSqtmW1ubaN-aA3PqFUqwmVZcjek\" style=\"color: rgb(0, 0, 0); transition: all 0.3s ease-out 0s;\">Listes des revues de cat\u00e9gorie A.<\/a><\/span><\/span><\/span><\/h1><h1 style=\"margin-top: 20px; margin-bottom: 10px; font-family: &quot; &quot;, sans-serif; font-weight: 700; line-height: 1.3em; color: rgb(51, 51, 51); text-rendering: optimizelegibility; font-size: 36px; border: 0px none; text-align: start;\"><span style=\"color: rgb(0, 0, 0);\"><span style=\"font-size: 18pt; font-family: &quot;book antiqua&quot;, palatino;\"><span style=\"line-height: 27.6px;\"><a href=\"https:\/\/drive.google.com\/open?id=10-xoZSqtmW1ubaN-aA3PqFUqwmVZcjek\" style=\"color: rgb(0, 0, 0); transition: all 0.3s ease-out 0s;\"><\/a><\/span><\/span><span style=\"font-size: 18pt; font-family: &quot;book antiqua&quot;, palatino;\"><span style=\"line-height: 27.6px;\"><span style=\"line-height: 27.6px;\">2. Listes des revues de cat\u00e9gorie B<\/span><\/span><\/span><\/span><\/h1><p style=\"margin-bottom: 1em; color: rgb(0, 0, 0); font-family: &quot;Helvetica Neue&quot;, Helvetica, Arial, sans-serif; font-size: 10px;\">&nbsp; &nbsp; &nbsp; &nbsp; &nbsp; &nbsp; &nbsp; &nbsp; &nbsp; &nbsp;&nbsp;<span style=\"font-size: 12pt;\">&nbsp;&#8211;&nbsp;<a href=\"https:\/\/drive.google.com\/open?id=1LHnsZVE1aeg8WVV7l52MQ04uudviQXit\" style=\"color: rgb(0, 0, 0);\">ABDC<\/a><\/span><br><span style=\"font-size: 12pt;\">&nbsp; &nbsp; &nbsp; &nbsp; &nbsp; &nbsp; &nbsp; &nbsp; &nbsp;&#8211;&nbsp;<a href=\"https:\/\/drive.google.com\/open?id=10LzGHeUUGPuMvrDnFyAzi9FccUjQvcQ6\" style=\"color: rgb(0, 0, 0);\">ALL DATABASES<\/a><\/span><br><span style=\"font-size: 12pt;\">&nbsp; &nbsp; &nbsp; &nbsp; &nbsp; &nbsp; &nbsp; &nbsp; &nbsp;&#8211;&nbsp;<a href=\"https:\/\/drive.google.com\/open?id=1VPpclmkMDKHOXGmhpNLRisnfNovzqvkg\" style=\"color: rgb(0, 0, 0);\">De Gruyter<\/a><\/span><br><span style=\"font-size: 12pt;\">&nbsp; &nbsp; &nbsp; &nbsp; &nbsp; &nbsp; &nbsp; &nbsp; &nbsp;&#8211;&nbsp;<a href=\"https:\/\/drive.google.com\/open?id=1ixzGqAJSxHbISk72JmbD-nN6lyc5qZCA\" style=\"color: rgb(0, 0, 0);\">ERIH PLUS<\/a><\/span><br><span style=\"font-size: 12pt;\">&nbsp; &nbsp; &nbsp; &nbsp; &nbsp; &nbsp; &nbsp; &nbsp; &nbsp;&#8211;&nbsp;<a href=\"https:\/\/drive.google.com\/open?id=137Cvsw2LQ8pQEoTZ7cJwwLuFhMUkE5_m\" style=\"color: rgb(0, 0, 0);\">Journal Quality List<\/a><\/span><br><span style=\"font-size: 12pt;\">&nbsp; &nbsp; &nbsp; &nbsp; &nbsp; &nbsp; &nbsp; &nbsp; &nbsp;&#8211;&nbsp;<a href=\"https:\/\/drive.google.com\/open?id=1Q8XwDitHC-nSpkSDNg7yrQ7dE2i1bIoK\" style=\"color: rgb(0, 0, 0);\">Liste AERES<\/a><\/span><br><span style=\"font-size: 12pt;\">&nbsp; &nbsp; &nbsp; &nbsp; &nbsp; &nbsp; &nbsp; &nbsp; &nbsp;&#8211;&nbsp;<a href=\"https:\/\/drive.google.com\/open?id=11w3Zostzi7ZJZg5fGgIRmjM3y-oUwBUF\" style=\"color: rgb(0, 0, 0);\">Liste des revues scientifiques CNRS<\/a><\/span><br><span style=\"font-size: 12pt;\">&nbsp; &nbsp; &nbsp; &nbsp; &nbsp; &nbsp; &nbsp; &nbsp; &nbsp;&#8211;&nbsp;<a href=\"https:\/\/drive.google.com\/open?id=1iaOJ5FFUyBfqegAQ0fx_ed6xtz_pbG85\" style=\"color: rgb(0, 0, 0);\">Liste SCOPUS<\/a><\/span><br><span style=\"font-size: 12pt;\">&nbsp; &nbsp; &nbsp; &nbsp; &nbsp; &nbsp; &nbsp; &nbsp; &nbsp;&#8211;&nbsp;<a href=\"https:\/\/drive.google.com\/open?id=1qdnR5HzwbfkcwURXUisgN8HZMrXjk3o7\" style=\"color: rgb(0, 0, 0);\">Listes des revues scientifiques Financial Times<\/a><\/span><\/p><p style=\"margin-bottom: 1em; color: rgb(0, 0, 0); font-family: &quot;Helvetica Neue&quot;, Helvetica, Arial, sans-serif; font-size: 10px;\">&nbsp;<strong><span style=\"line-height: 27.6px; font-size: 18pt;\">&nbsp; &nbsp; 3<\/span><\/strong><strong><span style=\"line-height: 27.6px; font-size: 18pt;\">.<a href=\"https:\/\/drive.google.com\/open?id=1p8yuRYk5DZk9JFe086ghvl_rwEsE5SAU\" style=\"color: rgb(0, 0, 0);\">&nbsp;Listes des \u00e9diteurs pr\u00e9dateurs.<\/a><\/span><\/strong><\/p><p style=\"margin-bottom: 1em; color: rgb(0, 0, 0); font-family: &quot;Helvetica Neue&quot;, Helvetica, Arial, sans-serif; font-size: 10px;\">&nbsp;<strong><span style=\"line-height: 27.6px; font-size: 18pt;\">&nbsp; &nbsp; 4 .<a href=\"https:\/\/drive.google.com\/open?id=1WVaftmhl_XVRqFBhcf_pGKzYYvB37MvI\" style=\"color: rgb(0, 0, 0);\">Listes des revues pr\u00e9datrices<\/a>.<\/span><\/strong><\/p><p style=\"margin-bottom: 1em; color: rgb(0, 0, 0); font-family: &quot;Helvetica Neue&quot;, Helvetica, Arial, sans-serif; font-size: 10px;\">&nbsp;<\/p><p style=\"margin-bottom: 1em; color: rgb(0, 0, 0); font-family: &quot;Helvetica Neue&quot;, Helvetica, Arial, sans-serif; font-size: 10px;\"><\/p><p style=\"margin-bottom: 1em; color: rgb(0, 0, 0); font-family: &quot;Helvetica Neue&quot;, Helvetica, Arial, sans-serif; font-size: 10px;\"><\/p><p style=\"margin-bottom: 1em; color: rgb(0, 0, 0); font-size: 10px; font-family: tahoma, sans-serif; text-align: center;\"><span style=\"font-size: 24pt; color: rgb(0, 0, 255);\">Listes de Revues DGRSDT 2020\/2021 :<\/span><\/p><p style=\"margin-bottom: 1em; color: rgb(0, 0, 0); font-family: &quot;Helvetica Neue&quot;, Helvetica, Arial, sans-serif; font-size: 10px;\">&nbsp;<\/p><p style=\"margin-bottom: 1em; color: rgb(0, 0, 0); font-family: &quot;Helvetica Neue&quot;, Helvetica, Arial, sans-serif; font-size: 10px;\"><\/p><p style=\"margin-bottom: 1em; color: rgb(0, 0, 0); font-family: &quot;Helvetica Neue&quot;, Helvetica, Arial, sans-serif; font-size: 10px; text-align: center;\"><span style=\"font-size: 18pt;\"><span style=\"font-family: tahoma, sans-serif; text-align: start;\">Pour le t\u00e9l\u00e9chargement&nbsp;des nouvelles listes de revues DGRSDT 2021 :<\/span><a href=\"http:\/\/www.dgrsdt.dz\/v1\/index.php?fc=News_A&amp;id=333\" style=\"color: rgb(0, 0, 0);\">Cliquez ici !<\/a><\/span><\/p><p style=\"margin-bottom: 1em; color: rgb(0, 0, 0); font-family: &quot;Helvetica Neue&quot;, Helvetica, Arial, sans-serif; font-size: 10px;\"><\/p><p style=\"margin-bottom: 1em; color: rgb(0, 0, 0); font-family: &quot;Helvetica Neue&quot;, Helvetica, Arial, sans-serif; font-size: 10px;\">&nbsp;<\/p><h1 style=\"margin-top: 20px; margin-bottom: 10px; font-family: &quot; &quot;, sans-serif; font-weight: 700; line-height: 1.3em; color: rgb(51, 51, 51); text-rendering: optimizelegibility; font-size: 36px; border: 0px none; text-align: start;\">&nbsp;<\/h1>\t\t\t\t\t\t\t\t<\/div>\n\t\t\t\t<\/div>\n\t\t\t\t\t<\/div>\n\t\t<\/div>\n\t\t\t\t\t<\/div>\n\t\t<\/section>\n\t\t\t\t<\/div>\n\t\t","protected":false},"excerpt":{"rendered":"<p>Cat\u00e9gorisation Des Revues DGRSDT (Edition 2019) : &nbsp;1.&nbsp;Listes des revues de cat\u00e9gorie A. 2. Listes des revues de cat\u00e9gorie B &nbsp; &nbsp; &nbsp; &nbsp; &nbsp; &nbsp; &nbsp; &nbsp; &nbsp; &nbsp;&nbsp;&nbsp;&#8211;&nbsp;ABDC&nbsp; <a href=\"https:\/\/www.univ-usto.dz\/faculte\/fac-snv\/categorisation-des-revues-dgrsdt-2019-2021\/\" class=\"read-more\">Lire la suite &#8230;<\/a><\/p>\n","protected":false},"author":18,"featured_media":0,"parent":0,"menu_order":0,"comment_status":"closed","ping_status":"closed","template":"","meta":{"footnotes":""},"class_list":["post-11322","page","type-page","status-publish","hentry"],"_links":{"self":[{"href":"https:\/\/www.univ-usto.dz\/faculte\/fac-snv\/wp-json\/wp\/v2\/pages\/11322","targetHints":{"allow":["GET"]}}],"collection":[{"href":"https:\/\/www.univ-usto.dz\/faculte\/fac-snv\/wp-json\/wp\/v2\/pages"}],"about":[{"href":"https:\/\/www.univ-usto.dz\/faculte\/fac-snv\/wp-json\/wp\/v2\/types\/page"}],"author":[{"embeddable":true,"href":"https:\/\/www.univ-usto.dz\/faculte\/fac-snv\/wp-json\/wp\/v2\/users\/18"}],"replies":[{"embeddable":true,"href":"https:\/\/www.univ-usto.dz\/faculte\/fac-snv\/wp-json\/wp\/v2\/comments?post=11322"}],"version-history":[{"count":4,"href":"https:\/\/www.univ-usto.dz\/faculte\/fac-snv\/wp-json\/wp\/v2\/pages\/11322\/revisions"}],"predecessor-version":[{"id":11327,"href":"https:\/\/www.univ-usto.dz\/faculte\/fac-snv\/wp-json\/wp\/v2\/pages\/11322\/revisions\/11327"}],"wp:attachment":[{"href":"https:\/\/www.univ-usto.dz\/faculte\/fac-snv\/wp-json\/wp\/v2\/media?parent=11322"}],"curies":[{"name":"wp","href":"https:\/\/api.w.org\/{rel}","templated":true}]}}