{"id":11334,"date":"2021-07-04T14:15:21","date_gmt":"2021-07-04T14:15:21","guid":{"rendered":"https:\/\/www.univ-usto.dz\/faculte\/fac-snv\/?page_id=11334"},"modified":"2021-07-04T14:22:05","modified_gmt":"2021-07-04T14:22:05","slug":"les-formations-doctorales-habilitees-au-niveau-de-la-faculte","status":"publish","type":"page","link":"https:\/\/www.univ-usto.dz\/faculte\/fac-snv\/les-formations-doctorales-habilitees-au-niveau-de-la-faculte\/","title":{"rendered":"LES FORMATIONS DOCTORALES HABILITEES AU NIVEAU DE LA FACULTE"},"content":{"rendered":"\t\t<div data-elementor-type=\"wp-page\" data-elementor-id=\"11334\" class=\"elementor elementor-11334\">\n\t\t\t\t\t\t<section class=\"elementor-section elementor-top-section elementor-element elementor-element-a6603ea elementor-section-boxed elementor-section-height-default elementor-section-height-default\" data-id=\"a6603ea\" data-element_type=\"section\">\n\t\t\t\t\t\t<div class=\"elementor-container elementor-column-gap-default\">\n\t\t\t\t\t<div class=\"elementor-column elementor-col-100 elementor-top-column elementor-element elementor-element-a95d91f\" data-id=\"a95d91f\" data-element_type=\"column\">\n\t\t\t<div class=\"elementor-widget-wrap elementor-element-populated\">\n\t\t\t\t\t\t<div class=\"elementor-element elementor-element-1f6b1c2 elementor-widget elementor-widget-text-editor\" data-id=\"1f6b1c2\" data-element_type=\"widget\" data-widget_type=\"text-editor.default\">\n\t\t\t\t<div class=\"elementor-widget-container\">\n\t\t\t\t\t\t\t\t\t<p style=\"margin-bottom: 1em; color: #000000; font-family: 'Helvetica Neue', Helvetica, Arial, sans-serif; font-size: 10px; letter-spacing: 0.1px; word-spacing: 0.1px; text-align: center;\"><strong><span style=\"font-size: 14pt; line-height: 19.9733px; color: #1f4e79;\">LES FORMATIONS DOCTORALES HABILITEES AU NIVEAU DE LA FACULTE\u00a0<\/span><\/strong><\/p><table style=\"max-width: 100%; background-color: transparent; color: #38006b; font-family: 'Helvetica Neue', Helvetica, Arial, sans-serif; font-size: 10px; letter-spacing: 0.1px; word-spacing: 0.1px; width: 941px; height: 590px;\" border=\"3\"><tbody><tr><td style=\"padding: 0px; width: 49px;\"><p style=\"margin-bottom: 1em; color: #000000; line-height: normal;\"><strong><span style=\"font-size: 12pt; font-family: 'Times New Roman', serif;\">Type<\/span><\/strong><\/p><\/td><td style=\"padding: 0px; width: 333px;\"><p style=\"margin-bottom: 1em; color: #000000; line-height: normal;\"><strong><span style=\"font-size: 12pt; font-family: 'Times New Roman', serif;\">Intitul\u00e9 de la formation doctorale<\/span><\/strong><\/p><\/td><td style=\"padding: 0px; width: 85px;\"><p style=\"margin-bottom: 1em; color: #000000; line-height: normal;\"><strong><span style=\"font-size: 12pt; font-family: 'Times New Roman', serif;\">Ann\u00e9e<\/span><\/strong><\/p><\/td><td style=\"padding: 0px; width: 232px;\"><p style=\"margin-bottom: 1em; color: #000000; line-height: normal;\"><strong><span style=\"font-size: 12pt; font-family: 'Times New Roman', serif;\">Responsable de la formation doctorale<\/span><\/strong><\/p><\/td><td style=\"padding: 0px; width: 71px;\"><p style=\"margin-bottom: 1em; color: #000000; line-height: normal;\"><strong><span style=\"font-size: 12pt; font-family: 'Times New Roman', serif;\">Arr\u00eat\u00e9<\/span><\/strong><\/p><\/td><td style=\"padding: 0px; width: 135px;\"><p style=\"margin-bottom: 1em; color: #000000; line-height: normal;\"><strong><span style=\"font-size: 12pt; font-family: 'Times New Roman', serif;\">Date d\u2019agr\u00e9ment<\/span><\/strong><\/p><\/td><\/tr><tr><td style=\"padding: 0px; width: 49px;\"><p style=\"margin-bottom: 1em; color: #000000; line-height: normal;\"><span style=\"font-size: 12pt; font-family: 'Times New Roman', serif;\">H<\/span><\/p><\/td><td style=\"padding: 0px; width: 333px;\"><p style=\"margin-bottom: 1em; color: #000000; line-height: normal;\"><em><span style=\"font-size: 12pt; font-family: 'Times New Roman', serif;\">Biotechnologie v\u00e9g\u00e9tale\u00a0: production,<\/span><\/em><\/p><p style=\"margin-bottom: 1em; color: #000000; line-height: normal;\"><em><span style=\"font-size: 12pt; font-family: 'Times New Roman', serif;\">valorisation v\u00e9g\u00e9tale et microbienne<\/span><\/em><\/p><\/td><td style=\"padding: 0px; width: 85px;\"><p style=\"margin-bottom: 1em; color: #000000; line-height: normal;\"><span style=\"font-size: 12pt; font-family: 'Times New Roman', serif;\">2009-2010<\/span><\/p><\/td><td style=\"padding: 0px; width: 232px;\"><p style=\"margin-bottom: 1em; color: #000000; line-height: normal;\"><span style=\"font-size: 12pt; font-family: 'Times New Roman', serif;\">Pr KaidHarche Meriem<\/span><\/p><\/td><td style=\"padding: 0px; width: 71px;\" rowspan=\"2\"><p style=\"margin-bottom: 1em; color: #000000; line-height: normal;\"><strong><span style=\"font-size: 12pt;\"><a class=\"wf_file\" style=\"color: #4353cc;\" href=\"https:\/\/www.univ-usto.dz\/faculte\/fac-snv\/images\/Arrete_habilitation_doctorat_1_1_compressed.pdf\">Arr\u00eat\u00e9 N\u00b0284<\/a><a class=\"wf_file\" style=\"color: #4353cc;\" href=\"https:\/\/www.univ-usto.dz\/faculte\/fac-snv\/images\/Arrete_habilitation_doctorat_1_1_compressed.pdf\"><span class=\"wf_file_text\">.pdf<\/span><\/a><\/span><\/strong><\/p><p style=\"margin-bottom: 1em; color: #000000;\">\u00a0<\/p><\/td><td style=\"padding: 0px; width: 135px;\" rowspan=\"2\"><p style=\"margin-bottom: 1em; color: #000000; line-height: normal;\"><strong>29\/10\/2009<\/strong><\/p><\/td><\/tr><tr><td style=\"padding: 0px; width: 49px;\"><p style=\"margin-bottom: 1em; color: #000000; line-height: normal;\"><span style=\"font-size: 12pt; font-family: 'Times New Roman', serif;\">H<\/span><\/p><\/td><td style=\"padding: 0px; width: 333px;\"><p style=\"margin-bottom: 1em; color: #000000; line-height: normal;\"><em><span style=\"font-size: 12pt; font-family: 'Times New Roman', serif;\">G\u00e9n\u00e9tique mol\u00e9culaire et cellulaire\u00a0: Biologie mol\u00e9culaire<\/span><\/em><\/p><\/td><td style=\"padding: 0px; width: 85px;\"><p style=\"margin-bottom: 1em; color: #000000; line-height: normal;\"><span style=\"font-size: 12pt; font-family: 'Times New Roman', serif;\">2009-2010<\/span><\/p><\/td><td style=\"padding: 0px; width: 232px;\"><p style=\"margin-bottom: 1em; color: #000000; line-height: normal;\"><span style=\"font-size: 12pt; font-family: 'Times New Roman', serif;\">Pr MehtarNadhira<\/span><\/p><\/td><\/tr><tr><td style=\"padding: 0px; width: 49px;\"><p style=\"margin-bottom: 1em; color: #000000; line-height: normal;\"><span style=\"font-size: 12pt; font-family: 'Times New Roman', serif;\">R<\/span><\/p><\/td><td style=\"padding: 0px; width: 333px;\"><p style=\"margin-bottom: 1em; color: #000000; line-height: normal;\"><em><span style=\"font-size: 12pt; font-family: 'Times New Roman', serif;\">Biotechnologie : Biotechnologie V\u00e9g\u00e9tale<\/span><\/em><\/p><\/td><td style=\"padding: 0px; width: 85px;\"><p style=\"margin-bottom: 1em; color: #000000; line-height: normal;\"><span style=\"font-size: 12pt; font-family: 'Times New Roman', serif;\">2010-2011<\/span><\/p><\/td><td style=\"padding: 0px; width: 232px;\"><p style=\"margin-bottom: 1em; color: #000000; line-height: normal;\"><span style=\"font-size: 12pt; font-family: 'Times New Roman', serif;\">Pr KaidHarche Meriem<\/span><\/p><\/td><td style=\"padding: 0px; width: 71px;\" rowspan=\"2\"><p style=\"margin-bottom: 1em; color: #000000; line-height: normal;\"><strong><a class=\"wf_file\" style=\"color: #4353cc;\" href=\"https:\/\/www.univ-usto.dz\/faculte\/fac-snv\/images\/Arrete_H_D_2_compressed.pdf\">Arr\u00eat\u00e9 N\u00b0618<\/a><a class=\"wf_file\" style=\"color: #4353cc;\" href=\"https:\/\/www.univ-usto.dz\/faculte\/fac-snv\/images\/Arrete_H_D_2_compressed.pdf\"><span class=\"wf_file_text\">.pdf<\/span><\/a>\u00a0<\/strong><\/p><p style=\"margin-bottom: 1em; color: #000000;\">\u00a0<\/p><\/td><td style=\"padding: 0px; width: 135px;\" rowspan=\"2\"><p style=\"margin-bottom: 1em; color: #000000; line-height: normal;\"><strong>28\/10\/2010<\/strong><\/p><p style=\"margin-bottom: 1em; color: #000000; line-height: normal;\">\u00a0<\/p><\/td><\/tr><tr><td style=\"padding: 0px; width: 49px;\"><p style=\"margin-bottom: 1em; color: #000000; line-height: normal;\"><span style=\"font-size: 12pt; font-family: 'Times New Roman', serif;\">R<\/span><\/p><\/td><td style=\"padding: 0px; width: 333px;\"><p style=\"margin-bottom: 1em; color: #000000; line-height: normal;\"><em><span style=\"font-size: 12pt; font-family: 'Times New Roman', serif;\">G\u00e9n\u00e9tique : G\u00e9n\u00e9tique mol\u00e9culaire et cellulaire<\/span><\/em><\/p><\/td><td style=\"padding: 0px; width: 85px;\"><p style=\"margin-bottom: 1em; color: #000000; line-height: normal;\"><span style=\"font-size: 12pt; font-family: 'Times New Roman', serif;\">2010-2011<\/span><\/p><\/td><td style=\"padding: 0px; width: 232px;\"><p style=\"margin-bottom: 1em; color: #000000; line-height: normal;\"><span style=\"font-size: 12pt; font-family: 'Times New Roman', serif;\">Pr MehtarNadhira<\/span><\/p><\/td><\/tr><tr><td style=\"padding: 0px; width: 49px;\"><p style=\"margin-bottom: 1em; color: #000000; line-height: normal;\"><span style=\"font-size: 12pt; font-family: 'Times New Roman', serif;\">R<\/span><\/p><\/td><td style=\"padding: 0px; width: 333px;\"><p style=\"margin-bottom: 1em; color: #000000; line-height: normal;\"><em><span style=\"font-size: 12pt; font-family: 'Times New Roman', serif;\">Biotechnologie<\/span><\/em><\/p><\/td><td style=\"padding: 0px; width: 85px;\"><p style=\"margin-bottom: 1em; color: #000000; line-height: normal;\"><span style=\"font-size: 12pt; font-family: 'Times New Roman', serif;\">2011-2012<\/span><\/p><\/td><td style=\"padding: 0px; width: 232px;\"><p style=\"margin-bottom: 1em; color: #000000; line-height: normal;\"><span style=\"font-size: 12pt; font-family: 'Times New Roman', serif;\">Pr KaidHarche Meriem<\/span><\/p><\/td><td style=\"padding: 0px; width: 71px;\" rowspan=\"2\"><p style=\"margin-bottom: 1em; color: #000000; line-height: normal;\"><strong><span style=\"font-size: 12pt;\">\u00a0<a class=\"wf_file\" style=\"color: #4353cc;\" href=\"https:\/\/www.univ-usto.dz\/faculte\/fac-snv\/images\/Arrete_H_D_3.pdf\"><span class=\"wf_file_text\">Arr\u00eat\u00e9 N\u00b0617.pdf<\/span><\/a><\/span><\/strong><\/p><\/td><td style=\"padding: 0px; width: 135px;\" rowspan=\"2\"><p style=\"margin-bottom: 1em; color: #000000; line-height: normal;\"><strong>02\/10\/2011<\/strong><\/p><\/td><\/tr><tr><td style=\"padding: 0px; width: 49px;\"><p style=\"margin-bottom: 1em; color: #000000; line-height: normal;\"><span style=\"font-size: 12pt; font-family: 'Times New Roman', serif;\">R<\/span><\/p><\/td><td style=\"padding: 0px; width: 333px;\"><p style=\"margin-bottom: 1em; color: #000000; line-height: normal;\"><em><span style=\"font-size: 12pt; font-family: 'Times New Roman', serif;\">Biologie\u00a0: G\u00e9n\u00e9tique mol\u00e9culaire et cellulaire<\/span><\/em><\/p><\/td><td style=\"padding: 0px; width: 85px;\"><p style=\"margin-bottom: 1em; color: #000000; line-height: normal;\"><span style=\"font-size: 12pt; font-family: 'Times New Roman', serif;\">2011-2012<\/span><\/p><\/td><td style=\"padding: 0px; width: 232px;\"><p style=\"margin-bottom: 1em; color: #000000; line-height: normal;\"><span style=\"font-size: 12pt; font-family: 'Times New Roman', serif;\">Pr MehtarNadhira<\/span><\/p><\/td><\/tr><tr><td style=\"padding: 0px; width: 49px;\"><p style=\"margin-bottom: 1em; color: #000000; line-height: normal;\"><span style=\"font-size: 12pt; font-family: 'Times New Roman', serif;\">H<\/span><\/p><\/td><td style=\"padding: 0px; width: 333px;\"><p style=\"margin-bottom: 1em; color: #000000; line-height: normal;\"><em><span style=\"font-size: 12pt; font-family: 'Times New Roman', serif;\">Biotechnologie V\u00e9g\u00e9tale<\/span><\/em><\/p><\/td><td style=\"padding: 0px; width: 85px;\"><p style=\"margin-bottom: 1em; color: #000000; line-height: normal;\"><span style=\"font-size: 12pt; font-family: 'Times New Roman', serif;\">2016-2017<\/span><\/p><\/td><td style=\"padding: 0px; width: 232px;\"><p style=\"margin-bottom: 1em; color: #000000; line-height: normal;\"><span style=\"font-size: 12pt; font-family: 'Times New Roman', serif;\">Pr KaidHarche Meriem<\/span><\/p><\/td><td style=\"padding: 0px; width: 71px;\" rowspan=\"2\"><p style=\"margin-bottom: 1em; color: #000000; line-height: normal;\"><strong><span style=\"font-family: 'Times New Roman', serif; font-size: 12pt;\">\u00a0<a class=\"wf_file\" style=\"color: #4353cc;\" href=\"https:\/\/www.univ-usto.dz\/faculte\/fac-snv\/images\/4.pdf\"><span class=\"wf_file_text\">Arr\u00eat\u00e9 N\u00b0935.pdf<\/span><\/a><\/span><\/strong><\/p><\/td><td style=\"padding: 0px; width: 135px;\" rowspan=\"2\"><p style=\"margin-bottom: 1em; color: #000000; line-height: normal;\"><strong>31\/07\/2016<\/strong><\/p><p style=\"margin-bottom: 1em; color: #000000; line-height: normal;\">\u00a0<\/p><\/td><\/tr><tr><td style=\"padding: 0px; width: 49px;\"><p style=\"margin-bottom: 1em; color: #000000; line-height: normal;\"><span style=\"font-size: 12pt; font-family: 'Times New Roman', serif;\">H<\/span><\/p><\/td><td style=\"padding: 0px; width: 333px;\"><p style=\"margin-bottom: 1em; color: #000000; line-height: normal;\"><em><span style=\"font-size: 12pt; font-family: 'Times New Roman', serif;\">G\u00e9n\u00e9tique mol\u00e9culaire<\/span><\/em><\/p><\/td><td style=\"padding: 0px; width: 85px;\"><p style=\"margin-bottom: 1em; color: #000000; line-height: normal;\"><span style=\"font-size: 12pt; font-family: 'Times New Roman', serif;\">2016-2017<\/span><\/p><\/td><td style=\"padding: 0px; width: 232px;\"><p style=\"margin-bottom: 1em; color: #000000; line-height: normal;\"><span style=\"font-size: 12pt; font-family: 'Times New Roman', serif;\">Pr Boudjema Abdallah<\/span><\/p><\/td><\/tr><tr><td style=\"padding: 0px; width: 49px;\"><p style=\"margin-bottom: 1em; color: #000000; line-height: normal;\"><span style=\"font-size: 12pt; font-family: 'Times New Roman', serif;\">H<\/span><\/p><\/td><td style=\"padding: 0px; width: 333px;\"><p style=\"margin-bottom: 1em; color: #000000; line-height: normal;\"><em><span style=\"font-size: 12pt; font-family: 'Times New Roman', serif;\">Toxicologie<\/span><\/em><\/p><\/td><td style=\"padding: 0px; width: 85px;\"><p style=\"margin-bottom: 1em; color: #000000; line-height: normal;\"><span style=\"font-size: 12pt; font-family: 'Times New Roman', serif;\">2017-2018<\/span><\/p><\/td><td style=\"padding: 0px; width: 232px;\"><p style=\"margin-bottom: 1em; color: #000000; line-height: normal;\"><span style=\"font-size: 12pt; font-family: 'Times New Roman', serif;\">Pr ZemaniFaouzia<\/span><\/p><\/td><td style=\"padding: 0px; width: 71px;\"><p style=\"margin-bottom: 1em; color: #000000; line-height: normal;\"><strong><span style=\"font-size: 12pt;\">\u00a0<a class=\"wf_file\" style=\"color: #4353cc;\" href=\"https:\/\/www.univ-usto.dz\/faculte\/fac-snv\/images\/Arrete-N-834-du-27-07-2017_avec_compression.pdf\">Arr\u00eat\u00e9 N\u00b0834<\/a><a class=\"wf_file\" style=\"color: #4353cc;\" href=\"https:\/\/www.univ-usto.dz\/faculte\/fac-snv\/images\/Arrete-N-834-du-27-07-2017_avec_compression.pdf\"><span class=\"wf_file_text\">.pdf<\/span><\/a><\/span><\/strong><\/p><p style=\"margin-bottom: 1em; color: #000000;\">\u00a0<\/p><\/td><td style=\"padding: 0px; width: 135px;\"><p style=\"margin-bottom: 1em; color: #000000; line-height: normal;\"><strong>27\/07\/2017<\/strong><\/p><\/td><\/tr><tr><td style=\"padding: 0px; width: 49px;\"><p style=\"margin-bottom: 1em; color: #000000; line-height: normal;\"><span style=\"font-size: 12pt; font-family: 'Times New Roman', serif;\">H<\/span><\/p><\/td><td style=\"padding: 0px; width: 333px;\"><p style=\"margin-bottom: 1em; color: #000000; line-height: normal;\"><em><span style=\"font-size: 12pt; font-family: 'Times New Roman', serif;\">G\u00e9n\u00e9tique<\/span><\/em><\/p><\/td><td style=\"padding: 0px; width: 85px;\"><p style=\"margin-bottom: 1em; color: #000000; line-height: normal;\"><span style=\"font-size: 12pt; font-family: 'Times New Roman', serif;\">2018-2019<\/span><\/p><\/td><td style=\"padding: 0px; width: 232px;\"><p style=\"margin-bottom: 1em; color: #000000; line-height: normal;\"><span style=\"font-size: 12pt; font-family: 'Times New Roman', serif;\">Pr ZemaniFaouzia<\/span><\/p><\/td><td style=\"padding: 0px; width: 71px;\" rowspan=\"3\"><p style=\"margin-bottom: 1em; color: #000000; line-height: normal;\"><strong><span style=\"font-size: 12pt;\"><a class=\"wf_file\" style=\"color: #4353cc;\" href=\"https:\/\/www.univ-usto.dz\/faculte\/fac-snv\/images\/6_compressed.pdf\">Arr\u00eat\u00e9 N\u00b0615<\/a><a class=\"wf_file\" style=\"color: #4353cc;\" href=\"https:\/\/www.univ-usto.dz\/faculte\/fac-snv\/images\/6_compressed.pdf\"><span class=\"wf_file_text\">.pdf<\/span><\/a><\/span><\/strong><\/p><p style=\"margin-bottom: 1em; color: #000000;\">\u00a0<\/p><\/td><td style=\"padding: 0px; width: 135px;\" rowspan=\"3\"><p style=\"margin-bottom: 1em; color: #000000; line-height: normal;\"><strong>16\/07\/2018<\/strong><\/p><\/td><\/tr><tr><td style=\"padding: 0px; width: 49px;\"><p style=\"margin-bottom: 1em; color: #000000; line-height: normal;\"><span style=\"font-size: 12pt; font-family: 'Times New Roman', serif;\">H<\/span><\/p><\/td><td style=\"padding: 0px; width: 333px;\"><p style=\"margin-bottom: 1em; color: #000000; line-height: normal;\"><em><span style=\"font-size: 12pt; font-family: 'Times New Roman', serif;\">Biologie cellulaire et mol\u00e9culaire<\/span><\/em><\/p><\/td><td style=\"padding: 0px; width: 85px;\"><p style=\"margin-bottom: 1em; color: #000000; line-height: normal;\"><span style=\"font-size: 12pt; font-family: 'Times New Roman', serif;\">2018-2019<\/span><\/p><\/td><td style=\"padding: 0px; width: 232px;\"><p style=\"margin-bottom: 1em; color: #000000; line-height: normal;\"><span style=\"font-size: 12pt; font-family: 'Times New Roman', serif;\">Pr ZemaniFaouzia<\/span><\/p><\/td><\/tr><tr><td style=\"padding: 0px; width: 49px;\"><p style=\"margin-bottom: 1em; color: #000000; line-height: normal;\"><span style=\"font-size: 12pt; font-family: 'Times New Roman', serif;\">H<\/span><\/p><\/td><td style=\"padding: 0px; width: 333px;\"><p style=\"margin-bottom: 1em; color: #000000; line-height: normal;\"><em><span style=\"font-size: 12pt; font-family: 'Times New Roman', serif;\">Biologie mol\u00e9culaire<\/span><\/em><\/p><\/td><td style=\"padding: 0px; width: 85px;\"><p style=\"margin-bottom: 1em; color: #000000; line-height: normal;\"><span style=\"font-size: 12pt; font-family: 'Times New Roman', serif;\">2018-2019<\/span><\/p><\/td><td style=\"padding: 0px; width: 232px;\"><p style=\"margin-bottom: 1em; color: #000000; line-height: normal;\"><span style=\"font-size: 12pt; font-family: 'Times New Roman', serif;\">Pr ZemaniFaouzia<\/span><\/p><\/td><\/tr><\/tbody><\/table>\t\t\t\t\t\t\t\t<\/div>\n\t\t\t\t<\/div>\n\t\t\t\t\t<\/div>\n\t\t<\/div>\n\t\t\t\t\t<\/div>\n\t\t<\/section>\n\t\t\t\t<\/div>\n\t\t","protected":false},"excerpt":{"rendered":"<p>LES FORMATIONS DOCTORALES HABILITEES AU NIVEAU DE LA FACULTE\u00a0 Type Intitul\u00e9 de la formation doctorale Ann\u00e9e Responsable de la formation doctorale Arr\u00eat\u00e9 Date d\u2019agr\u00e9ment H Biotechnologie v\u00e9g\u00e9tale\u00a0: production, valorisation v\u00e9g\u00e9tale <a href=\"https:\/\/www.univ-usto.dz\/faculte\/fac-snv\/les-formations-doctorales-habilitees-au-niveau-de-la-faculte\/\" class=\"read-more\">Lire la suite &#8230;<\/a><\/p>\n","protected":false},"author":18,"featured_media":0,"parent":0,"menu_order":0,"comment_status":"closed","ping_status":"closed","template":"","meta":{"footnotes":""},"class_list":["post-11334","page","type-page","status-publish","hentry"],"_links":{"self":[{"href":"https:\/\/www.univ-usto.dz\/faculte\/fac-snv\/wp-json\/wp\/v2\/pages\/11334","targetHints":{"allow":["GET"]}}],"collection":[{"href":"https:\/\/www.univ-usto.dz\/faculte\/fac-snv\/wp-json\/wp\/v2\/pages"}],"about":[{"href":"https:\/\/www.univ-usto.dz\/faculte\/fac-snv\/wp-json\/wp\/v2\/types\/page"}],"author":[{"embeddable":true,"href":"https:\/\/www.univ-usto.dz\/faculte\/fac-snv\/wp-json\/wp\/v2\/users\/18"}],"replies":[{"embeddable":true,"href":"https:\/\/www.univ-usto.dz\/faculte\/fac-snv\/wp-json\/wp\/v2\/comments?post=11334"}],"version-history":[{"count":4,"href":"https:\/\/www.univ-usto.dz\/faculte\/fac-snv\/wp-json\/wp\/v2\/pages\/11334\/revisions"}],"predecessor-version":[{"id":11339,"href":"https:\/\/www.univ-usto.dz\/faculte\/fac-snv\/wp-json\/wp\/v2\/pages\/11334\/revisions\/11339"}],"wp:attachment":[{"href":"https:\/\/www.univ-usto.dz\/faculte\/fac-snv\/wp-json\/wp\/v2\/media?parent=11334"}],"curies":[{"name":"wp","href":"https:\/\/api.w.org\/{rel}","templated":true}]}}