{"id":11369,"date":"2021-07-06T14:19:10","date_gmt":"2021-07-06T14:19:10","guid":{"rendered":"https:\/\/www.univ-usto.dz\/faculte\/fac-snv\/?page_id=11369"},"modified":"2021-07-06T14:20:00","modified_gmt":"2021-07-06T14:20:00","slug":"pr-toumi-05-03-2018","status":"publish","type":"page","link":"https:\/\/www.univ-usto.dz\/faculte\/fac-snv\/pr-toumi-05-03-2018\/","title":{"rendered":"Pr. TOUMI 05\/03\/2018"},"content":{"rendered":"\t\t<div data-elementor-type=\"wp-page\" data-elementor-id=\"11369\" class=\"elementor elementor-11369\">\n\t\t\t\t\t\t<section class=\"elementor-section elementor-top-section elementor-element elementor-element-6910484 elementor-section-boxed elementor-section-height-default elementor-section-height-default\" data-id=\"6910484\" data-element_type=\"section\">\n\t\t\t\t\t\t<div class=\"elementor-container elementor-column-gap-default\">\n\t\t\t\t\t<div class=\"elementor-column elementor-col-100 elementor-top-column elementor-element elementor-element-90e7d0b\" data-id=\"90e7d0b\" data-element_type=\"column\">\n\t\t\t<div class=\"elementor-widget-wrap elementor-element-populated\">\n\t\t\t\t\t\t<div class=\"elementor-element elementor-element-d899944 elementor-widget elementor-widget-text-editor\" data-id=\"d899944\" data-element_type=\"widget\" data-widget_type=\"text-editor.default\">\n\t\t\t\t<div class=\"elementor-widget-container\">\n\t\t\t\t\t\t\t\t\t<div id=\"fav-mainwrap\" style=\"color: rgb(51, 51, 51); font-family: &quot;Helvetica Neue&quot;, Helvetica, Arial, sans-serif; font-size: 10px;\"><div class=\"favth-container\" style=\"padding-right: 15px; padding-left: 15px; margin-right: auto; margin-left: auto; width: 1007.25px;\"><div class=\"favth-row\" style=\"margin-right: -15px; margin-left: -15px;\"><div id=\"fav-main\" class=\"favth-clearfix\"><div id=\"fav-maincontent\" class=\"favth-col-lg-12 favth-col-md-12 favth-col-sm-12 favth-col-xs-12\" style=\"position: relative; min-height: 0px; padding-right: 15px; padding-left: 15px; float: left; width: 1007.25px;\"><div class=\"item-page\" itemscope=\"\" itemtype=\"https:\/\/schema.org\/Article\"><div itemprop=\"articleBody\"><div id=\"sp-page-builder\" class=\"sp-page-builder\" style=\"position: relative;\"><div class=\"page-content\"><div id=\"section-id-1522420883809\" class=\"sppb-section \" style=\"z-index: 1; position: relative; padding: 50px 0px; margin: 0px;\"><div class=\"sppb-container-inner\"><div class=\"sppb-row sppb-align-center\" style=\"display: flex; flex-wrap: wrap; margin-right: -15px; margin-left: -15px; align-items: center !important;\"><div class=\"sppb-col-md-12\" id=\"column-wrap-id-1522420883808\" style=\"position: relative; width: 1007.25px; min-height: 1px; padding-right: 15px; padding-left: 15px; flex: 0 0 100%; max-width: 100%;\"><div id=\"column-id-1522420883808\" class=\"sppb-column\" style=\"position: relative; z-index: 1; width: 977.25px; height: 1137.39px; display: flex; flex-wrap: wrap; box-shadow: rgb(255, 255, 255) 0px 0px 0px 0px;\"><div class=\"sppb-column-addons\" style=\"position: relative; z-index: 1; width: 977.25px;\"><div id=\"sppb-addon-1522420883812\" class=\"clearfix\"><div class=\"sppb-addon sppb-addon-text-block 0 sppb-text-center \" style=\"text-align: center;\"><div class=\"sppb-addon-content\"><div class=\"page-header\" style=\"padding: 0px; margin: 24px 0px 21px; border: none; font-family: Roboto, Helvetica, Arial, sans-serif; font-size: 14px; text-align: justify;\"><h2 itemprop=\"name\" style=\"margin-top: 14px; margin-bottom: 27px; font-family: Roboto, Helvetica, Arial, sans-serif; line-height: 1.3em; color: rgb(68, 68, 68); text-rendering: optimizelegibility; font-size: 24px; border: 0px; text-align: left; padding-bottom: 0px;\"><span style=\"text-decoration-line: underline; font-size: 14pt; font-family: georgia, palatino;\"><span style=\"color: rgb(0, 0, 255);\">Conf\u00e9rence du 05\/03\/2018 &gt;&gt; Pr. TOUMI&nbsp;<\/span><\/span><\/h2><\/div><div itemprop=\"articleBody\" style=\"font-family: Roboto, Helvetica, Arial, sans-serif; font-size: 14px; text-align: justify;\"><p style=\"margin-bottom: 0px; color: rgb(0, 0, 0);\"><span style=\"font-size: 12pt; font-family: Helvetica, sans-serif;\">&nbsp;&nbsp;<strong>La Pharmaco-Toxicologie&nbsp;<\/strong>est le sujet&nbsp;&nbsp;la&nbsp; conf\u00e9rence qui a eu lieu&nbsp; le 05\/03\/2018, \u00e0 la salle de conf\u00e9rences de la Facult\u00e9 SNV(Facult\u00e9 des sciences de la nature et de la vie )<\/span><\/p><p style=\"margin-top: 0cm; margin-right: 0cm; margin-bottom: 0.0001pt; color: rgb(0, 0, 0);\"><span style=\"font-size: 12pt;\"><span style=\"font-family: Helvetica, sans-serif;\">pr\u00e9sent\u00e9e par :&nbsp;<\/span><span style=\"background-color: rgb(255, 255, 0);\"><strong><span style=\"font-size: 18pt;\">Pr<\/span>.&nbsp;<span style=\"font-size: 18pt;\">TOUMI&nbsp;<\/span><\/strong><\/span><\/span><\/p><p style=\"margin-top: 0cm; margin-right: 0cm; margin-bottom: 0.0001pt; color: rgb(0, 0, 0);\"><span style=\"font-size: 12pt;\"><span style=\"font-family: Helvetica, sans-serif;\">sous&nbsp; le th\u00e8me :<\/span><\/span><\/p><p style=\"margin-top: 0cm; margin-right: 0cm; margin-bottom: 0.0001pt; color: rgb(0, 0, 0);\"><span style=\"font-size: 14pt; font-family: &quot;book antiqua&quot;, palatino;\"><\/span><\/p><p style=\"margin-bottom: 1em; color: rgb(0, 0, 0);\"><span style=\"font-size: 14pt; font-family: &quot;book antiqua&quot;, palatino; background-color: rgb(204, 255, 204);\"><span style=\"color: rgb(20, 20, 20);\">\u00a0\u00bb&nbsp;<\/span><strong>Model exp\u00e9rimental biologique utilis\u00e9 en recherce&nbsp;&nbsp;\u00ab\u00a0<\/strong><\/span><\/p><p style=\"margin-bottom: 1em; color: rgb(0, 0, 0);\">&nbsp;<\/p><p style=\"margin-bottom: 1em; color: rgb(0, 0, 0);\"><img fetchpriority=\"high\" decoding=\"async\" src=\"https:\/\/www.univ-usto.dz\/faculte\/fac-snv\/images\/Archivage_snv\/2017-2018\/05-03-2018_Pr.TOUMI.png\" alt=\"05 03 2018 Pr.TOUMI\" width=\"735\" height=\"909\" style=\"vertical-align: middle; border-width: 0px; border-style: initial; display: block; padding: 7px; background-color: rgba(17, 17, 17, 0.1); margin-left: auto; margin-right: auto;\"><\/p><p style=\"margin-bottom: 1em; color: rgb(0, 0, 0);\"><\/p><\/div><\/div><\/div><\/div><\/div><\/div><\/div><\/div><\/div><\/div><\/div><\/div><\/div><\/div><\/div><\/div><\/div><\/div><\/div><div id=\"fav-copyrightwrap\" style=\"color: rgb(51, 51, 51); font-family: &quot;Helvetica Neue&quot;, Helvetica, Arial, sans-serif; font-size: 10px;\"><div class=\"favth-container\" style=\"padding-right: 15px; padding-left: 15px; margin-right: auto; margin-left: auto; width: 1007.25px;\"><div class=\"favth-row\" style=\"margin-right: -15px; margin-left: -15px;\"><div id=\"fav-copyright\" class=\"favth-content-block favth-clearfix\" style=\"padding-top: 21px; padding-bottom: 21px;\"><div id=\"fav-showcopyright\" class=\"favth-col-lg-12 favth-col-md-12 favth-col-sm-12 favth-col-xs-12\" style=\"position: relative; min-height: 0px; padding-right: 15px; padding-left: 15px; float: left; width: 1007.25px;\"><\/div><\/div><\/div><\/div><\/div>\t\t\t\t\t\t\t\t<\/div>\n\t\t\t\t<\/div>\n\t\t\t\t\t<\/div>\n\t\t<\/div>\n\t\t\t\t\t<\/div>\n\t\t<\/section>\n\t\t\t\t<\/div>\n\t\t","protected":false},"excerpt":{"rendered":"<p>Conf\u00e9rence du 05\/03\/2018 &gt;&gt; Pr. TOUMI&nbsp; &nbsp;&nbsp;La Pharmaco-Toxicologie&nbsp;est le sujet&nbsp;&nbsp;la&nbsp; conf\u00e9rence qui a eu lieu&nbsp; le 05\/03\/2018, \u00e0 la salle de conf\u00e9rences de la Facult\u00e9 SNV(Facult\u00e9 des sciences de la <a href=\"https:\/\/www.univ-usto.dz\/faculte\/fac-snv\/pr-toumi-05-03-2018\/\" class=\"read-more\">Lire la suite &#8230;<\/a><\/p>\n","protected":false},"author":18,"featured_media":0,"parent":0,"menu_order":0,"comment_status":"closed","ping_status":"closed","template":"","meta":{"footnotes":""},"class_list":["post-11369","page","type-page","status-publish","hentry"],"_links":{"self":[{"href":"https:\/\/www.univ-usto.dz\/faculte\/fac-snv\/wp-json\/wp\/v2\/pages\/11369","targetHints":{"allow":["GET"]}}],"collection":[{"href":"https:\/\/www.univ-usto.dz\/faculte\/fac-snv\/wp-json\/wp\/v2\/pages"}],"about":[{"href":"https:\/\/www.univ-usto.dz\/faculte\/fac-snv\/wp-json\/wp\/v2\/types\/page"}],"author":[{"embeddable":true,"href":"https:\/\/www.univ-usto.dz\/faculte\/fac-snv\/wp-json\/wp\/v2\/users\/18"}],"replies":[{"embeddable":true,"href":"https:\/\/www.univ-usto.dz\/faculte\/fac-snv\/wp-json\/wp\/v2\/comments?post=11369"}],"version-history":[{"count":4,"href":"https:\/\/www.univ-usto.dz\/faculte\/fac-snv\/wp-json\/wp\/v2\/pages\/11369\/revisions"}],"predecessor-version":[{"id":11374,"href":"https:\/\/www.univ-usto.dz\/faculte\/fac-snv\/wp-json\/wp\/v2\/pages\/11369\/revisions\/11374"}],"wp:attachment":[{"href":"https:\/\/www.univ-usto.dz\/faculte\/fac-snv\/wp-json\/wp\/v2\/media?parent=11369"}],"curies":[{"name":"wp","href":"https:\/\/api.w.org\/{rel}","templated":true}]}}