{"id":13540,"date":"2025-12-22T10:55:44","date_gmt":"2025-12-22T10:55:44","guid":{"rendered":"https:\/\/www.univ-usto.dz\/faculte\/fac-snv\/?page_id=13540"},"modified":"2025-12-22T10:59:36","modified_gmt":"2025-12-22T10:59:36","slug":"conference-et-atelier-sur-le-monde-futur-au-profit-des-etudiants-de-master","status":"publish","type":"page","link":"https:\/\/www.univ-usto.dz\/faculte\/fac-snv\/conference-et-atelier-sur-le-monde-futur-au-profit-des-etudiants-de-master\/","title":{"rendered":"Conf\u00e9rence et atelier sur le monde futur au profit des \u00e9tudiants de Master"},"content":{"rendered":"\t\t<div data-elementor-type=\"wp-page\" data-elementor-id=\"13540\" class=\"elementor elementor-13540\">\n\t\t\t\t\t\t<section class=\"elementor-section elementor-top-section elementor-element elementor-element-202bccb elementor-section-boxed elementor-section-height-default elementor-section-height-default\" data-id=\"202bccb\" data-element_type=\"section\">\n\t\t\t\t\t\t<div class=\"elementor-container elementor-column-gap-default\">\n\t\t\t\t\t<div class=\"elementor-column elementor-col-100 elementor-top-column elementor-element elementor-element-d0bcd10\" data-id=\"d0bcd10\" data-element_type=\"column\">\n\t\t\t<div class=\"elementor-widget-wrap elementor-element-populated\">\n\t\t\t\t\t\t<div class=\"elementor-element elementor-element-a280e16 elementor-widget elementor-widget-text-editor\" data-id=\"a280e16\" data-element_type=\"widget\" data-widget_type=\"text-editor.default\">\n\t\t\t\t<div class=\"elementor-widget-container\">\n\t\t\t\t\t\t\t\t\t<h3 style=\"text-align: center;\" data-path-to-node=\"7\">\u00a0<\/h3><blockquote data-path-to-node=\"8\"><p style=\"text-align: center;\" data-path-to-node=\"8,0\"><b data-path-to-node=\"8,0\" data-index-in-node=\"0\">Retour sur la journ\u00e9e scientifique au profit des \u00e9tudiants de Master<\/b><\/p><p style=\"text-align: center;\" data-path-to-node=\"8,1\">La Facult\u00e9 des Sciences de la Nature et de la Vie a marqu\u00e9 la journ\u00e9e du 16 d\u00e9cembre 2025 par l&rsquo;organisation d&rsquo;un \u00e9v\u00e9nement p\u00e9dagogique d&rsquo;envergure. Au programme : une conf\u00e9rence prospective sur \u00ab\u00a0Le monde futur\u00a0\u00bb et un atelier technique d\u00e9di\u00e9 aux \u00ab\u00a0M\u00e9thodes de mod\u00e9lisation\u00a0\u00bb.<\/p><p style=\"text-align: center;\" data-path-to-node=\"8,2\">Cette action, qui r\u00e9pond aux orientations minist\u00e9rielles pour l&rsquo;excellence acad\u00e9mique, a \u00e9t\u00e9 rendue possible gr\u00e2ce \u00e0 l&rsquo;implication remarquable du Dr Dermeche, que nous remercions vivement. Nous tenons \u00e9galement \u00e0 saluer l&rsquo;engagement de Monsieur le Doyen, Dr Benghali Sofiane Mohamed El Amine, dont le soutien constant demeure le moteur de telles initiatives scientifiques au sein de notre facult\u00e9.<\/p><\/blockquote>\t\t\t\t\t\t\t\t<\/div>\n\t\t\t\t<\/div>\n\t\t\t\t\t<\/div>\n\t\t<\/div>\n\t\t\t\t\t<\/div>\n\t\t<\/section>\n\t\t\t\t<\/div>\n\t\t","protected":false},"excerpt":{"rendered":"<p>\u00a0 Retour sur la journ\u00e9e scientifique au profit des \u00e9tudiants de Master La Facult\u00e9 des Sciences de la Nature et de la Vie a marqu\u00e9 la journ\u00e9e du 16 d\u00e9cembre <a href=\"https:\/\/www.univ-usto.dz\/faculte\/fac-snv\/conference-et-atelier-sur-le-monde-futur-au-profit-des-etudiants-de-master\/\" class=\"read-more\">Lire la suite &#8230;<\/a><\/p>\n","protected":false},"author":18,"featured_media":0,"parent":0,"menu_order":0,"comment_status":"closed","ping_status":"closed","template":"","meta":{"footnotes":""},"class_list":["post-13540","page","type-page","status-publish","hentry"],"_links":{"self":[{"href":"https:\/\/www.univ-usto.dz\/faculte\/fac-snv\/wp-json\/wp\/v2\/pages\/13540","targetHints":{"allow":["GET"]}}],"collection":[{"href":"https:\/\/www.univ-usto.dz\/faculte\/fac-snv\/wp-json\/wp\/v2\/pages"}],"about":[{"href":"https:\/\/www.univ-usto.dz\/faculte\/fac-snv\/wp-json\/wp\/v2\/types\/page"}],"author":[{"embeddable":true,"href":"https:\/\/www.univ-usto.dz\/faculte\/fac-snv\/wp-json\/wp\/v2\/users\/18"}],"replies":[{"embeddable":true,"href":"https:\/\/www.univ-usto.dz\/faculte\/fac-snv\/wp-json\/wp\/v2\/comments?post=13540"}],"version-history":[{"count":7,"href":"https:\/\/www.univ-usto.dz\/faculte\/fac-snv\/wp-json\/wp\/v2\/pages\/13540\/revisions"}],"predecessor-version":[{"id":13548,"href":"https:\/\/www.univ-usto.dz\/faculte\/fac-snv\/wp-json\/wp\/v2\/pages\/13540\/revisions\/13548"}],"wp:attachment":[{"href":"https:\/\/www.univ-usto.dz\/faculte\/fac-snv\/wp-json\/wp\/v2\/media?parent=13540"}],"curies":[{"name":"wp","href":"https:\/\/api.w.org\/{rel}","templated":true}]}}