{"id":13577,"date":"2025-12-23T10:33:11","date_gmt":"2025-12-23T10:33:11","guid":{"rendered":"https:\/\/www.univ-usto.dz\/faculte\/fac-snv\/?page_id=13577"},"modified":"2025-12-23T10:34:59","modified_gmt":"2025-12-23T10:34:59","slug":"sortie-pedagogique-du-master-2-microbiologie-appliquee-au-laboratoire-dhygiene-de-la-wilaya-doran-14-decembre-2025","status":"publish","type":"page","link":"https:\/\/www.univ-usto.dz\/faculte\/fac-snv\/sortie-pedagogique-du-master-2-microbiologie-appliquee-au-laboratoire-dhygiene-de-la-wilaya-doran-14-decembre-2025\/","title":{"rendered":"Sortie p\u00e9dagogique du Master 2 Microbiologie appliqu\u00e9e au laboratoire d\u2019hygi\u00e8ne de la wilaya d\u2019Oran \u2013 14 d\u00e9cembre 2025"},"content":{"rendered":"\t\t<div data-elementor-type=\"wp-page\" data-elementor-id=\"13577\" class=\"elementor elementor-13577\">\n\t\t\t\t\t\t<section class=\"elementor-section elementor-top-section elementor-element elementor-element-14ba5d8 elementor-section-boxed elementor-section-height-default elementor-section-height-default\" data-id=\"14ba5d8\" data-element_type=\"section\">\n\t\t\t\t\t\t<div class=\"elementor-container elementor-column-gap-default\">\n\t\t\t\t\t<div class=\"elementor-column elementor-col-100 elementor-top-column elementor-element elementor-element-4660e3c\" data-id=\"4660e3c\" data-element_type=\"column\">\n\t\t\t<div class=\"elementor-widget-wrap elementor-element-populated\">\n\t\t\t\t\t\t<div class=\"elementor-element elementor-element-07cc4f5 elementor-widget elementor-widget-text-editor\" data-id=\"07cc4f5\" data-element_type=\"widget\" data-widget_type=\"text-editor.default\">\n\t\t\t\t<div class=\"elementor-widget-container\">\n\t\t\t\t\t\t\t\t\t<h3 style=\"text-align: center;\" data-start=\"274\" data-end=\"300\">\u00a0<\/h3><p style=\"text-align: center;\" data-start=\"301\" data-end=\"644\">Dans le cadre de la poursuite des sorties p\u00e9dagogiques organis\u00e9es par la Facult\u00e9 des Sciences de la Nature et de la Vie, nous avons le plaisir de partager quelques clich\u00e9s illustrant la sortie p\u00e9dagogique des \u00e9tudiants restants du Master 2 Microbiologie appliqu\u00e9e, r\u00e9alis\u00e9e le <strong data-start=\"578\" data-end=\"598\">14 d\u00e9cembre 2025<\/strong> au laboratoire d\u2019hygi\u00e8ne de la wilaya d\u2019Oran.<\/p><p style=\"text-align: center;\" data-start=\"646\" data-end=\"894\">Cette visite s\u2019est d\u00e9roul\u00e9e sous la supervision de nos ch\u00e8res coll\u00e8gues <strong data-start=\"718\" data-end=\"776\">Dr Terbeche Ryme, Dr Meddah Dalila et Dr Lahouel Zakia<\/strong>, et a permis aux \u00e9tudiants de renforcer leurs connaissances pratiques dans un environnement professionnel sp\u00e9cialis\u00e9.<\/p><p style=\"text-align: center;\" data-start=\"896\" data-end=\"1143\">\u00c0 cette occasion, nous renouvelons nos vifs remerciements \u00e0 <strong data-start=\"956\" data-end=\"972\">Dr Benyettou<\/strong>, Cheffe de service du laboratoire d\u2019hygi\u00e8ne de la wilaya d\u2019Oran, pour son accueil chaleureux, sa grande disponibilit\u00e9 et la qualit\u00e9 des \u00e9changes accord\u00e9s \u00e0 nos \u00e9tudiants.<\/p><p style=\"text-align: center;\">\u00a0<\/p>\t\t\t\t\t\t\t\t<\/div>\n\t\t\t\t<\/div>\n\t\t\t\t\t<\/div>\n\t\t<\/div>\n\t\t\t\t\t<\/div>\n\t\t<\/section>\n\t\t\t\t<\/div>\n\t\t","protected":false},"excerpt":{"rendered":"<p>\u00a0 Dans le cadre de la poursuite des sorties p\u00e9dagogiques organis\u00e9es par la Facult\u00e9 des Sciences de la Nature et de la Vie, nous avons le plaisir de partager quelques <a href=\"https:\/\/www.univ-usto.dz\/faculte\/fac-snv\/sortie-pedagogique-du-master-2-microbiologie-appliquee-au-laboratoire-dhygiene-de-la-wilaya-doran-14-decembre-2025\/\" class=\"read-more\">Lire la suite &#8230;<\/a><\/p>\n","protected":false},"author":18,"featured_media":0,"parent":0,"menu_order":0,"comment_status":"closed","ping_status":"closed","template":"","meta":{"footnotes":""},"class_list":["post-13577","page","type-page","status-publish","hentry"],"_links":{"self":[{"href":"https:\/\/www.univ-usto.dz\/faculte\/fac-snv\/wp-json\/wp\/v2\/pages\/13577","targetHints":{"allow":["GET"]}}],"collection":[{"href":"https:\/\/www.univ-usto.dz\/faculte\/fac-snv\/wp-json\/wp\/v2\/pages"}],"about":[{"href":"https:\/\/www.univ-usto.dz\/faculte\/fac-snv\/wp-json\/wp\/v2\/types\/page"}],"author":[{"embeddable":true,"href":"https:\/\/www.univ-usto.dz\/faculte\/fac-snv\/wp-json\/wp\/v2\/users\/18"}],"replies":[{"embeddable":true,"href":"https:\/\/www.univ-usto.dz\/faculte\/fac-snv\/wp-json\/wp\/v2\/comments?post=13577"}],"version-history":[{"count":4,"href":"https:\/\/www.univ-usto.dz\/faculte\/fac-snv\/wp-json\/wp\/v2\/pages\/13577\/revisions"}],"predecessor-version":[{"id":13581,"href":"https:\/\/www.univ-usto.dz\/faculte\/fac-snv\/wp-json\/wp\/v2\/pages\/13577\/revisions\/13581"}],"wp:attachment":[{"href":"https:\/\/www.univ-usto.dz\/faculte\/fac-snv\/wp-json\/wp\/v2\/media?parent=13577"}],"curies":[{"name":"wp","href":"https:\/\/api.w.org\/{rel}","templated":true}]}}