{"id":14062,"date":"2026-03-10T11:43:39","date_gmt":"2026-03-10T11:43:39","guid":{"rendered":"https:\/\/www.univ-usto.dz\/faculte\/fac-snv\/?page_id=14062"},"modified":"2026-03-10T13:14:52","modified_gmt":"2026-03-10T13:14:52","slug":"e-learning","status":"publish","type":"page","link":"https:\/\/www.univ-usto.dz\/faculte\/fac-snv\/e-learning\/","title":{"rendered":"E-learning"},"content":{"rendered":"\t\t<div data-elementor-type=\"wp-page\" data-elementor-id=\"14062\" class=\"elementor elementor-14062\">\n\t\t\t\t\t\t<section class=\"elementor-section elementor-top-section elementor-element elementor-element-8771f04 elementor-section-boxed elementor-section-height-default elementor-section-height-default\" data-id=\"8771f04\" data-element_type=\"section\">\n\t\t\t\t\t\t<div class=\"elementor-container elementor-column-gap-default\">\n\t\t\t\t\t<div class=\"elementor-column elementor-col-100 elementor-top-column elementor-element elementor-element-3902550\" data-id=\"3902550\" data-element_type=\"column\">\n\t\t\t<div class=\"elementor-widget-wrap elementor-element-populated\">\n\t\t\t\t\t\t<div class=\"elementor-element elementor-element-fb1e3d5 elementor-widget elementor-widget-text-editor\" data-id=\"fb1e3d5\" data-element_type=\"widget\" data-widget_type=\"text-editor.default\">\n\t\t\t\t<div class=\"elementor-widget-container\">\n\t\t\t\t\t\t\t\t\t<p class=\"MsoNormal\" style=\"margin-bottom: 1.5pt; text-align: justify; line-height: 150%; background-image: initial; background-position: initial; background-size: initial; background-repeat: initial; background-attachment: initial; background-origin: initial; background-clip: initial;\"><b><span style=\"font-size: 14.0pt; line-height: 150%; font-family: 'Times New Roman',serif; mso-ascii-theme-font: major-bidi; mso-fareast-font-family: 'Times New Roman'; mso-hansi-theme-font: major-bidi; mso-bidi-theme-font: major-bidi; color: black; mso-color-alt: windowtext; mso-font-kerning: 0pt; mso-ligatures: none; mso-ansi-language: #2000; mso-fareast-language: #2000;\">Plateforme d&rsquo;Enseignement \u00e0 Distance (E-learning)<\/span><\/b><\/p><p class=\"MsoNormal\" style=\"margin-bottom: 1.5pt; text-align: justify; line-height: 150%; background-image: initial; background-position: initial; background-size: initial; background-repeat: initial; background-attachment: initial; background-origin: initial; background-clip: initial;\"><span style=\"font-size: 14.0pt; line-height: 150%; font-family: 'Times New Roman',serif; mso-ascii-theme-font: major-bidi; mso-fareast-font-family: 'Times New Roman'; mso-hansi-theme-font: major-bidi; mso-bidi-theme-font: major-bidi; color: black; mso-color-alt: windowtext; mso-font-kerning: 0pt; mso-ligatures: none; mso-ansi-language: #2000; mso-fareast-language: #2000;\">Acc\u00e9dez \u00e0 notre <b>plateforme d\u2019apprentissage en ligne (E-learning) MOODLE<\/b><\/span><\/p><p class=\"MsoNormal\" style=\"margin-bottom: 1.5pt; text-align: justify; line-height: 150%; background-image: initial; background-position: initial; background-size: initial; background-repeat: initial; background-attachment: initial; background-origin: initial; background-clip: initial;\"><span style=\"font-size: 14.0pt; line-height: 150%; font-family: 'Times New Roman',serif; mso-ascii-theme-font: major-bidi; mso-fareast-font-family: 'Times New Roman'; mso-hansi-theme-font: major-bidi; mso-bidi-theme-font: major-bidi; mso-font-kerning: 0pt; mso-ligatures: none; mso-ansi-language: #2000; mso-fareast-language: #2000;\">\u00a0<\/span><\/p><p class=\"MsoNormal\" style=\"margin-bottom: 11.25pt; text-align: justify; line-height: 150%; background-image: initial; background-position: initial; background-size: initial; background-repeat: initial; background-attachment: initial; background-origin: initial; background-clip: initial;\"><span lang=\"EN-US\" style=\"color: black; mso-color-alt: windowtext;\"><a href=\"https:\/\/elearning.univ-usto.dz\/\"><span lang=\"fr-DZ\" style=\"font-size: 14pt; line-height: 150%; font-family: 'Times New Roman', serif;\"><!-- [if gte vml 1]><v:shapetype id=\"_x0000_t75\" coordsize=\"21600,21600\" o:spt=\"75\" o:preferrelative=\"t\" path=\"m@4@5l@4@11@9@11@9@5xe\" filled=\"f\" stroked=\"f\"><br \/>\n <v:stroke joinstyle=\"miter\"\/><br \/>\n <v:formulas><br \/>\n  <v:f eqn=\"if lineDrawn pixelLineWidth 0\"\/><br \/>\n  <v:f eqn=\"sum @0 1 0\"\/><br \/>\n  <v:f eqn=\"sum 0 0 @1\"\/><br \/>\n  <v:f eqn=\"prod @2 1 2\"\/><br \/>\n  <v:f eqn=\"prod @3 21600 pixelWidth\"\/><br \/>\n  <v:f eqn=\"prod @3 21600 pixelHeight\"\/><br \/>\n  <v:f eqn=\"sum @0 0 1\"\/><br \/>\n  <v:f eqn=\"prod @6 1 2\"\/><br \/>\n  <v:f eqn=\"prod @7 21600 pixelWidth\"\/><br \/>\n  <v:f eqn=\"sum @8 21600 0\"\/><br \/>\n  <v:f eqn=\"prod @7 21600 pixelHeight\"\/><br \/>\n  <v:f eqn=\"sum @10 21600 0\"\/><br \/>\n <\/v:formulas><br \/>\n <v:path o:extrusionok=\"f\" gradientshapeok=\"t\" o:connecttype=\"rect\"\/><br \/>\n <o:lock v:ext=\"edit\" aspectratio=\"t\"\/><br \/>\n<\/v:shapetype><v:shape id=\"Image_x0020_1\" o:spid=\"_x0000_i1025\" type=\"#_x0000_t75\" alt=\"lien elearning\" href=\"https:\/\/elearning.univ-usto.dz\/\" style='width:225pt; height:54pt;visibility:visible;mso-wrap-style:square' o:button=\"t\"><br \/>\n <v:fill o:detectmouseclick=\"t\"\/><br \/>\n <v:imagedata src=\"file:\/\/\/C:\/Users\/SNV\/AppData\/Local\/Temp\/msohtmlclip1\/01\/clip_image001.png\" o:title=\"lien elearning\"\/><br \/>\n<\/v:shape><![endif]--><!-- [if !vml]--><img decoding=\"async\" src=\"data:image\/png;base64,iVBORw0KGgoAAAANSUhEUgAAASwAAABICAIAAADDDV\/aAAAAAXNSR0IArs4c6QAAAARnQU1BAACxjwv8YQUAAAAJcEhZcwAADsMAAA7DAcdvqGQAACUVSURBVHhe7V0HXFW3979vb7aAokwXgnvh3v7rHh12WK2tE\/fe2v6666hVcbV1VOuqLSquugX3QFREZTgQHhve3uP\/zX0WKQ4sIqLe+8kHcvMyTr7JyTlJTnJZdrudYh4GAQaBl4cA++UVzZTMIMAgQBAomQltVisDFYMAg8CLQ6AEJlTevPF3y2bXF\/5gUipfHBFMzgwCbzICrKfPCS+MG8N3ctKlp3OFoqYrVxlyc4Qeld5kvJi6MwiUOQJPk4SK+Hhd6l2xn59ZpfQZOjTz7wPHenaL\/\/pLk0JR5nQwGTIIvLEIPE0Snh8Tznd14wv4Vw8d3JsuH9GkkVvjpjp5hupmgmfrNtWHDhN6eb+xwDEVZxAoKwSeKAkLrsbp0tLEVaqob944nZkVFhggdnbjypxk1Wv49OyTd+6sKv6aRa3WpqaWFSlMPgwCbyYCT2TCxJUrXUJCTVlZt9PSVHaqvpubMDDQajTaLGabQYdHW73mzR8Xnvl08JUv5umzs99M+JhaMwg8PwKPZ8KCy5f1GRkiby9t0q3TGZlhgf5iV1e2SGy3Wlgslj45+VxW9ooB72quXa3Wt78pL\/\/skEFX5s9DkucniMmBQeBNQ+DxTJi4eoVTcB2IwZT0dC3FCnVx4VfztZpMdhtl1Wnz7t29WlDQ0c9PVL0WAiUBgZ4dOhnz884O\/+zKvDm69LQ3DUSmvgwCz4PAY5gwL\/aSPjNL4O6uu51ySp7ZHGLQ2YXFF0ARpex2w53bp9PTawUEeHI5XA8PMKHVYLBZLGJfv0qt2hjy8s6PGnFl3mztfWau+DztwqR9gxB4DBMmrVqB1RdLTnayPMPAYYc4O3O9K9tMJspms2o1uWn34\/MV7ar6cKr4INBusditVvy1GY3wiKv5ujdvYcjNuzAm\/Mrc2Zp7d98gLJmqMgiUCoHiTJh38YI+K5vn4qpPvXtKLg\/z9xfJnOw8ntVkttls5rTUM2nyGv5+HmwOy8XVajRBBhY6q9kMqWi1WISVq7g0aqLPybk4bkzc7JmaO3dKRRuTiEHgjUCgOBMmrVop8fe35mYnZ2SZebxgZye2uwct5Sw2jSYnQ56gULat6kN5VEIgWSktwoQP\/GBFxLeYBV5eTvXq67NzLo4fEzdrhuZ2yhuBKFNJBoH\/iMC\/mDDvwnldViZPKtVnpJ9MS2\/u7ycQS+xsls1EmNCSmXEmLb2Gr68Hh82WSGxGg91sepKDpmozGOwms6CShyw4BNleGD\/28szp6pSk\/0ghE51B4DVH4F8WM9j0o\/gCHpt15Vr82fyCwXXrCLwrUxwuMGBZzDlJSb8l3BrcopmbiytLIsEU8VmxYbEoFpuy24x5eebcHJfQ0KChw52q13jW5Ew8BoHXGoGHkjDv\/Hl9ZiZXJDLm5JxOl7cM8OcLhHaKZTObseJiyy+AGKzuW9WDzaYEAiLoHlVEnxRiNkOWIh++i4s4MEibLsdcMXbaFHVS6aWifP8+LMy+1k3DVO5NQeAhE96KWCaALahKeSMriyMW1ZCKbUIRmQ2azZRel5OXm6TRtvKpYqE5EIGlcI7cuDKZ2M8fNnHnx4ZfmjJJnZxcCrBvrVheEHupFAmZJAwCFQ2BB0yovHlTc\/cOZTJZVKpTaektAwJ4HB5OOWF9hexAqNVkNlitqjuLZefyyDwQ4aV2JLmFI5ViP0Obdv98+IjYqZNVibeeHZqMw4dM+XnZJ2OePQkTk0GgwiLwcE5ozMw8PWtGQnz8VY3249A6bLHYjrkczt7bbXlZ2ZsTkwc3b+rEYtv5vDK8lAZGcOB0bD+aC5SuDRoEfTbMuXbtEsGKef89isM25uV2PnC4xMhMBAaBCo7AQ3VU4O1d0KBx9P20Vo0asmAHo9E4NuJZBsOZdHnNqj5u4BYOC1NBEl5Gjkw4LRa2QCTw9lKnJF8YGx47ZaIy4fpTUMs4eADsx+JyKast63JsBceXIY9BoEQEip8nzJXL3apUseTm7h853Mmgk8icspTKrYnJg5o1kUAv5XCoMpSDxagjcpey6vU4IeVav37Qp0NxjOPRCpz84D1cewMmNKvUlbt3Cw4fW2IlmQgMAhUZgSce6v39h+\/PrV3XwFmarNHxXZy7V\/UxlGM9rHqDRatxrUdY0bVu3cKSsSiKC28EHh4IsVttOpWy28Ej5UgXUxSDQNkj8LST9TgzuGPhosObNg57713q6hWKw7FzuC9OED5SOWwsmmhWrBc0ZChkIyLEfDAAopLoovRjys0O27ZDxhzwL\/uOweRYfgiUcNETCLGYTFw+X52e\/scHAwKdnfgCgZksm5YLiVBQ7RT2GK1arVvjJrLqQal\/\/YUdjkKV2KpV+w0eUv3DgeVCDVMIg8ALQaBkJiws9vfvvzu1dm2IRFyvWjUOlwOD7hdC0eMyJVxP2wxwRKKiv2ObhOXi3m7jJpvNUj7DQrlVmSnoVUcAEoSFcw4UvdTx1Oc\/MCHysdrs2xcvPLFmdahU0sDXl83hmHHOl+7+L4UHUD9rvsayrDcbdjy2l0JCSQAzv7+hCNhZFFvAl7pIfII8w0QC56fA8N+YsDCjbT8uPrx8eT0nWUN\/sCIXCqrjp3JSUwvpwDijNRn7hYq61KGMlje0uZlqV0gE6DkbVg+ho9mCvML8KjV5EpmlZEJHdn8sXbp\/8aKGrs6N\/PxYPJ6FTOHoaVx5Piar2c+FP6mjXW8q55LLs5ZMWa8oAg5zFJNV5+MaGly102Nr8VxM6Mhxx7JlexctbODi3DjAn83nWWFVU44yEZU0ZuTx131sMxjLXRC\/oh2DIbs8EADvkdNDbK6DDy1WYz3\/nh4y\/0fLLgMmdGT614oVUQt+gILaNMCfIxRYYXpaPqzIYpmzs2vMnVetbTtcs1Ee6DJlMAiUhACRDSZtal6cPC+ew+bh1Wa3ctmCVrU\/eYFM6Mh61+rVkd99W18qbRoUwBWLrDywIutFCyirRuXRsm3IlKk2WgsvCR\/mdwaB8kCAxWJjbnYvJzYl8wyXw4chtslirOXduWql4tbRZSYJi1Yr6tdfdnz1VV2JuEX1QI5EahfiXOKLXLSx25T3UrsdPYELGV80w5dH6zFlvD4IQCFlnUvcAqMTNs61s2zqHHb3NkOL1e+FMKGjjL3r123\/4osQkbBVzRo8mZNNIsayjR1bGmX9QO\/WJN1qsGqVe41gq9Vc1tkz+TEIlBIBSD\/ooheS\/9CZ8tksDtgwR65tGfquV6UqRXPkfP7556UsoaRkNRs07DdhgsbFee3mrZqsTF+RgMvj4oQUC\/dlQEdmY2goG0exObhrw2azezZtDs27JLqY3xkEyg8BdHJ5fjyuISTaKYtSK4zuMl83F2L8XPi8QElYtJgj27ZsmDW7FpvdLrgWrhWmXNzIXgb4piw2Fsms12DQ5ee1277DbjWVSZ7l10pMSa81ApCEl27v0JkUDkmYlaYJ9etYq3q9l8CEjiKP7fhjw6xZQTZr++BaIk9PlpsHxWaTk\/vPzYpsHjfv9OnWuyN5zi44oFhBmhWjII\/DtdisRT85zuFy0Rom+jrzCkInQ8aLQwBd4PKdv4oyYV3\/TjWDHh4MQtHlJAmLVjI6MnLdzJn+ZmOH4NoS78psL0\/ok2DF5+qUHI42Ocm5U8eQYaPMJs2\/MWUJ+RKEGM3a5+f2Z28tWNJBRU64fqOKT2V3d3crKkhRPB4vNzc3LS29Tp1gRHiUHkh1Ae\/FUksXISB3NpfvaIW6Y\/phwuUmFWz0QUPwuWJYQBpM+mdv32eMCUl4+e5OfRFJ+CgTlvDN+mcs6T9Fa9uv37qbNzv9+NOGO\/eijh5VxsXZs7PYXB6++sTi8VlcXmkchyv0qqy7etVCGe3gZjsU3QdOwOctWPTdlKmTaEvaf\/0EeyLawvafQLxCbydbKg+Tl9rP54rWrl3XuFGzuLgrXA74DStSdg6L37nTW00aNRcJpI\/JmbLxebyJk8YvWPQ9lwubhzIgo3gplI3H4x4+eiQtPY1DU1U+jsvj3Eu9dyI6msBb1vVCnmjH0lUErW82m0aMHLZl2xYBn1+6TJ6Sil6kKEHleQmSsCjHnt67d92M6VU0mnbBNV18\/biVfWD+hjH6P0tF8A6HIz94oPXeSJjNwmLPUQqCxQKpn19gaup9tS4PmiBub\/znJ8KROp1eJBJycE6SXrbVafV8Pg8fJy6M9p\/Gl8LI6BZigauXl5fBYMhVyC1mC6QiGCw7J6dq5cDw0cMjlq\/WGgqKZY4hQMSXsFh8f3+\/lDs3jLgnsqyt0gUC\/qWLl8OatWncuOHFi7GP0lC6+j49FVqBzxd4efjk5xfcTLwaEOhvNpfZlAFyDCBDqjs7O5UiW3QJpUrl5V6tT99eOyN3ag3KskWAw+ZevbdXb1YWzgkrhCQsWsmWPXr8fC3+rYiIHVm5kX8fzD5zypR6lxj78CESuc\/i2BAZfD5HKOQKhU6VPDMOHqJ4HAw\/D5wN45BVIpWAtTAtFvJEEqGExycRgL5er\/d0rzpuzCQR3xlDNTinkrtPz579hDxnjKxwYqEQJkd8ARep4McQ7sgWP0mEYgQKhHxHCKJxuBjRHpSLzGOvnM3Ozh47LpzH4lusZsThcQRLl0Sg+mPGjjJaVWSMZNklQpAkReYYL\/HFHVCLCGKJGHueeEWJIqEAEVAcCnWUhUCUi9LhhEKBgyoULRaK+Hwuj0+oRWVpIkU4XoL7nAvpNxoNoXWD586fufinH8w2NaBAnMJSkG2RKrDpOsKJkDOHy36IKhndbQhHcY5AePCKQJoMIblBmk05IOJwWDBixndMft+64Zvv\/lfNzwfzZMQpzA3R4YpmDj9SFVYZeQIEOAdtjp8I+AIeXtF2w4eNQjti5l2YLVqTjkOARdMUy9zxCt2LZMKVYOwD5iKRAOCjIqisw4GqQjQem8OzBIKqEiXhS1BHHx1pWnTvseJSbI+Vq3YpVAdjYhSxFyCkCHdBYXqK46FXCzhiMYWB8O4d1ZlTSfL061eucShMxkgPJo50WTLb5HH5YIwFCxeMmzAxNjZOKhIrlIqI5StBTGJiUsSqJQUFBatW\/ozXrMzsiJVLsrKy7qfe\/+rr7yA6oqNPjhwVvmTpcqkQMwc72im\/IG\/i5CnDho\/8c0ckGg\/NrFQrU1Ju45glaTablc\/h74zcjdx69+uBizpo7rJZKP327TtkMllwrbpgBpCPzjp3\/hdDPvtsWcQKNDkWsYm9AXlohmRRUqHs17Xrhw4fPnf+fIWiQEg6ik0sFERG7ho\/ceKo0WM2b94iFWIOaeMJeF99\/c3pM2evXb02dNgIlUp5PzV15qy5Fqsl5kQMYi5bFkHzGz5NYBLTxzKBb0z0yZmz50qF7r\/+ui58zJio3Xsk+BSszSoRiVJu354+c9as2XN+Wr584aLFcZfjCB\/SqKI48NXMOXMPHTwCNOAOHz6CfFAW2HjBwsWHDh7GuDNrzrzJU6fKM+UYAcHner3OyVkGiH5Zu\/a77xegCBQE9LZv\/2PN6l8IP\/\/TamCz5OTkaTNm3b17F36MJqvX\/BKxYjXGFzAemmbCpMnDR46KitojEzkdPr4vKZF85mRlxKpdUVHoNTKRNCEhAcSPGj0arYaioYE\/7BJ0KWKRMCU5ZdyECTNmT5fKyCScnqiiIkd\/WrosYuXKZcsjNm\/eRi6Opxu09I70wJIecl62Ij0n5sw4O3TI9R8Xxy\/44fFu4YLrixfdWPpT\/DdfX5447vz77\/zZucM3DRsMqla1t1Q2ukljpSGrQCPPV6fDwWOxq0NCgml1lVMIxv2MxNPnjxbFZv\/hnUVfd+7ZvnnbOoQ0bESu1eDz+fjbs1c3u91463Yc\/P7+vu3at4ZHrc+y2\/Vd\/48YyF+IO6kxZiu0KFQlkYp9qlax2lUKmhitOfd8bDTizPtiJrnI1ZCVnX8Xr1CiOnfpAI93ZS+DJc9qJ6tKwSG1jbYCo72geVhjvLZr38bV1QWe2Gun8YXI1m1bwl+vfmj16oHwDBz0AdRqs10BfxAdggdl\/bb5l0L6HYETJo0G\/TeSL8P\/0ccD0OzvDegPf4OGD1fMo\/b\/abdro08fRHhAoF\/jJg0daZdGLAJJDlRV+sz7meT29D79eqJouH5v98br\/cxEG01\/Ja+H+2CoYI4iFXFq1KyOn4zWgvr1ydqgPCcFWCEc\/voN6iJhAZ05nMmuWBqxEOEbNq2BH1g5u5DzeMD5SsJZUs2ggDY0CDjrXZPO1vEEBPjDUvqv3VvhFwgFISHEQEwoFN6T31TpsxyZw+nMeafOP7iayMXVGREQbcD7bwOQDh3bFuYGUZivSVdoMwoTlsKj0GaevbX5+PXV0Qk\/x9z8ecfhH28lXy3GcBVCEhZW24apwrV4aY1a0A+g6\/\/rAQ9hQIN+xaKs2Vm6C+fuRh+PPnV6zbkLW+KunUu+XTm45qcL\/zd73xYYzRD9p1AjpazEUMdu\/+Lr2ejBCxZ\/g+JWr\/q1RdOwhKSL8A8e8qHGlNW2Xct78ht4BWupTZlvde+ETPCq1+ly1fcV+vSqvlX3RO1X6HIvnCepDp\/Ye\/xYjNqYacL9H5S+dZuwqtV8nJ2lkAbQhaJjYrQa3dgJI60UPmeFE2VWCOJff16PhB8NGqA1aoQCwWdDwvGqUCgPHTx68tyhzIysCxdjoUUiEPTyWfz1azedO3vp76O7jx+LlueSe8rXr90Ilen7hV\/mqe9fiYtLSkoB1236bQtJQZE5bUrybXTf9JykkLq1HbNczJdylPfupCeIRKLlS1fjuhLIFtI1RaTnicREJNaoGQTGO0APQ0sWL4M6\/POa9R4e7rdTEi5eiA0M9G\/RqvnY8NEareYfVG2OozLIE1WDg2AhjQi6KSuWQHOycrdH\/gae+eTTgUql6vjxExSF256JwAGqc76YDs+6tRslfKfIKFLowEHvY23FWSpzoR3og9BDOKw7aE3bJpNJ4dApTsacQfjRU\/ujT5wC+Apd9vVbF99+pw8C0XyXrp1Um3L7934fI1qe6j7u0F2y7AcgsHHD5kKNF0BBWs6cOhdJwNIF+bnDR30KP1nPo9TbIzci2937tiNk3MRwaLRWG5lKlM7R2qyNNM5Tn4rFhEm\/rOa5e3DEpLXAhbTjYGbIFgihlFjyc3VxsenHj56Jjl5\/9vzGy1cPXUsQeVbqNX744ivHZu35veOwD\/ligcVswm0Xhc5qN2OVBVrluAkjdBZFj95dkDeZpFEmTGpIz2GzRTwB9EPHK5RAvCI5VBC8TZ010QkzCza\/Qwci96J27W1GS6fqfnWnzhinVpNplVKlmDBl9K3blzwquZpMBiGPv2kTGYx79emm1Wvoqzdsaq1q6+Ydvn7VavrXMJoM+DrHsSMnIN9mz5s6YVL4z6uI1F28YCk6Ht0hSP337TmAf7v+ipowefS0yXPgX\/oj9GdWi6ZNzp298MXX8xb99I3JaKTbF9NHosc2btpwdPhQdB1oyI5BZPrMCS5OsqpVvGvWro7ebKFM9HodUXjBEQ7W\/XHptxqzqkOnViQjopaZ3dyccnPzEu\/eytfcy8zMVqtUuFULo1tRYEke0JqBJQUwCck4xYJBB90utF6dfn17GCntW9070miDEguGQvh1em379qSgLZu2QVxtJCMINXFi+OZtv3fr1r\/\/2x927twrPVPumKfRqiAZTx2Q2Ch94yZEaPt51545Z7JWq4Fyw3FcIoG8RHyRiH\/uzHn4u\/XoIuLxlfqsvm93Z7M5v6zZwKOgkdK9wm4xGPW3bqWgS9QLboQ4c+ZPoStuM1Mm9DXMFfv0GODi6jJr\/iStRmPFKFqkO\/0nPznR+wwXr1QgJsQHXtL3RDmH1gX2BFea9zh8vk2lNiTE55w4Gnvi+LYzZ9ddurL32g0th9NqQO8vo3fOO\/pn39njZZ7uep1Wq1JhuRndsaijh1LyaA06SC1HZwWnWXGFFXbMCfpWEwzcbfiNvKJjOV7RA0hEFk5kQtaZvH28afaw+\/v5XoqP7t6z68Lvl1XxqJGTmwNbCDM6KL6dYzXb2XaNUbP+183NWjQJCKqGFU6UCNl49twFyIRps8ZrLEqUiFFAo9Fi1g52unDh0u3bd1q1CZsxd6KZQnd\/8NxOvg3ftfjrEEexl+Latm+5fM0iK2UcM35y9y7990YdiNq1H+uNdGxSZfzDvFdn1aFQmn7CYEazyWAx4MshdD9mESYhkzpSEcI19ExIZ9SbzEYzYRVy5gXis1vPrvDXCmjkLvOXOck2bFmdr8u3YUFIxOcJuCgLFgiIgLNyyBCZoYIOnqFfiRGhzqhDnkQO0PtCZMGJLgtgOjvLUJf4a9A7tJE7opo0b8ShhGqd9s7du\/ewj3HvnsWKkYIkxJQMZbG46A4kf71NX6de8NnLR7q81eG7rxd7u1XPK8hHRVAcfgWkKB05wO9TtTKajNSIjeV2rlajhYjm8NhCsQB5ggmzMrN8\/aqCHDTZPyfgUKTNSSz98L3PQPC2yPXAwtFhnsvRCzNPv2emAjFh8ppV0oBArlgM8xcOFqZ0OmPSrfzoY9ePH9596vTaS7GRcQlpGm1oh1aTtq746vSujxd\/7hMcZDEZNAX5ZqO+2DhddMQiO3+krciw6rDwJn4yQBM\/NvGElBStbLGQzzyxOWwRJcHGskNi7NtzUILzkZRg544ovDYNa6jSKuqHhOyN2nn87F6ELPh2iUwijr8Wv3TxCvRvoYAXuWM3TGRGhA8mIwLY0o6P6PC++eIHRO7d7y2djgyu6AoNG9dTKdWHDx4\/FXMi+viRk9HHatYKNJjJHImcAaU0vfr3gH\/RT1+ejD59MvrIiWPHhg77KCM3fcXSX7p263j+7KXjR2Mg30inhyzCOE6v58DjqLuDCekVBbAMuSKPjukQLGTgJ9LpQRySBHrXP8zJHzV0YnBITXnejdjrJ+QZCaEhtc1mI3hs44atRw4dw2q0Y34tT8vgU24o9vTJcyRP8CbhdkI\/vSKKPAljozagkCSg4xjM+hGjh8A\/Inw0\/r43oI\/KnPPugN6x8Sdizu2\/cuuUl7eHhW6ajIwsKdcrJSk57X462gW5GvTapg0aHNy\/d98RojEuX7KaTXEdkSEGBWxum\/Zh8O\/8M0pI8TykLhfPXTQajQM\/eQ9S7nr8jZXLf4FUF0kEIXWDkxJvaywFHtJKf+8jH1MAzTyK8\/exwxgXxk0c3rVdLwlfSK4uKq0Y\/CchTKMcVX\/iU1GY0GY2Zfy937VBfbteh10KRUx00tHDh6Jj1p67uC3u+rWMLJ\/6IUN+nPfVmZ3D1y0Ibt\/czrJpFAVGg96x+v80Z7MYDCYzvh9MKza0akTh1Wwze3i6wr\/25987d30rMTHZ3d0Fr2CHdh3\/7\/ixk45pyV9\/7PaoFFSrdkMswbXv1Do4oPbYkdNahnX5acWSGZM+R4TBn34AjWjW1P\/NnvZVQsINCV+8cQMULapthxY6vQ4lgt\/u3087GX2ufefWHpXczBhcIXVNhglTRyFardrVP\/96\/tSZ07g8adr9NETGA1GmM2nfHtAT\/paNuk6fPWHW\/Dl1QusuXhjh5u7iUcn94P6jET8v+PDjd+Jir5KejQGF7u4GCF56TZiId7prYmRxvBqNGBHgwffrSLiZfFgOZJBxx4GMIwdavzUM+LDvjeuJPh51GoW0c5JV++rLBZAhSYnJY4ZPeaf3YHyfxNXdGdLmxLFTWDLhsTzSUuWkrH+4Dpk4CnUY5eAvKAQzEFJtFr1B155Wfdes3IC\/w0cPhmKJtVOsVxOnUOC1fUey7jJl\/BwnJ2fQgDqZTGYJRzTsk\/Ht2vUA+EAbEd7\/qJ+BUlWtRg4ltG7WbeTISQG+1br37hp\/7Wb7jj3GTJj6Tp\/BmLiOGjsEOvOwT8ZNnzT\/t\/Vb+RzusPBBSFInKKz\/uwOGDCSTc0DBoUQD3x0G\/4a1W6VSmZOkmlwuL9wZKt20EFKUVjqe9lQUJkxctRLmMqrTZ+4cPhRz7PjGcxe2xl0\/cydNWq1K32kjP4\/eNnbrsrD3e\/JEfJ1SadBqik38njJcQaNo2aZJh86Y0eHLFyZIKv8A38Dqfga9DksU67dE1KwVlJBwy8VVBvbYuX9j\/QYhyYkpLm4yh8HnkhXfDBz8rsFg\/GzEwLWblmar5ZNnhGM\/YNH3y7ENGLnvtxq1A1R6ZdfuHRo2Dg0IrJalyDx6KLpTl7aenu6QHiAMWxEno8lywuBPBmhpMYhA9LNefbogOUTzb2u3bt0cOW3WGFd3F7Bfq7bNW7Zqip7q61vl3NVDrduFbdsSuWnD9voNQ7r16ogbmfcc2tKiTdOv5i8Si4VLV30X1qqp1qSFNGjQMLR5WCPUEfmbTEZvb4+AID\/vKl5geGiGYS0at+vYEuzB53ERHhxSS0+p64TWgh8KG5JDL2jYuG6jJvUNlA6Sx93D9fcdq7ft\/LVn765fzluwaf3WGrX8W7ZpNnTkQFQBk6Vdf\/\/erkMLN3fXxcu+3HVgo3+gL7aTUHqL1k1btGoKMFFoJU83oI2pst6iw0pvqzbNsEoB2oRC3oQpI+o3DB0ePgjShqgMtJLicIR4H0+UjiqDvAPHt3\/+9XRgojIrZ84bD5Ze+P1yaJhRBzdD4c\/Lz5sxf0Kft7uDJECt1qvWbvxpxtzx91PTo3YeGPTp++evHHRykQLwUWM+qRVco8tbbfNV+QMHvf35N9NBsFyelSKP7dX3\/yD5zZSyT\/9uTZs3rF2nBl5BHib8T9GwnkFIEjXk6RyIX1+yxYyDPmNB\/umBHwb16bvr4MHT0SdNFsrDzzOwda16fVvVa9yVJxSY9AbyIZqSxPpja4steCcnGZQZpUKFXW3sU7m6Ouu0Op2O3Osvloi4mEix2Wq1xmIh21Y8Pp+cOaGobVt2jfhkcsSa7z4bNhDzSYTodXrEQZeVYDPdhhVClsloNugNoEssFmEpD8kilq6dM+3bP3b\/Ckmo1+EACwVTgdZNe968npSef4Vsqxcx2cFWO1YpIZ3JDqHVptGgFDuWBMD\/KpUa9cUOG8oidqfk\/kqWVqsDAQiElc8D9RKGOHx+QYEC5Lm5ucBkBBVxAIWFB5mTFK9GgwlkYGqHPqcoUGLN2dXNBXXRavXYR0FWBfkKUIU4CAcZeXkFQVWaNmne4MLZI3bKsmb9xpFDpixd\/e1HH\/fHIhY0XsxmHbQhLTkIA3XTYpFKxAUFSsCC1SYQ\/IB+AQ\/gw282mUEAl8OBsAMIhB6ZFJZJCFcq1Y82HCIgczQNqm02WdBE8CMtQJaIH4AP2W7QE+mKemHplVawWRq1BttReHXc7ILkaAWHJQ3GLC6PBwsNZEjHEWPGj7bW6w2wjrCYMUsnO5mol4Me1AV95jltp7BWnJZ\/1WzVk6LoUxQVwoD7UcSN+Xl8iTQjJ2d2+w612jQK7F6zcqgfXypgWThe0tpo9VJxX4kD0IMIjklzYRGOV1hM\/LElauyIWd\/\/OPeToQNgzvZonEdD0OlHD5txJfb63qO\/o9tgGKTZW9ur60AMwN8unINJYLG6FE7Zn1THonP6YkQWJeBZa1tSPPR+7JuNGDJl919\/o9+js0Jzb9m6ybbINVZYntBNUYyMF9c6xZrGQftjEXs08EkhRal9bP4lIfQffkf+2HpJV8RbHOcJKzITOqqVk5oqdXE3yxRxyXvYNi6kAY8r8HaqDdReXDM\/CVEwD0bouNhr9erXgZb4jMMhfZIapj5cMwQWLfFIM5CjyyTQaIBx+SvwEBNWkfDypfi8HLL26OXtCU0bQvgZQXgFalheJDqYMEN1w2J5RZjQgUxG\/o0b8iM8DtQtGxZJvZxr0MrVS+i9WBbH6RuygkNPDp\/xIacwHthAPRQY4EN6ffYl1OIZyS4WDbXg8WH\/SZYMyIoNvkHw6hBfuiq\/mFQAkpWlTHxlJOE\/TJhwQ370AROyBZ5gQseeFvMwCLxyCNAz+WxlssX2NElYUVZHH8JLSxL6ITV4cFKLfGiCcQwCrxoC5LgmFodKkCEVYnW06ACXq7579e4eLgfHBchpwEqyIJhevxR19JUbdhmCKyICdnuO+g62Z8ndZhxKflddP6hzsestKpwklAjcsIrh4ECs56v12Y5ZFs2HjGMQeIUQIDsgamMODA0cXRh7KNg5fvRbaRVOEoJW3E6l1ufiSDLZgYK9IleCA28sFjiTmRpWxLGeoemxCGA\/R2fIM1g0WCAlggTmymb77euKTm36+vnUKJqkIjJhnir9amokhyNwXP9Cm\/W92K1CphsxCJQ5AmR\/glghkgVSotlhk\/CeUas09e02xEnqUtGZEPTFXNlm4xfANrfMoWEyZBAofwQwG1TlWLLTdW5unr06F\/+6e4WbEzoACvHtnJtOzrM4DJqZh0HgFUXA0YHzM8y5mUbYgrcLIydjij0VUR11kBh\/89Kl+KMe3hKpK3aNKy6dr2jnYMh+4QhACbWxdGqLIhfn7chJsRaNu9QOavAqMSFovS+\/HXNun96gx3k8h\/UG8zAIvEIIWHHoAIcg7WaxUNKmefcqXv6PJb6iSxjU4UZybMq9BKUqn+HDV6j\/MaTSCNidpG4BvrXr1GxMlkef8FR0JmTakkHgtUeA0fFe+yZmKljREWCYsKK3EEPfa48Aw4SvfRMzFazoCDBMWNFbiKHvtUeAYcLXvomZClZ0BBgmrOgtxND32iPw\/9MllnuSqqlvAAAAAElFTkSuQmCC\" alt=\"lien elearning\" width=\"300\" height=\"72\" border=\"0\" \/><!--[endif]--><\/span><\/a><\/span><\/p><p class=\"MsoNormal\" style=\"margin-bottom: 11.25pt; text-align: justify; line-height: 150%; background-image: initial; background-position: initial; background-size: initial; background-repeat: initial; background-attachment: initial; background-origin: initial; background-clip: initial;\"><b><span style=\"font-size: 14.0pt; line-height: 150%; font-family: 'Times New Roman',serif; mso-ascii-theme-font: major-bidi; mso-fareast-font-family: 'Times New Roman'; mso-hansi-theme-font: major-bidi; mso-bidi-theme-font: major-bidi; color: black; mso-color-alt: windowtext; mso-font-kerning: 0pt; mso-ligatures: none; mso-ansi-language: #2000; mso-fareast-language: #2000;\">Guide d\u2019utilisation de la Plateforme Moodle<\/span><\/b><\/p><p class=\"MsoNormal\" style=\"margin-bottom: 11.25pt; text-align: justify; line-height: 150%; background-image: initial; background-position: initial; background-size: initial; background-repeat: initial; background-attachment: initial; background-origin: initial; background-clip: initial;\"><b><span style=\"font-size: 14pt; line-height: 150%; font-family: 'Times New Roman', serif;\"><a href=\"https:\/\/www.univ-usto.dz\/images\/2020\/GuideMoodle.pdf\">T\u00e9l\u00e9charger le guide\u00a0<\/a><\/span><\/b><\/p><p class=\"MsoNormal\" style=\"margin-bottom: 11.25pt; text-align: justify; line-height: 150%; background-image: initial; background-position: initial; background-size: initial; background-repeat: initial; background-attachment: initial; background-origin: initial; background-clip: initial;\"><span style=\"font-size: 14.0pt; line-height: 150%; font-family: 'Times New Roman',serif; mso-ascii-theme-font: major-bidi; mso-fareast-font-family: 'Times New Roman'; mso-hansi-theme-font: major-bidi; mso-bidi-theme-font: major-bidi; color: black; mso-color-alt: windowtext; mso-font-kerning: 0pt; mso-ligatures: none; mso-ansi-language: #2000; mso-fareast-language: #2000;\">Suivez les vid\u00e9os en arabe sur notre plateforme<b><u>\u00a0<\/u><\/b><\/span><b><u><span style=\"font-size: 14pt; line-height: 150%; font-family: 'Times New Roman', serif;\"><a href=\"https:\/\/elearning.univ-usto.dz\/course\/view.php?id=135\">directement\u00a0<\/a><\/span><\/u><\/b><\/p><ul type=\"disc\"><li class=\"MsoNormal\" style=\"text-align: justify; line-height: 150%; background-image: initial; background-position: initial; background-size: initial; background-repeat: initial; background-attachment: initial; background-origin: initial; background-clip: initial;\"><b><u><span style=\"font-size: 14.0pt; line-height: 150%; font-family: 'Times New Roman',serif; mso-ascii-theme-font: major-bidi; mso-fareast-font-family: 'Times New Roman'; mso-hansi-theme-font: major-bidi; mso-bidi-theme-font: major-bidi; mso-font-kerning: 0pt; mso-ligatures: none; mso-ansi-language: #2000; mso-fareast-language: #2000;\"><a href=\"https:\/\/www.univ-usto.dz\/outils-enseignements-distances\/\" target=\"_blank\" rel=\"noopener\"><span style=\"text-decoration-line: none;\">Outils de l\u2019enseignement \u00e0 distance<\/span><\/a>.<\/span><\/u><\/b><\/li><li class=\"MsoNormal\" style=\"text-align: justify; line-height: 150%; background-image: initial; background-position: initial; background-size: initial; background-repeat: initial; background-attachment: initial; background-origin: initial; background-clip: initial;\"><b><u><span style=\"font-size: 14.0pt; line-height: 150%; font-family: 'Times New Roman',serif; mso-ascii-theme-font: major-bidi; mso-fareast-font-family: 'Times New Roman'; mso-hansi-theme-font: major-bidi; mso-bidi-theme-font: major-bidi; mso-font-kerning: 0pt; mso-ligatures: none; mso-ansi-language: #2000; mso-fareast-language: #2000;\"><a href=\"https:\/\/www.univ-usto.dz\/guide-plateforme-enseignement-distance\/\" target=\"_blank\" rel=\"noopener\"><span style=\"color: #6081a7; text-decoration-line: none;\">Guide de l\u2019\u00e9tudiant pour acc\u00e9der \u00e0 la plateforme nationale d\u2019enseignement \u00e0 distance.<\/span><\/a><\/span><\/u><\/b><\/li><\/ul><p style=\"line-height: 150%;\"><b><span style=\"font-size: 14pt; line-height: 150%;\">\u00a0<\/span><\/b><strong><span style=\"font-size: 14.0pt; line-height: 150%; mso-ascii-font-family: 'Times New Roman'; mso-ascii-theme-font: major-bidi; mso-hansi-font-family: 'Times New Roman'; mso-hansi-theme-font: major-bidi; mso-bidi-font-family: 'Times New Roman'; mso-bidi-theme-font: major-bidi;\">Connexion \u00e0 la plateforme Moodle<\/span><\/strong><\/p><p style=\"line-height: 150%;\" data-start=\"100\" data-end=\"265\"><span style=\"font-size: 14.0pt; line-height: 150%; mso-ascii-font-family: 'Times New Roman'; mso-ascii-theme-font: major-bidi; mso-hansi-font-family: 'Times New Roman'; mso-hansi-theme-font: major-bidi; mso-bidi-font-family: 'Times New Roman'; mso-bidi-theme-font: major-bidi;\">Proc\u00e9dure de cr\u00e9ation <strong data-start=\"122\" data-end=\"137\">d\u2019un compte<\/strong> pour acc\u00e9der \u00e0 l\u2019espace des cours.<br data-start=\"172\" data-end=\"175\" \/>Pour cela, il est n\u00e9cessaire de disposer d\u2019une <strong data-start=\"222\" data-end=\"264\">adresse e-mail valide et fonctionnelle<span dir=\"RTL\" lang=\"AR-SA\">.<\/span><\/strong><\/span><\/p><h1><strong>\u00c9tapes pour obtenir le r\u00f4le d\u2019enseignant et cr\u00e9er un cours universitaire<\/strong><\/h1><p>Pour obtenir le r\u00f4le d\u2019enseignant sur la plateforme Moodle et cr\u00e9er un cours universitaire, il est n\u00e9cessaire de suivre les \u00e9tapes pr\u00e9sent\u00e9es dans les vid\u00e9os explicatives suivantes :<\/p><p>\ud83c\udfa5 <strong>Obtenir le r\u00f4le d\u2019enseignant et cr\u00e9er un cours<\/strong><br \/>\ud83c\udfa5 <strong>Explication de l\u2019inscription sur la plateforme universitaire<\/strong><\/p><p>Ces vid\u00e9os sont disponibles sur le site officiel de l\u2019universit\u00e9 \u00e0 l\u2019adresse suivante :<\/p><p>\ud83d\udd17 <a href=\"https:\/\/www.univ-usto.dz\/outils-enseignement-distance\/\">https:\/\/www.univ-usto.dz\/outils-enseignement-distance\/<\/a><\/p><p>\ud83d\udccc Nous vous invitons \u00e0 consulter attentivement ces vid\u00e9os afin de compl\u00e9ter votre inscription et cr\u00e9er votre cours sur la plateforme.<\/p>\t\t\t\t\t\t\t\t<\/div>\n\t\t\t\t<\/div>\n\t\t\t\t\t<\/div>\n\t\t<\/div>\n\t\t\t\t\t<\/div>\n\t\t<\/section>\n\t\t\t\t<\/div>\n\t\t","protected":false},"excerpt":{"rendered":"<p>Plateforme d&rsquo;Enseignement \u00e0 Distance (E-learning) Acc\u00e9dez \u00e0 notre plateforme d\u2019apprentissage en ligne (E-learning) MOODLE \u00a0 Guide d\u2019utilisation de la Plateforme Moodle T\u00e9l\u00e9charger le guide\u00a0 Suivez les vid\u00e9os en arabe sur <a href=\"https:\/\/www.univ-usto.dz\/faculte\/fac-snv\/e-learning\/\" class=\"read-more\">Lire la suite &#8230;<\/a><\/p>\n","protected":false},"author":18,"featured_media":0,"parent":0,"menu_order":0,"comment_status":"closed","ping_status":"closed","template":"","meta":{"footnotes":""},"class_list":["post-14062","page","type-page","status-publish","hentry"],"_links":{"self":[{"href":"https:\/\/www.univ-usto.dz\/faculte\/fac-snv\/wp-json\/wp\/v2\/pages\/14062","targetHints":{"allow":["GET"]}}],"collection":[{"href":"https:\/\/www.univ-usto.dz\/faculte\/fac-snv\/wp-json\/wp\/v2\/pages"}],"about":[{"href":"https:\/\/www.univ-usto.dz\/faculte\/fac-snv\/wp-json\/wp\/v2\/types\/page"}],"author":[{"embeddable":true,"href":"https:\/\/www.univ-usto.dz\/faculte\/fac-snv\/wp-json\/wp\/v2\/users\/18"}],"replies":[{"embeddable":true,"href":"https:\/\/www.univ-usto.dz\/faculte\/fac-snv\/wp-json\/wp\/v2\/comments?post=14062"}],"version-history":[{"count":16,"href":"https:\/\/www.univ-usto.dz\/faculte\/fac-snv\/wp-json\/wp\/v2\/pages\/14062\/revisions"}],"predecessor-version":[{"id":14080,"href":"https:\/\/www.univ-usto.dz\/faculte\/fac-snv\/wp-json\/wp\/v2\/pages\/14062\/revisions\/14080"}],"wp:attachment":[{"href":"https:\/\/www.univ-usto.dz\/faculte\/fac-snv\/wp-json\/wp\/v2\/media?parent=14062"}],"curies":[{"name":"wp","href":"https:\/\/api.w.org\/{rel}","templated":true}]}}