{"id":121,"date":"2018-11-15T12:29:11","date_gmt":"2018-11-15T12:29:11","guid":{"rendered":"https:\/\/www.univ-usto.dz\/inside\/activiteinside\/"},"modified":"2023-07-09T21:33:29","modified_gmt":"2023-07-09T21:33:29","slug":"activiteinside","status":"publish","type":"page","link":"https:\/\/www.univ-usto.dz\/inside\/activiteinside\/","title":{"rendered":"Activit\u00e9 InSIDE (Including Student with Impairments in Distance Education)"},"content":{"rendered":"\t\t<div data-elementor-type=\"wp-page\" data-elementor-id=\"121\" class=\"elementor elementor-121\">\n\t\t\t\t\t\t<div class=\"elementor-inner\">\n\t\t\t\t<div class=\"elementor-section-wrap\">\n\t\t\t\t\t\t\t\t\t<section class=\"elementor-section elementor-top-section elementor-element elementor-element-4bc78b3 elementor-section-boxed elementor-section-height-default elementor-section-height-default\" data-id=\"4bc78b3\" data-element_type=\"section\">\n\t\t\t\t\t\t<div class=\"elementor-container elementor-column-gap-default\">\n\t\t\t\t\t\t\t<div class=\"elementor-row\">\n\t\t\t\t\t<div class=\"elementor-column elementor-col-50 elementor-top-column elementor-element elementor-element-12d3660\" data-id=\"12d3660\" data-element_type=\"column\">\n\t\t\t<div class=\"elementor-column-wrap elementor-element-populated\">\n\t\t\t\t\t\t\t<div class=\"elementor-widget-wrap\">\n\t\t\t\t\t\t<div class=\"elementor-element elementor-element-14cfc99 elementor-widget elementor-widget-wp-widget-bellows_navigation_widget\" data-id=\"14cfc99\" data-element_type=\"widget\" data-widget_type=\"wp-widget-bellows_navigation_widget.default\">\n\t\t\t\t<div class=\"elementor-widget-container\">\n\t\t\t<nav id=\"bellows-main-30\" class=\"bellows bellows-nojs bellows-main bellows-source-menu bellows-align-full bellows-skin-vanilla bellows-type-\"><ul id=\"menu-insidepresentation\" class=\"bellows-nav\" data-bellows-config=\"main\"><li id=\"menu-item-38308\" class=\"bellows-menu-item bellows-menu-item-type-post_type bellows-menu-item-object-page bellows-menu-item-38308 bellows-item-level-0\"><a  href=\"https:\/\/www.univ-usto.dz\/inside\/inside\/\" class=\"bellows-target\"><span class=\"bellows-target-title bellows-target-text\">Accueil<\/span><\/a><\/li>\n<li id=\"menu-item-38307\" class=\"bellows-menu-item bellows-menu-item-type-post_type bellows-menu-item-object-page bellows-menu-item-38307 bellows-item-level-0\"><a  href=\"https:\/\/www.univ-usto.dz\/inside\/objectifs-projet\/\" class=\"bellows-target\"><span class=\"bellows-target-title bellows-target-text\">Objectifs<\/span><\/a><\/li>\n<li id=\"menu-item-39609\" class=\"bellows-menu-item bellows-menu-item-type-custom bellows-menu-item-object-custom bellows-menu-item-has-children bellows-menu-item-39609 bellows-item-level-0\"><a  href=\"#\" class=\"bellows-target\"><span class=\"bellows-target-title bellows-target-text\">Activit\u00e9s<\/span><button class=\"bellows-subtoggle\" aria-label=\"Toggle Submenu\"><i class=\"bellows-subtoggle-icon-expand fa fa-chevron-down\"><\/i><i class=\"bellows-subtoggle-icon-collapse fa fa-chevron-up\"><\/i><\/button><\/a>\n<ul class=\"bellows-submenu\">\n\t<li id=\"menu-item-38314\" class=\"bellows-menu-item bellows-menu-item-type-post_type bellows-menu-item-object-page bellows-menu-item-38314 bellows-item-level-1\"><a  href=\"https:\/\/www.univ-usto.dz\/inside\/activiteinside\/\" class=\"bellows-target\"><span class=\"bellows-target-title bellows-target-text\">Activit\u00e9s internationales<\/span><\/a><\/li>\n\t<li id=\"menu-item-39074\" class=\"bellows-menu-item bellows-menu-item-type-post_type bellows-menu-item-object-page bellows-menu-item-39074 bellows-item-level-1\"><a  href=\"https:\/\/www.univ-usto.dz\/inside\/activite-inside-including-student-with-impairments-in-distance-education\/\" class=\"bellows-target\"><span class=\"bellows-target-title bellows-target-text\">Activit\u00e9s Locales<\/span><\/a><\/li>\n<\/ul>\n<\/li>\n<li id=\"menu-item-39611\" class=\"bellows-menu-item bellows-menu-item-type-custom bellows-menu-item-object-custom bellows-menu-item-has-children bellows-menu-item-39611 bellows-item-level-0\"><a  href=\"#\" class=\"bellows-target\"><span class=\"bellows-target-title bellows-target-text\">Formations<\/span><button class=\"bellows-subtoggle\" aria-label=\"Toggle Submenu\"><i class=\"bellows-subtoggle-icon-expand fa fa-chevron-down\"><\/i><i class=\"bellows-subtoggle-icon-collapse fa fa-chevron-up\"><\/i><\/button><\/a>\n<ul class=\"bellows-submenu\">\n\t<li id=\"menu-item-38310\" class=\"bellows-menu-item bellows-menu-item-type-post_type bellows-menu-item-object-page bellows-menu-item-38310 bellows-item-level-1\"><a  href=\"https:\/\/www.univ-usto.dz\/inside\/services-accessibilit-etudiants\/\" class=\"bellows-target\"><span class=\"bellows-target-title bellows-target-text\">Lancement des services d\u2019accessibilit\u00e9<\/span><\/a><\/li>\n\t<li id=\"menu-item-38313\" class=\"bellows-menu-item bellows-menu-item-type-post_type bellows-menu-item-object-page bellows-menu-item-38313 bellows-item-level-1\"><a  href=\"https:\/\/www.univ-usto.dz\/inside\/formation-methodes-pedagogiques-accessibles\/\" class=\"bellows-target\"><span class=\"bellows-target-title bellows-target-text\">Lancement Formation des enseignants et des administrateurs<\/span><\/a><\/li>\n\t<li id=\"menu-item-39551\" class=\"bellows-menu-item bellows-menu-item-type-post_type bellows-menu-item-object-page bellows-menu-item-39551 bellows-item-level-1\"><a  href=\"https:\/\/www.univ-usto.dz\/inside\/formation-inside-enduser1\/\" class=\"bellows-target\"><span class=\"bellows-target-title bellows-target-text\">Formation Inside End User<\/span><\/a><\/li>\n\t<li id=\"menu-item-38312\" class=\"bellows-menu-item bellows-menu-item-type-post_type bellows-menu-item-object-page bellows-menu-item-38312 bellows-item-level-1\"><a  href=\"https:\/\/www.univ-usto.dz\/inside\/formation-inside\/\" class=\"bellows-target\"><span class=\"bellows-target-title bellows-target-text\">Formation des  enseignants et des administrateurs<\/span><\/a><\/li>\n<\/ul>\n<\/li>\n<li id=\"menu-item-38800\" class=\"bellows-menu-item bellows-menu-item-type-post_type bellows-menu-item-object-page bellows-menu-item-38800 bellows-item-level-0\"><a  href=\"https:\/\/www.univ-usto.dz\/inside\/partenaires\/\" class=\"bellows-target\"><span class=\"bellows-target-title bellows-target-text\">Partenaires<\/span><\/a><\/li>\n<li id=\"menu-item-38883\" class=\"bellows-menu-item bellows-menu-item-type-post_type bellows-menu-item-object-page bellows-menu-item-38883 bellows-item-level-0\"><a  href=\"https:\/\/www.univ-usto.dz\/inside\/equipe-inside\/\" class=\"bellows-target\"><span class=\"bellows-target-title bellows-target-text\">Equipes<\/span><\/a><\/li>\n<li id=\"menu-item-39624\" class=\"bellows-menu-item bellows-menu-item-type-post_type bellows-menu-item-object-page bellows-menu-item-39624 bellows-item-level-0\"><a  href=\"https:\/\/www.univ-usto.dz\/inside\/service-accessibilite\/\" class=\"bellows-target\"><span class=\"bellows-target-title bellows-target-text\">Service d\u2019accessibilit\u00e9<\/span><\/a><\/li>\n<li id=\"menu-item-38309\" class=\"bellows-menu-item bellows-menu-item-type-post_type bellows-menu-item-object-page bellows-menu-item-38309 bellows-item-level-0\"><a  href=\"https:\/\/www.univ-usto.dz\/inside\/newsletters\/\" class=\"bellows-target\"><span class=\"bellows-target-title bellows-target-text\">Newslettes<\/span><\/a><\/li>\n<\/ul><\/nav>\t\t<\/div>\n\t\t\t\t<\/div>\n\t\t\t\t\t\t<\/div>\n\t\t\t\t\t<\/div>\n\t\t<\/div>\n\t\t\t\t<div class=\"elementor-column elementor-col-50 elementor-top-column elementor-element elementor-element-29b6805\" data-id=\"29b6805\" data-element_type=\"column\">\n\t\t\t<div class=\"elementor-column-wrap elementor-element-populated\">\n\t\t\t\t\t\t\t<div class=\"elementor-widget-wrap\">\n\t\t\t\t\t\t<div class=\"elementor-element elementor-element-d34bf1d elementor-widget elementor-widget-text-editor\" data-id=\"d34bf1d\" data-element_type=\"widget\" data-widget_type=\"text-editor.default\">\n\t\t\t\t<div class=\"elementor-widget-container\">\n\t\t\t\t\t\t\t\t<div class=\"elementor-text-editor elementor-clearfix\">\n\t\t\t\t<h3 class=\"entry-title page-header\">Activit\u00e9 InSIDE (Including Student with Impairments in Distance Education)<\/h3><p><strong>14 &#8211; 15 Mars 2019<\/strong>: R\u00e9union du lancement du projet <strong>InSIDE<\/strong>, \u00e0 l\u2019Universit\u00e9 de mac\u00e9doine \u00e0 Thessalonique (Gr\u00e8ce).<\/p><p>L\u2019USTO-M.B.- \u00e9tait repr\u00e9sent\u00e9 par le<strong> Pr. Amine B. HAMMOU (en visioconf\u00e9rence).<\/strong><\/p><p><img decoding=\"async\" loading=\"lazy\" class=\"alignnone wp-image-38656 size-full\" src=\"https:\/\/www.univ-usto.dz\/inside\/wp-content\/uploads\/2023\/04\/insideactivit1.png\" alt=\" activit\u00e9 InSIDE\" width=\"503\" height=\"275\" srcset=\"https:\/\/www.univ-usto.dz\/inside\/wp-content\/uploads\/2023\/04\/insideactivit1.png 503w, https:\/\/www.univ-usto.dz\/inside\/wp-content\/uploads\/2023\/04\/insideactivit1-300x164.png 300w, https:\/\/www.univ-usto.dz\/inside\/wp-content\/uploads\/2023\/04\/insideactivit1-360x197.png 360w, https:\/\/www.univ-usto.dz\/inside\/wp-content\/uploads\/2023\/04\/insideactivit1-24x13.png 24w, https:\/\/www.univ-usto.dz\/inside\/wp-content\/uploads\/2023\/04\/insideactivit1-36x20.png 36w, https:\/\/www.univ-usto.dz\/inside\/wp-content\/uploads\/2023\/04\/insideactivit1-48x26.png 48w\" sizes=\"(max-width: 503px) 100vw, 503px\" \/> <img decoding=\"async\" loading=\"lazy\" class=\"alignnone wp-image-38657 size-full\" src=\"https:\/\/www.univ-usto.dz\/inside\/wp-content\/uploads\/2023\/04\/insideactivit2.png\" alt=\" activit\u00e9 InSIDE\" width=\"491\" height=\"253\" srcset=\"https:\/\/www.univ-usto.dz\/inside\/wp-content\/uploads\/2023\/04\/insideactivit2.png 491w, https:\/\/www.univ-usto.dz\/inside\/wp-content\/uploads\/2023\/04\/insideactivit2-300x155.png 300w, https:\/\/www.univ-usto.dz\/inside\/wp-content\/uploads\/2023\/04\/insideactivit2-360x185.png 360w, https:\/\/www.univ-usto.dz\/inside\/wp-content\/uploads\/2023\/04\/insideactivit2-24x12.png 24w, https:\/\/www.univ-usto.dz\/inside\/wp-content\/uploads\/2023\/04\/insideactivit2-36x19.png 36w, https:\/\/www.univ-usto.dz\/inside\/wp-content\/uploads\/2023\/04\/insideactivit2-48x25.png 48w\" sizes=\"(max-width: 491px) 100vw, 491px\" \/><\/p><ul><li><strong>Chaque premier lundi du mois<\/strong><\/li><\/ul><p>Discussion autour du projet, par Visioconf\u00e9rence de 13h a 15h.<\/p><ul><li><strong>16 &#8211; 17 Septembre 2019<\/strong><\/li><\/ul><p>La tenue du \u00a0\u00ab<strong>1st progress meeting of project InSIDE\u00a0<\/strong>\u00bb, \u00a0\u00e0 l\u2019Universit\u00e9 de Johannes Kepler \u00e0 Linz (Autriche).<\/p><p>L\u2019USTO-MB \u00e9tait repr\u00e9sent\u00e9e par Madame la Rectrice<strong>\u00a0Pr. Nassira BENHARRATS et Monsieur le vice recteur charg\u00e9 des relations ext\u00e9rieures Pr. Amine B. HAMMOU.<\/strong><\/p><p><img decoding=\"async\" loading=\"lazy\" src=\"https:\/\/www.univ-usto.dz\/inside\/wp-content\/uploads\/2023\/04\/insideactivit3.png\" alt=\" activit\u00e9 InSIDE\" width=\"447\" height=\"254\" \/>\u00a0<img decoding=\"async\" loading=\"lazy\" src=\"https:\/\/www.univ-usto.dz\/inside\/wp-content\/uploads\/2023\/04\/insideactivit4.png\" alt=\" activit\u00e9 InSIDE\" width=\"409\" height=\"295\" \/><\/p><ul><li><strong>16 &#8211; 17 Septembre 2019<\/strong><\/li><\/ul><p>La tenue du \u00a0\u00ab<strong>1st progress meeting of project InSIDE\u00a0<\/strong>\u00bb, \u00a0\u00e0 l\u2019Universit\u00e9 de Johannes Kepler \u00e0 Linz (Autriche).<\/p><p>L\u2019USTO-MB \u00e9tait repr\u00e9sent\u00e9e par Madame la Rectrice<strong>\u00a0Pr. Nassira BENHARRATS et Monsieur le vice recteur charg\u00e9 des relations ext\u00e9rieures Pr. Amine B. HAMMOU.<\/strong><\/p><p><img decoding=\"async\" loading=\"lazy\" src=\"https:\/\/www.univ-usto.dz\/inside\/wp-content\/uploads\/2023\/04\/insideactivit3.png\" alt=\" activit\u00e9 InSIDE\" width=\"447\" height=\"254\" \/>\u00a0<img decoding=\"async\" loading=\"lazy\" src=\"https:\/\/www.univ-usto.dz\/inside\/wp-content\/uploads\/2023\/04\/insideactivit4.png\" alt=\" activit\u00e9 InSIDE\" width=\"409\" height=\"295\" \/><\/p><p><strong>09 &#8211; 10 D\u00e9cembre 2019<\/strong><\/p><p>R\u00e9union du 2<span style=\"font-size: 12.75px; line-height: 0; position: relative; vertical-align: baseline; top: -0.5em;\">nd<\/span>\u00a0progress meeting, \u00e0 l\u2019Universit\u00e9 nationale et capodistrienne d\u2019Ath\u00e8nes (U.O.A.), avec le project officer of InSIDE, Mr. Luigi SAIA.<\/p><p>L\u2019U.S.T.O. M.B. est repr\u00e9sent\u00e9 par monsieur le vice recteur charg\u00e9 des relations ext\u00e9rieures, Pr. HAMMOU Bouziane Amine.<\/p><p><img decoding=\"async\" loading=\"lazy\" src=\"https:\/\/www.univ-usto.dz\/inside\/wp-content\/uploads\/2023\/04\/insideactivit5.png\" alt=\" activit\u00e9 InSIDE\" width=\"484\" height=\"345\" \/><\/p><p>\u00a0<\/p>\t\t\t\t\t<\/div>\n\t\t\t\t\t\t<\/div>\n\t\t\t\t<\/div>\n\t\t\t\t\t\t<\/div>\n\t\t\t\t\t<\/div>\n\t\t<\/div>\n\t\t\t\t\t\t\t\t<\/div>\n\t\t\t\t\t<\/div>\n\t\t<\/section>\n\t\t\t\t<section class=\"elementor-section elementor-top-section elementor-element elementor-element-e4b9655 elementor-section-boxed elementor-section-height-default elementor-section-height-default\" data-id=\"e4b9655\" data-element_type=\"section\">\n\t\t\t\t\t\t<div class=\"elementor-container elementor-column-gap-default\">\n\t\t\t\t\t\t\t<div class=\"elementor-row\">\n\t\t\t\t\t<div class=\"elementor-column elementor-col-50 elementor-top-column elementor-element elementor-element-a90ed3a\" data-id=\"a90ed3a\" data-element_type=\"column\">\n\t\t\t<div class=\"elementor-column-wrap elementor-element-populated\">\n\t\t\t\t\t\t\t<div class=\"elementor-widget-wrap\">\n\t\t\t\t\t\t<div class=\"elementor-element elementor-element-f8c47a9 elementor-widget elementor-widget-video\" data-id=\"f8c47a9\" data-element_type=\"widget\" data-settings=\"{&quot;youtube_url&quot;:&quot;https:\\\/\\\/www.youtube.com\\\/watch?v=8pxYAzfWkZo&amp;t=3s&quot;,&quot;video_type&quot;:&quot;youtube&quot;,&quot;controls&quot;:&quot;yes&quot;}\" data-widget_type=\"video.default\">\n\t\t\t\t<div class=\"elementor-widget-container\">\n\t\t\t\t\t<div class=\"elementor-wrapper elementor-open-inline\">\n\t\t\t<div class=\"elementor-video\"><\/div>\t\t<\/div>\n\t\t\t\t<\/div>\n\t\t\t\t<\/div>\n\t\t\t\t\t\t<\/div>\n\t\t\t\t\t<\/div>\n\t\t<\/div>\n\t\t\t\t<div class=\"elementor-column elementor-col-50 elementor-top-column elementor-element elementor-element-dc4d027\" data-id=\"dc4d027\" data-element_type=\"column\">\n\t\t\t<div class=\"elementor-column-wrap\">\n\t\t\t\t\t\t\t<div class=\"elementor-widget-wrap\">\n\t\t\t\t\t\t\t\t<\/div>\n\t\t\t\t\t<\/div>\n\t\t<\/div>\n\t\t\t\t\t\t\t\t<\/div>\n\t\t\t\t\t<\/div>\n\t\t<\/section>\n\t\t\t\t<section class=\"elementor-section elementor-top-section elementor-element elementor-element-0161f1b elementor-section-boxed elementor-section-height-default elementor-section-height-default\" data-id=\"0161f1b\" data-element_type=\"section\">\n\t\t\t\t\t\t<div class=\"elementor-container elementor-column-gap-default\">\n\t\t\t\t\t\t\t<div class=\"elementor-row\">\n\t\t\t\t\t<div class=\"elementor-column elementor-col-100 elementor-top-column elementor-element elementor-element-499a230\" data-id=\"499a230\" data-element_type=\"column\">\n\t\t\t<div class=\"elementor-column-wrap elementor-element-populated\">\n\t\t\t\t\t\t\t<div class=\"elementor-widget-wrap\">\n\t\t\t\t\t\t<div class=\"elementor-element elementor-element-3ec718e elementor-widget elementor-widget-image\" data-id=\"3ec718e\" data-element_type=\"widget\" data-widget_type=\"image.default\">\n\t\t\t\t<div class=\"elementor-widget-container\">\n\t\t\t\t\t\t\t\t<div class=\"elementor-image\">\n\t\t\t\t\t\t\t\t\t\t\t\t\t<a href=\"\">\n\t\t\t\t\t\t\t<img decoding=\"async\" width=\"640\" height=\"148\" src=\"https:\/\/www.univ-usto.dz\/inside\/wp-content\/uploads\/2023\/04\/inside.png\" class=\"attachment-large size-large wp-image-38315\" alt=\"\" loading=\"lazy\" srcset=\"https:\/\/www.univ-usto.dz\/inside\/wp-content\/uploads\/2023\/04\/inside.png 770w, https:\/\/www.univ-usto.dz\/inside\/wp-content\/uploads\/2023\/04\/inside-300x69.png 300w, https:\/\/www.univ-usto.dz\/inside\/wp-content\/uploads\/2023\/04\/inside-768x178.png 768w, https:\/\/www.univ-usto.dz\/inside\/wp-content\/uploads\/2023\/04\/inside-360x83.png 360w, https:\/\/www.univ-usto.dz\/inside\/wp-content\/uploads\/2023\/04\/inside-24x6.png 24w, https:\/\/www.univ-usto.dz\/inside\/wp-content\/uploads\/2023\/04\/inside-36x8.png 36w, https:\/\/www.univ-usto.dz\/inside\/wp-content\/uploads\/2023\/04\/inside-48x11.png 48w, https:\/\/www.univ-usto.dz\/inside\/wp-content\/uploads\/2023\/04\/inside-600x139.png 600w\" sizes=\"(max-width: 640px) 100vw, 640px\" \/>\t\t\t\t\t\t\t\t<\/a>\n\t\t\t\t\t\t\t\t\t\t\t\t\t\t<\/div>\n\t\t\t\t\t\t<\/div>\n\t\t\t\t<\/div>\n\t\t\t\t<div class=\"elementor-element elementor-element-f80a951 elementor-widget elementor-widget-text-editor\" data-id=\"f80a951\" data-element_type=\"widget\" data-widget_type=\"text-editor.default\">\n\t\t\t\t<div class=\"elementor-widget-container\">\n\t\t\t\t\t\t\t\t<div class=\"elementor-text-editor elementor-clearfix\">\n\t\t\t\t<p style=\"text-align: center;\"><span style=\"font-size: 12pt; font-family: arial, helvetica, sans-serif;\"><strong><span style=\"text-decoration: underline; color: #333399;\">\u00a0<span lang=\"EL\"><a style=\"color: #333399;\" href=\"https:\/\/www.inside-project.org\/\" target=\"_blank\" rel=\"nofollow noopener\">https:\/\/www.inside-project.org<\/a><\/span><\/span><\/strong><\/span><\/p>\t\t\t\t\t<\/div>\n\t\t\t\t\t\t<\/div>\n\t\t\t\t<\/div>\n\t\t\t\t<div class=\"elementor-element elementor-element-30a92de elementor-widget elementor-widget-text-editor\" data-id=\"30a92de\" data-element_type=\"widget\" data-widget_type=\"text-editor.default\">\n\t\t\t\t<div class=\"elementor-widget-container\">\n\t\t\t\t\t\t\t\t<div class=\"elementor-text-editor elementor-clearfix\">\n\t\t\t\t\t\t\t\t\t<\/div>\n\t\t\t\t\t\t<\/div>\n\t\t\t\t<\/div>\n\t\t\t\t\t\t<\/div>\n\t\t\t\t\t<\/div>\n\t\t<\/div>\n\t\t\t\t\t\t\t\t<\/div>\n\t\t\t\t\t<\/div>\n\t\t<\/section>\n\t\t\t\t<section class=\"elementor-section elementor-top-section elementor-element elementor-element-fed4523 elementor-section-boxed elementor-section-height-default elementor-section-height-default\" data-id=\"fed4523\" data-element_type=\"section\" data-settings=\"{&quot;background_background&quot;:&quot;classic&quot;}\">\n\t\t\t\t\t\t<div class=\"elementor-container elementor-column-gap-default\">\n\t\t\t\t\t\t\t<div class=\"elementor-row\">\n\t\t\t\t\t<div class=\"elementor-column elementor-col-100 elementor-top-column elementor-element elementor-element-68e74d2\" data-id=\"68e74d2\" data-element_type=\"column\">\n\t\t\t<div class=\"elementor-column-wrap elementor-element-populated\">\n\t\t\t\t\t\t\t<div class=\"elementor-widget-wrap\">\n\t\t\t\t\t\t<div class=\"elementor-element elementor-element-2819597 elementor-widget elementor-widget-elementskit-heading\" data-id=\"2819597\" data-element_type=\"widget\" data-widget_type=\"elementskit-heading.default\">\n\t\t\t\t<div class=\"elementor-widget-container\">\n\t\t\t<div class=\"ekit-wid-con\" ><div class=\"ekit-heading elementskit-section-title-wraper text_left   ekit_heading_tablet-   ekit_heading_mobile-text_center\"><p class=\"ekit-heading--title elementskit-section-title \">Ce projet (598763-EPP-1-2018-1-EL-EPPKA2-CBHE-JP) est co-financ\u00e9 par le programme Erasmus+ de la Commission Europ\u00e9enne. Cette publication n\u2019engage que ses auteurs. La Commission ne peut \u00eatre tenue responsable de l\u2019utilisation des informations contenues dans cette publication.<\/p><div class=\"ekit_heading_separetor_wraper ekit_heading_elementskit-border-divider elementskit-style-long\"><div class=\"elementskit-border-divider elementskit-style-long\"><\/div><\/div><\/div><\/div>\t\t<\/div>\n\t\t\t\t<\/div>\n\t\t\t\t<section class=\"elementor-section elementor-inner-section elementor-element elementor-element-bf3129f elementor-section-boxed elementor-section-height-default elementor-section-height-default\" data-id=\"bf3129f\" data-element_type=\"section\">\n\t\t\t\t\t\t<div class=\"elementor-container elementor-column-gap-default\">\n\t\t\t\t\t\t\t<div class=\"elementor-row\">\n\t\t\t\t\t<div class=\"elementor-column elementor-col-50 elementor-inner-column elementor-element elementor-element-cb1600b\" data-id=\"cb1600b\" data-element_type=\"column\">\n\t\t\t<div class=\"elementor-column-wrap elementor-element-populated\">\n\t\t\t\t\t\t\t<div class=\"elementor-widget-wrap\">\n\t\t\t\t\t\t<div class=\"elementor-element elementor-element-377a2c8 elementor-widget elementor-widget-elementskit-social-media\" data-id=\"377a2c8\" data-element_type=\"widget\" data-widget_type=\"elementskit-social-media.default\">\n\t\t\t\t<div class=\"elementor-widget-container\">\n\t\t\t<div class=\"ekit-wid-con\" >\t\t\t <ul class=\"ekit_social_media\">\n\t\t\t\t\t\t\t\t\t\t\t\t\t\t<li class=\"elementor-repeater-item-da8f4de\">\n\t\t\t\t\t    <a\n\t\t\t\t\t\thref=\"https:\/\/www.facebook.com\/people\/Including-Students-with-Impairments-in-Distance-Education\/100067981073953\/\" aria-label=\"Facebook\" class=\"facebook\" >\n\t\t\t\t\t\t\t\t\t\t\t\t\t\t\n\t\t\t\t\t\t\t<i aria-hidden=\"true\" class=\"icon icon-facebook\"><\/i>\t\t\t\t\t\t\t\t\t\n                                                                                                            <\/a>\n                    <\/li>\n                    \t\t\t\t\t\t\t\t\t\t\t\t\t\t<li class=\"elementor-repeater-item-1399011\">\n\t\t\t\t\t    <a\n\t\t\t\t\t\thref=\"https:\/\/twitter.com\/ProjectInSIDE2\" aria-label=\"Twitter\" class=\"twitter\" >\n\t\t\t\t\t\t\t\t\t\t\t\t\t\t\n\t\t\t\t\t\t\t<i aria-hidden=\"true\" class=\"icon icon-twitter\"><\/i>\t\t\t\t\t\t\t\t\t\n                                                                                                            <\/a>\n                    <\/li>\n                    \t\t\t\t\t\t\t\t\t\t\t\t\t\t<li class=\"elementor-repeater-item-8f886e8\">\n\t\t\t\t\t    <a\n\t\t\t\t\t\thref=\"https:\/\/www.linkedin.com\/signup\/cold-join?session_redirect=https%3A%2F%2Fwww%2Elinkedin%2Ecom%2Fgroups%2F12229692%2F&#038;trk=login_reg_redirect\" aria-label=\"LinkedIn\" class=\"linkedin\" >\n\t\t\t\t\t\t\t\t\t\t\t\t\t\t\n\t\t\t\t\t\t\t<i aria-hidden=\"true\" class=\"icon icon-linkedin\"><\/i>\t\t\t\t\t\t\t\t\t\n                                                                                                            <\/a>\n                    <\/li>\n                    \t\t\t\t\t\t\t<\/ul>\n\t\t<\/div>\t\t<\/div>\n\t\t\t\t<\/div>\n\t\t\t\t\t\t<\/div>\n\t\t\t\t\t<\/div>\n\t\t<\/div>\n\t\t\t\t<div class=\"elementor-column elementor-col-50 elementor-inner-column elementor-element elementor-element-a096d2b\" data-id=\"a096d2b\" data-element_type=\"column\">\n\t\t\t<div class=\"elementor-column-wrap elementor-element-populated\">\n\t\t\t\t\t\t\t<div class=\"elementor-widget-wrap\">\n\t\t\t\t\t\t<div class=\"elementor-element elementor-element-c484e8a elementor-widget elementor-widget-image\" data-id=\"c484e8a\" data-element_type=\"widget\" data-widget_type=\"image.default\">\n\t\t\t\t<div class=\"elementor-widget-container\">\n\t\t\t\t\t\t\t\t<div class=\"elementor-image\">\n\t\t\t\t\t\t\t\t\t\t\t\t\t<a href=\"https:\/\/www.eacea.ec.europa.eu\/grants_en\">\n\t\t\t\t\t\t\t<img decoding=\"async\" width=\"300\" height=\"66\" src=\"https:\/\/www.univ-usto.dz\/inside\/wp-content\/uploads\/2023\/07\/logosbeneficaireserasmusleft.jpg\" class=\"attachment-large size-large wp-image-39179\" alt=\"\" loading=\"lazy\" srcset=\"https:\/\/www.univ-usto.dz\/inside\/wp-content\/uploads\/2023\/07\/logosbeneficaireserasmusleft.jpg 300w, https:\/\/www.univ-usto.dz\/inside\/wp-content\/uploads\/2023\/07\/logosbeneficaireserasmusleft-24x5.jpg 24w, https:\/\/www.univ-usto.dz\/inside\/wp-content\/uploads\/2023\/07\/logosbeneficaireserasmusleft-36x8.jpg 36w, https:\/\/www.univ-usto.dz\/inside\/wp-content\/uploads\/2023\/07\/logosbeneficaireserasmusleft-48x11.jpg 48w\" sizes=\"(max-width: 300px) 100vw, 300px\" \/>\t\t\t\t\t\t\t\t<\/a>\n\t\t\t\t\t\t\t\t\t\t\t\t\t\t<\/div>\n\t\t\t\t\t\t<\/div>\n\t\t\t\t<\/div>\n\t\t\t\t\t\t<\/div>\n\t\t\t\t\t<\/div>\n\t\t<\/div>\n\t\t\t\t\t\t\t\t<\/div>\n\t\t\t\t\t<\/div>\n\t\t<\/section>\n\t\t\t\t\t\t<\/div>\n\t\t\t\t\t<\/div>\n\t\t<\/div>\n\t\t\t\t\t\t\t\t<\/div>\n\t\t\t\t\t<\/div>\n\t\t<\/section>\n\t\t\t\t\t\t\t\t\t<\/div>\n\t\t\t<\/div>\n\t\t\t\t\t<\/div>\n\t\t","protected":false},"excerpt":{"rendered":"<p>Activit\u00e9 InSIDE (Including Student with Impairments in Distance Education) 14 &#8211; 15 Mars 2019: R\u00e9union du lancement du projet InSIDE, \u00e0 l\u2019Universit\u00e9 de mac\u00e9doine \u00e0 Thessalonique (Gr\u00e8ce). L\u2019USTO-M.B.- \u00e9tait repr\u00e9sent\u00e9 par le Pr. Amine B. HAMMOU (en visioconf\u00e9rence). Chaque premier&hellip;&nbsp;<a href=\"https:\/\/www.univ-usto.dz\/inside\/activiteinside\/\" class=\"more-link\">Lire la suite<\/a><\/p>\n","protected":false},"author":1,"featured_media":0,"parent":0,"menu_order":0,"comment_status":"closed","ping_status":"open","template":"","meta":{"_mi_skip_tracking":false},"aioseo_notices":[],"_links":{"self":[{"href":"https:\/\/www.univ-usto.dz\/inside\/wp-json\/wp\/v2\/pages\/121"}],"collection":[{"href":"https:\/\/www.univ-usto.dz\/inside\/wp-json\/wp\/v2\/pages"}],"about":[{"href":"https:\/\/www.univ-usto.dz\/inside\/wp-json\/wp\/v2\/types\/page"}],"author":[{"embeddable":true,"href":"https:\/\/www.univ-usto.dz\/inside\/wp-json\/wp\/v2\/users\/1"}],"replies":[{"embeddable":true,"href":"https:\/\/www.univ-usto.dz\/inside\/wp-json\/wp\/v2\/comments?post=121"}],"version-history":[{"count":51,"href":"https:\/\/www.univ-usto.dz\/inside\/wp-json\/wp\/v2\/pages\/121\/revisions"}],"predecessor-version":[{"id":39782,"href":"https:\/\/www.univ-usto.dz\/inside\/wp-json\/wp\/v2\/pages\/121\/revisions\/39782"}],"wp:attachment":[{"href":"https:\/\/www.univ-usto.dz\/inside\/wp-json\/wp\/v2\/media?parent=121"}],"curies":[{"name":"wp","href":"https:\/\/api.w.org\/{rel}","templated":true}]}}