{"id":2927,"date":"2020-09-03T11:08:54","date_gmt":"2020-09-03T11:08:54","guid":{"rendered":"https:\/\/www.univ-usto.dz\/ieps\/?page_id=2927"},"modified":"2020-09-29T18:41:29","modified_gmt":"2020-09-29T18:41:29","slug":"bourses","status":"publish","type":"page","link":"https:\/\/www.univ-usto.dz\/instituts\/ieps\/bourses\/","title":{"rendered":"Bourses"},"content":{"rendered":"\t\t<div data-elementor-type=\"wp-page\" data-elementor-id=\"2927\" class=\"elementor elementor-2927\">\n\t\t\t\t\t\t<section class=\"elementor-section elementor-top-section elementor-element elementor-element-703bbe4 elementor-section-boxed elementor-section-height-default elementor-section-height-default\" data-id=\"703bbe4\" data-element_type=\"section\" data-e-type=\"section\">\n\t\t\t\t\t\t<div class=\"elementor-container elementor-column-gap-default\">\n\t\t\t\t\t<div class=\"elementor-column elementor-col-33 elementor-top-column elementor-element elementor-element-62c2c43\" data-id=\"62c2c43\" data-element_type=\"column\" data-e-type=\"column\">\n\t\t\t<div class=\"elementor-widget-wrap elementor-element-populated\">\n\t\t\t\t\t\t<div class=\"elementor-element elementor-element-8047563 elementor-widget elementor-widget-wp-widget-bellows_navigation_widget\" data-id=\"8047563\" data-element_type=\"widget\" data-e-type=\"widget\" data-widget_type=\"wp-widget-bellows_navigation_widget.default\">\n\t\t\t\t<div class=\"elementor-widget-container\">\n\t\t\t\t\t<nav id=\"bellows-main-119\" class=\"bellows bellows-nojs bellows-main bellows-source-menu bellows-align-full bellows-skin-vanilla bellows-type-\"><ul id=\"menu-vie-etudiante\" class=\"bellows-nav\" data-bellows-config=\"main\"><li id=\"menu-item-3271\" class=\"bellows-menu-item bellows-menu-item-type-post_type bellows-menu-item-object-page bellows-menu-item-3271 bellows-item-level-0\"><a  href=\"https:\/\/www.univ-usto.dz\/instituts\/ieps\/guide-de-letudiant\/\" class=\"bellows-target\"><span class=\"bellows-target-title bellows-target-text\">Guide de l\u2019\u00e9tudiant<\/span><\/a><\/li>\n<li id=\"menu-item-3290\" class=\"bellows-menu-item bellows-menu-item-type-post_type bellows-menu-item-object-page bellows-menu-item-3290 bellows-item-level-0\"><a  href=\"https:\/\/www.univ-usto.dz\/instituts\/ieps\/vie-associative-et-culturelle\/\" class=\"bellows-target\"><span class=\"bellows-target-title bellows-target-text\">Vie associative et culturelle<\/span><\/a><\/li>\n<li id=\"menu-item-3280\" class=\"bellows-menu-item bellows-menu-item-type-post_type bellows-menu-item-object-page bellows-menu-item-3280 bellows-item-level-0\"><a  href=\"https:\/\/www.univ-usto.dz\/instituts\/ieps\/sante\/\" class=\"bellows-target\"><span class=\"bellows-target-title bellows-target-text\">Sant\u00e9<\/span><\/a><\/li>\n<li id=\"menu-item-3285\" class=\"bellows-menu-item bellows-menu-item-type-post_type bellows-menu-item-object-page bellows-menu-item-3285 bellows-item-level-0\"><a  href=\"https:\/\/www.univ-usto.dz\/instituts\/ieps\/sport\/\" class=\"bellows-target\"><span class=\"bellows-target-title bellows-target-text\">Sport<\/span><\/a><\/li>\n<li id=\"menu-item-3291\" class=\"bellows-menu-item bellows-menu-item-type-post_type bellows-menu-item-object-page bellows-menu-item-3291 bellows-item-level-0\"><a  href=\"https:\/\/www.univ-usto.dz\/instituts\/ieps\/bourses\/\" class=\"bellows-target\"><span class=\"bellows-target-title bellows-target-text\">Bourses<\/span><\/a><\/li>\n<li id=\"menu-item-3292\" class=\"bellows-menu-item bellows-menu-item-type-post_type bellows-menu-item-object-page bellows-menu-item-3292 bellows-item-level-0\"><a  href=\"https:\/\/www.univ-usto.dz\/instituts\/ieps\/hebergement\/\" class=\"bellows-target\"><span class=\"bellows-target-title bellows-target-text\">H\u00e9bergement<\/span><\/a><\/li>\n<\/ul><\/nav>\t\t\t\t<\/div>\n\t\t\t\t<\/div>\n\t\t\t\t\t<\/div>\n\t\t<\/div>\n\t\t\t\t<div class=\"elementor-column elementor-col-66 elementor-top-column elementor-element elementor-element-eff045f\" data-id=\"eff045f\" data-element_type=\"column\" data-e-type=\"column\">\n\t\t\t<div class=\"elementor-widget-wrap elementor-element-populated\">\n\t\t\t\t\t\t<div class=\"elementor-element elementor-element-f432292 elementor-widget elementor-widget-elementskit-heading\" data-id=\"f432292\" data-element_type=\"widget\" data-e-type=\"widget\" data-widget_type=\"elementskit-heading.default\">\n\t\t\t\t<div class=\"elementor-widget-container\">\n\t\t\t\t\t<div class=\"ekit-wid-con\" ><div class=\"ekit-heading elementskit-section-title-wraper text_left   ekit_heading_tablet-   ekit_heading_mobile-\"><h3 class=\"ekit-heading--title elementskit-section-title \">Bourses<\/h3><div class=\"ekit_heading_separetor_wraper ekit_heading_elementskit-border-divider ekit-dotted\"><div class=\"elementskit-border-divider ekit-dotted\"><\/div><\/div><\/div><\/div>\t\t\t\t<\/div>\n\t\t\t\t<\/div>\n\t\t\t\t<div class=\"elementor-element elementor-element-2b8fc54 elementor-widget elementor-widget-text-editor\" data-id=\"2b8fc54\" data-element_type=\"widget\" data-e-type=\"widget\" data-widget_type=\"text-editor.default\">\n\t\t\t\t<div class=\"elementor-widget-container\">\n\t\t\t\t\t\t\t\t\t<p>L\u2019obtention d\u2019une bourse d\u2019\u00e9tudes est subordonn\u00e9e aux conditions suivantes : Etre bachelier et r\u00e9guli\u00e8rement inscrit dans une fili\u00e8re\u00a0 Celle-ci est attribu\u00e9e pour toute la p\u00e9riode des \u00e9tudes \u00e0 compter de la premi\u00e8re ann\u00e9e d\u2019inscription. En cas\u00a0 d\u2019\u00e9chec (<em>redoublement d\u2019une ann\u00e9e<\/em>) celle-ci est reconduite une seule fois seulement. Son paiement est suspendu en cas d\u2019un deuxi\u00e8me \u00e9chec\u00a0; elle ne pourra \u00eatre r\u00e9tablie qu\u2019en cas de passage en ann\u00e9e sup\u00e9rieure durant le cursus.<\/p><p><strong>Dossier de bourse:<\/strong><\/p><ul class=\"bs-shortcode-list list-style-check\"><li><span class=\"Style11\">F<\/span>ormulaire des renseignements d\u00e9livr\u00e9 par l\u2019administration<\/li><li>Copie du Bac<\/li><li>Copie du certificat de scolarit\u00e9 pour l\u2019ann\u00e9e universitaire en cours<\/li><li>Certificat de nationalit\u00e9\u00a0 de l\u2019\u00e9tudiant ou des parents n\u00e9 (s) \u00e0 l\u2019\u00e9tranger<\/li><li>Deux photos d\u2019identit\u00e9<\/li><li>Ch\u00e8que barr\u00e9 du compte courant de l\u2019\u00e9tudiant<\/li><li>Relev\u00e9 des \u00e9moluments du p\u00e8re<\/li><\/ul><p>Concernant:<\/p><p><strong>\u00a0<span class=\"Style12\">\u2022<\/span><span class=\"Style13\"> les parents salari\u00e9s<\/span><\/strong><br \/><span class=\"Style14\">\u00a0 \u00a0\u2022<\/span>\u00a0Relev\u00e9 du salaire annuel<br \/><span class=\"Style14\">\u00a0 \u00a0\u2022<\/span>\u00a0Extrait de r\u00f4les<br \/><strong><span class=\"Style12\">\u2022<\/span><span class=\"Style13\"> Les retrait\u00e9s\u00a0<\/span><\/strong><br \/><span class=\"Style14\">\u00a0 \u00a0\u2022<\/span>\u00a0Relev\u00e9 de la pension<br \/><span class=\"Style14\">\u00a0 \u00a0\u2022<\/span> Extrait de r\u00f4les<br \/><strong><span class=\"Style12\">\u2022<\/span><span class=\"Style13\"> Les commer\u00e7ants et artisans<\/span><\/strong><br \/><span class=\"Style14\">\u00a0 \u2022<\/span> Bulletin des revenus commer\u00e7ants, d\u00e9livr\u00e9s par les imp\u00f4ts<br \/><span class=\"Style14\">\u00a0\u2022<\/span>\u00a0 Extrait de roles d\u00e9pourvu de dettes<br \/><strong>\u00a0<span class=\"Style12\">\u2022<\/span><span class=\"Style13\"> Les non salari\u00e9s et ch\u00f4meurs<\/span><\/strong><br \/><span class=\"Style14\">\u00a0 \u2022<\/span>\u00a0Attestation de non activit\u00e9 d\u00e9livr\u00e9e par l\u2019APC<br \/><span class=\"Style14\">\u00a0 \u2022<\/span>\u00a0Extrait de roles<br \/><strong><span class=\"Style12\">\u2022<\/span><\/strong><span class=\"Style13\"><strong>\u00a0Les personnes d\u00e9c\u00e9d\u00e9es ou divorc\u00e9es:<\/strong><\/span><br \/><span class=\"Style14\">\u00a0 \u00a0\u2022<\/span>\u00a0 Extrait des actes de\u00a0 d\u00e9c\u00e8s (pour les parents d\u00e9c\u00e9d\u00e9s)<br \/><span class=\"Style14\">\u00a0 \u00a0\u2022<\/span>\u00a0 Certificat de divorce (parents divorc\u00e9s)<\/p>\t\t\t\t\t\t\t\t<\/div>\n\t\t\t\t<\/div>\n\t\t\t\t\t<\/div>\n\t\t<\/div>\n\t\t\t\t\t<\/div>\n\t\t<\/section>\n\t\t\t\t<\/div>\n\t\t","protected":false},"excerpt":{"rendered":"<p>Bourses L\u2019obtention d\u2019une bourse d\u2019\u00e9tudes est subordonn\u00e9e aux conditions suivantes : Etre bachelier et r\u00e9guli\u00e8rement inscrit dans une fili\u00e8re\u00a0 Celle-ci est attribu\u00e9e pour toute la p\u00e9riode des \u00e9tudes \u00e0 compter <a href=\"https:\/\/www.univ-usto.dz\/instituts\/ieps\/bourses\/\" class=\"read-more\">Lire la suite &#8230;<\/a><\/p>\n","protected":false},"author":1,"featured_media":0,"parent":0,"menu_order":0,"comment_status":"closed","ping_status":"closed","template":"","meta":{"footnotes":""},"class_list":["post-2927","page","type-page","status-publish","hentry"],"_links":{"self":[{"href":"https:\/\/www.univ-usto.dz\/instituts\/ieps\/wp-json\/wp\/v2\/pages\/2927","targetHints":{"allow":["GET"]}}],"collection":[{"href":"https:\/\/www.univ-usto.dz\/instituts\/ieps\/wp-json\/wp\/v2\/pages"}],"about":[{"href":"https:\/\/www.univ-usto.dz\/instituts\/ieps\/wp-json\/wp\/v2\/types\/page"}],"author":[{"embeddable":true,"href":"https:\/\/www.univ-usto.dz\/instituts\/ieps\/wp-json\/wp\/v2\/users\/1"}],"replies":[{"embeddable":true,"href":"https:\/\/www.univ-usto.dz\/instituts\/ieps\/wp-json\/wp\/v2\/comments?post=2927"}],"version-history":[{"count":16,"href":"https:\/\/www.univ-usto.dz\/instituts\/ieps\/wp-json\/wp\/v2\/pages\/2927\/revisions"}],"predecessor-version":[{"id":5321,"href":"https:\/\/www.univ-usto.dz\/instituts\/ieps\/wp-json\/wp\/v2\/pages\/2927\/revisions\/5321"}],"wp:attachment":[{"href":"https:\/\/www.univ-usto.dz\/instituts\/ieps\/wp-json\/wp\/v2\/media?parent=2927"}],"curies":[{"name":"wp","href":"https:\/\/api.w.org\/{rel}","templated":true}]}}