{"id":3281,"date":"2020-09-04T14:43:45","date_gmt":"2020-09-04T14:43:45","guid":{"rendered":"https:\/\/www.univ-usto.dz\/ieps\/?page_id=3281"},"modified":"2020-09-29T19:57:55","modified_gmt":"2020-09-29T19:57:55","slug":"sport","status":"publish","type":"page","link":"https:\/\/www.univ-usto.dz\/instituts\/ieps\/sport\/","title":{"rendered":"Sport"},"content":{"rendered":"\t\t<div data-elementor-type=\"wp-page\" data-elementor-id=\"3281\" class=\"elementor elementor-3281\">\n\t\t\t\t\t\t<section class=\"elementor-section elementor-top-section elementor-element elementor-element-703bbe4 elementor-section-boxed elementor-section-height-default elementor-section-height-default\" data-id=\"703bbe4\" data-element_type=\"section\" data-e-type=\"section\">\n\t\t\t\t\t\t<div class=\"elementor-container elementor-column-gap-default\">\n\t\t\t\t\t<div class=\"elementor-column elementor-col-33 elementor-top-column elementor-element elementor-element-62c2c43\" data-id=\"62c2c43\" data-element_type=\"column\" data-e-type=\"column\">\n\t\t\t<div class=\"elementor-widget-wrap elementor-element-populated\">\n\t\t\t\t\t\t<div class=\"elementor-element elementor-element-360c7b0 elementor-widget elementor-widget-wp-widget-bellows_navigation_widget\" data-id=\"360c7b0\" data-element_type=\"widget\" data-e-type=\"widget\" data-widget_type=\"wp-widget-bellows_navigation_widget.default\">\n\t\t\t\t<div class=\"elementor-widget-container\">\n\t\t\t\t\t<nav id=\"bellows-main-119\" class=\"bellows bellows-nojs bellows-main bellows-source-menu bellows-align-full bellows-skin-vanilla bellows-type-\"><ul id=\"menu-vie-etudiante\" class=\"bellows-nav\" data-bellows-config=\"main\"><li id=\"menu-item-3271\" class=\"bellows-menu-item bellows-menu-item-type-post_type bellows-menu-item-object-page bellows-menu-item-3271 bellows-item-level-0\"><a  href=\"https:\/\/www.univ-usto.dz\/instituts\/ieps\/guide-de-letudiant\/\" class=\"bellows-target\"><span class=\"bellows-target-title bellows-target-text\">Guide de l\u2019\u00e9tudiant<\/span><\/a><\/li>\n<li id=\"menu-item-3290\" class=\"bellows-menu-item bellows-menu-item-type-post_type bellows-menu-item-object-page bellows-menu-item-3290 bellows-item-level-0\"><a  href=\"https:\/\/www.univ-usto.dz\/instituts\/ieps\/vie-associative-et-culturelle\/\" class=\"bellows-target\"><span class=\"bellows-target-title bellows-target-text\">Vie associative et culturelle<\/span><\/a><\/li>\n<li id=\"menu-item-3280\" class=\"bellows-menu-item bellows-menu-item-type-post_type bellows-menu-item-object-page bellows-menu-item-3280 bellows-item-level-0\"><a  href=\"https:\/\/www.univ-usto.dz\/instituts\/ieps\/sante\/\" class=\"bellows-target\"><span class=\"bellows-target-title bellows-target-text\">Sant\u00e9<\/span><\/a><\/li>\n<li id=\"menu-item-3285\" class=\"bellows-menu-item bellows-menu-item-type-post_type bellows-menu-item-object-page bellows-menu-item-3285 bellows-item-level-0\"><a  href=\"https:\/\/www.univ-usto.dz\/instituts\/ieps\/sport\/\" class=\"bellows-target\"><span class=\"bellows-target-title bellows-target-text\">Sport<\/span><\/a><\/li>\n<li id=\"menu-item-3291\" class=\"bellows-menu-item bellows-menu-item-type-post_type bellows-menu-item-object-page bellows-menu-item-3291 bellows-item-level-0\"><a  href=\"https:\/\/www.univ-usto.dz\/instituts\/ieps\/bourses\/\" class=\"bellows-target\"><span class=\"bellows-target-title bellows-target-text\">Bourses<\/span><\/a><\/li>\n<li id=\"menu-item-3292\" class=\"bellows-menu-item bellows-menu-item-type-post_type bellows-menu-item-object-page bellows-menu-item-3292 bellows-item-level-0\"><a  href=\"https:\/\/www.univ-usto.dz\/instituts\/ieps\/hebergement\/\" class=\"bellows-target\"><span class=\"bellows-target-title bellows-target-text\">H\u00e9bergement<\/span><\/a><\/li>\n<\/ul><\/nav>\t\t\t\t<\/div>\n\t\t\t\t<\/div>\n\t\t\t\t\t<\/div>\n\t\t<\/div>\n\t\t\t\t<div class=\"elementor-column elementor-col-66 elementor-top-column elementor-element elementor-element-eff045f\" data-id=\"eff045f\" data-element_type=\"column\" data-e-type=\"column\">\n\t\t\t<div class=\"elementor-widget-wrap elementor-element-populated\">\n\t\t\t\t\t\t<div class=\"elementor-element elementor-element-a21c5bf elementor-widget elementor-widget-elementskit-heading\" data-id=\"a21c5bf\" data-element_type=\"widget\" data-e-type=\"widget\" data-widget_type=\"elementskit-heading.default\">\n\t\t\t\t<div class=\"elementor-widget-container\">\n\t\t\t\t\t<div class=\"ekit-wid-con\" ><div class=\"ekit-heading elementskit-section-title-wraper text_left   ekit_heading_tablet-   ekit_heading_mobile-\"><h3 class=\"ekit-heading--title elementskit-section-title \">SDASC USTOMB<\/h3><div class=\"ekit_heading_separetor_wraper ekit_heading_elementskit-border-divider ekit-dotted\"><div class=\"elementskit-border-divider ekit-dotted\"><\/div><\/div><\/div><\/div>\t\t\t\t<\/div>\n\t\t\t\t<\/div>\n\t\t\t\t<div class=\"elementor-element elementor-element-2b8fc54 elementor-widget elementor-widget-text-editor\" data-id=\"2b8fc54\" data-element_type=\"widget\" data-e-type=\"widget\" data-widget_type=\"text-editor.default\">\n\t\t\t\t<div class=\"elementor-widget-container\">\n\t\t\t\t\t\t\t\t\t<p>Sous-direction des activit\u00e9s scientifiques, culturelles et sportives est un espace ouvert aux \u00e9tudiants souhaitant exprimer leurs talents scientifiques, culturels et sportifs.<\/p><ul><li dir=\"LTR\">mettre en \u0153uvre les activit\u00e9s de loisir,<\/li><li dir=\"LTR\">soutenir les activit\u00e9s sportives dans le cadre du sport universitaire,<\/li><li dir=\"LTR\">mener des activit\u00e9s d\u2019action sociale au profit des personnels de l\u2019universit\u00e9,<\/li><li dir=\"LTR\">organiser et de suivre les comp\u00e9titions sportives au sein de l\u2019universit\u00e9.<\/li><\/ul><p>Elle comprend les services suivants\u00a0:<\/p><ul><li>service des activit\u00e9s scientifiques et culturelles\u00a0\u00a0\u00a0\u00a0\u00a0\u00a0\u00a0\u00a0\u00a0 Chef de service &#8230;..<\/li><li>service des activit\u00e9s sportives et de loisirs\u00a0\u00a0\u00a0\u00a0\u00a0\u00a0\u00a0\u00a0\u00a0\u00a0\u00a0\u00a0\u00a0\u00a0\u00a0\u00a0\u00a0\u00a0 Chef de service &#8230;&#8230; \u00a0<\/li><\/ul><h3>Activit\u00e9s culturelles<\/h3><p>Les activit\u00e9s culturelles mises en \u0153uvre actuellement sont :<\/p><ul><li>Le th\u00e9\u00e2tre,<\/li><li>la musique,<\/li><li>la photographie,<\/li><li>le dessin,<\/li><li>la peinture.<\/li><\/ul><h3>Activit\u00e9s sportives \u00e9tudiants<\/h3><p>Activit\u00e9s\u00a0 sportives sont mises en place :<\/p><ul><li>sports collectifs : Football , Volley-ball , Basket-ball, Handball.<\/li><li>sports individuels : Athl\u00e9tisme, Tennis de table, Jeux d\u2019\u00e9checs.<\/li><li>sports de combat : Judo, Karat\u00e9, V\u00f4-Vietnam, Yoseikenbudo, A\u00efkido.<\/li><\/ul><p>\u00a0<\/p><h3>Activit\u00e9s sportives personnel (enseignants et A. T. S )<\/h3><p><b> Championnat inter facult\u00e9 : <\/b><\/p><ul><li>Football,<\/li><li>Karat\u00e9,<\/li><li>Basket-ball,<\/li><\/ul><p><img fetchpriority=\"high\" decoding=\"async\" class=\"wp-image-3319 aligncenter\" src=\"https:\/\/http:\/\/192.168.200.46\/faculte\/fac-electrique\/dup\/wpt\/wp-content\/uploads\/2020\/09\/sport-241x300.png\" alt=\"\" width=\"351\" height=\"437\" \/><\/p><p id=\"tw-target-text\" class=\"tw-data-text tw-text-large XcVN5d tw-ta\" dir=\"ltr\" data-placeholder=\"Traduction\"><span lang=\"fr\">La Sous-Direction des Activit\u00e9s Scientifiques, Culturelles et Sportives invite tous les \u00e9tudiants souhaitant s&rsquo;inscrire dans l&rsquo;une des sp\u00e9cialit\u00e9s sportives \u00e0 se rapprocher du Secr\u00e9tariat G\u00e9n\u00e9ral de la Direction au niveau du premier \u00e9tage et ceci afin de r\u00e9gler leurs dossiers, qui consistent en: <\/span><\/p><ul><li class=\"tw-data-text tw-text-large XcVN5d tw-ta\" dir=\"ltr\" data-placeholder=\"Traduction\"><span lang=\"fr\">Une copie du certificat d&rsquo;immatriculation <\/span><\/li><li class=\"tw-data-text tw-text-large XcVN5d tw-ta\" dir=\"ltr\" data-placeholder=\"Traduction\"><span lang=\"fr\">Une copie de la carte d&rsquo;identit\u00e9 nationale<\/span><\/li><li class=\"tw-data-text tw-text-large XcVN5d tw-ta\" dir=\"ltr\" data-placeholder=\"Traduction\"><span lang=\"fr\">Une copie de la carte \u00e9tudiante Trois photos <\/span><\/li><li class=\"tw-data-text tw-text-large XcVN5d tw-ta\" dir=\"ltr\" data-placeholder=\"Traduction\"><span lang=\"fr\">Certificat m\u00e9dicale Remplissez un formulaire d&rsquo;informations personnelles <br \/><\/span><\/li><\/ul>\t\t\t\t\t\t\t\t<\/div>\n\t\t\t\t<\/div>\n\t\t\t\t\t<\/div>\n\t\t<\/div>\n\t\t\t\t\t<\/div>\n\t\t<\/section>\n\t\t\t\t<\/div>\n\t\t","protected":false},"excerpt":{"rendered":"<p>SDASC USTOMB Sous-direction des activit\u00e9s scientifiques, culturelles et sportives est un espace ouvert aux \u00e9tudiants souhaitant exprimer leurs talents scientifiques, culturels et sportifs. mettre en \u0153uvre les activit\u00e9s de loisir, <a href=\"https:\/\/www.univ-usto.dz\/instituts\/ieps\/sport\/\" class=\"read-more\">Lire la suite &#8230;<\/a><\/p>\n","protected":false},"author":1,"featured_media":0,"parent":0,"menu_order":0,"comment_status":"closed","ping_status":"closed","template":"","meta":{"footnotes":""},"class_list":["post-3281","page","type-page","status-publish","hentry"],"_links":{"self":[{"href":"https:\/\/www.univ-usto.dz\/instituts\/ieps\/wp-json\/wp\/v2\/pages\/3281","targetHints":{"allow":["GET"]}}],"collection":[{"href":"https:\/\/www.univ-usto.dz\/instituts\/ieps\/wp-json\/wp\/v2\/pages"}],"about":[{"href":"https:\/\/www.univ-usto.dz\/instituts\/ieps\/wp-json\/wp\/v2\/types\/page"}],"author":[{"embeddable":true,"href":"https:\/\/www.univ-usto.dz\/instituts\/ieps\/wp-json\/wp\/v2\/users\/1"}],"replies":[{"embeddable":true,"href":"https:\/\/www.univ-usto.dz\/instituts\/ieps\/wp-json\/wp\/v2\/comments?post=3281"}],"version-history":[{"count":19,"href":"https:\/\/www.univ-usto.dz\/instituts\/ieps\/wp-json\/wp\/v2\/pages\/3281\/revisions"}],"predecessor-version":[{"id":6089,"href":"https:\/\/www.univ-usto.dz\/instituts\/ieps\/wp-json\/wp\/v2\/pages\/3281\/revisions\/6089"}],"wp:attachment":[{"href":"https:\/\/www.univ-usto.dz\/instituts\/ieps\/wp-json\/wp\/v2\/media?parent=3281"}],"curies":[{"name":"wp","href":"https:\/\/api.w.org\/{rel}","templated":true}]}}