{"id":12232,"date":"2022-05-18T08:47:58","date_gmt":"2022-05-18T08:47:58","guid":{"rendered":"\/?page_id=12232"},"modified":"2025-11-06T09:00:30","modified_gmt":"2025-11-06T09:00:30","slug":"12232-2","status":"publish","type":"page","link":"https:\/\/www.univ-usto.dz\/labo\/ADASCA\/12232-2\/","title":{"rendered":"Th\u00e8mes de recherche"},"content":{"rendered":"\t\t<div data-elementor-type=\"wp-page\" data-elementor-id=\"12232\" class=\"elementor elementor-12232\">\n\t\t\t\t\t\t<section class=\"elementor-section elementor-top-section elementor-element elementor-element-98d1861 elementor-section-boxed elementor-section-height-default elementor-section-height-default\" data-id=\"98d1861\" data-element_type=\"section\">\n\t\t\t\t\t\t<div class=\"elementor-container elementor-column-gap-default\">\n\t\t\t\t\t<div class=\"elementor-column elementor-col-100 elementor-top-column elementor-element elementor-element-323fc2a\" data-id=\"323fc2a\" data-element_type=\"column\">\n\t\t\t<div class=\"elementor-widget-wrap elementor-element-populated\">\n\t\t\t\t\t\t<div class=\"elementor-element elementor-element-2971953 elementor-widget elementor-widget-text-editor\" data-id=\"2971953\" data-element_type=\"widget\" data-widget_type=\"text-editor.default\">\n\t\t\t\t<div class=\"elementor-widget-container\">\n\t\t\t\t\t\t\t\t\t<p><strong><em>Th\u00e8mes prises en charge par le laboratoire propos\u00e9\u00a0:<\/em><\/strong><\/p><p><strong><em>\u00a0<\/em><\/strong>La recherche dans notre laboratoire se concentre sur<\/p><ol><li><strong>Analyse pr\u00e9dictive et mod\u00e9lisation des donn\u00e9es :<\/strong> D\u00e9veloppement de mod\u00e8les pr\u00e9dictifs avanc\u00e9s pour la pr\u00e9vision et l&rsquo;optimisation dans divers domaines, y compris la sant\u00e9, la finance, l&rsquo;industrie et les sciences sociales.<\/li><li><strong>Apprentissage automatique et apprentissage profond :<\/strong> Exploration et d\u00e9veloppement d&rsquo;algorithmes d&rsquo;apprentissage automatique et d&rsquo;apprentissage profond pour la reconnaissance de mod\u00e8les, la classification et la prise de d\u00e9cision dans des ensembles de donn\u00e9es complexes et de grande dimension.<\/li><li><strong>Traitement du langage naturel (NLP) et compr\u00e9hension automatique du langage :<\/strong> Recherche sur les m\u00e9thodes et les applications de traitement automatique du langage naturel, y compris la compr\u00e9hension du langage, la g\u00e9n\u00e9ration de texte, la traduction automatique et l&rsquo;analyse des sentiments.<\/li><li><strong>Analyse de donn\u00e9es massives et infrastructure de donn\u00e9es :<\/strong> D\u00e9veloppement de techniques et d&rsquo;outils pour l&rsquo;analyse et la gestion efficaces de grands ensembles de donn\u00e9es h\u00e9t\u00e9rog\u00e8nes, y compris les donn\u00e9es non structur\u00e9es, distribu\u00e9es et en streaming.<\/li><li><strong>\u00c9thique en IA et de la science des donn\u00e9es : <\/strong>Exploration des questions \u00e9thiques et soci\u00e9tales li\u00e9es \u00e0 l&rsquo;utilisation de l&rsquo;intelligence artificielle et de la science des donn\u00e9es, telles que la vie priv\u00e9e, la transparence, la responsabilit\u00e9 et les biais algorithmiques.<\/li><\/ol><p><strong>\u00a0<\/strong><\/p><ol start=\"6\"><li><strong>Applications sectorielles de l&rsquo;IA et de la science des donn\u00e9es : <\/strong>Collaboration avec des partenaires industriels et gouvernementaux pour d\u00e9velopper des solutions bas\u00e9es sur l&rsquo;IA et la science des donn\u00e9es dans des domaines tels que la sant\u00e9, l&rsquo;agriculture, l&rsquo;\u00e9nergie, la mobilit\u00e9 et les villes intelligentes.<\/li><\/ol><p><strong><em>\u00a0<\/em><\/strong>Le laboratoire encourage la collaboration avec d&rsquo;autres institutions de recherche, l&rsquo;industrie et le secteur acad\u00e9mique pour favoriser l&rsquo;\u00e9change d&rsquo;id\u00e9es, la recherche conjointe et la mise en \u0153uvre de solutions innovantes.<\/p><p>Le Laboratoire s&rsquo;engage \u00e0 rester \u00e0 la pointe de la recherche en Data Science et en IA et \u00e0 contribuer de mani\u00e8re significative au progr\u00e8s technologique, tout en abordant les d\u00e9fis \u00e9thiques associ\u00e9s \u00e0 cette discipline en constante \u00e9volution.<\/p>\t\t\t\t\t\t\t\t<\/div>\n\t\t\t\t<\/div>\n\t\t\t\t\t<\/div>\n\t\t<\/div>\n\t\t\t\t\t<\/div>\n\t\t<\/section>\n\t\t\t\t<\/div>\n\t\t","protected":false},"excerpt":{"rendered":"<p>Th\u00e8mes de recherche<\/p>\n","protected":false},"author":1,"featured_media":0,"parent":0,"menu_order":0,"comment_status":"closed","ping_status":"closed","template":"","meta":{"footnotes":""},"class_list":["post-12232","page","type-page","status-publish","hentry"],"_links":{"self":[{"href":"https:\/\/www.univ-usto.dz\/labo\/ADASCA\/wp-json\/wp\/v2\/pages\/12232","targetHints":{"allow":["GET"]}}],"collection":[{"href":"https:\/\/www.univ-usto.dz\/labo\/ADASCA\/wp-json\/wp\/v2\/pages"}],"about":[{"href":"https:\/\/www.univ-usto.dz\/labo\/ADASCA\/wp-json\/wp\/v2\/types\/page"}],"author":[{"embeddable":true,"href":"https:\/\/www.univ-usto.dz\/labo\/ADASCA\/wp-json\/wp\/v2\/users\/1"}],"replies":[{"embeddable":true,"href":"https:\/\/www.univ-usto.dz\/labo\/ADASCA\/wp-json\/wp\/v2\/comments?post=12232"}],"version-history":[{"count":8,"href":"https:\/\/www.univ-usto.dz\/labo\/ADASCA\/wp-json\/wp\/v2\/pages\/12232\/revisions"}],"predecessor-version":[{"id":12612,"href":"https:\/\/www.univ-usto.dz\/labo\/ADASCA\/wp-json\/wp\/v2\/pages\/12232\/revisions\/12612"}],"wp:attachment":[{"href":"https:\/\/www.univ-usto.dz\/labo\/ADASCA\/wp-json\/wp\/v2\/media?parent=12232"}],"curies":[{"name":"wp","href":"https:\/\/api.w.org\/{rel}","templated":true}]}}