{"id":12238,"date":"2022-05-18T08:49:14","date_gmt":"2022-05-18T08:49:14","guid":{"rendered":"https:\/\/www.univ-usto.dz\/labo\/lssd\/?page_id=12238"},"modified":"2023-06-19T12:07:43","modified_gmt":"2023-06-19T12:07:43","slug":"equipes-de-recherche","status":"publish","type":"page","link":"https:\/\/www.univ-usto.dz\/labo\/lepm\/equipes-de-recherche\/","title":{"rendered":"\u00c9quipes de recherche"},"content":{"rendered":"","protected":false},"excerpt":{"rendered":"<p>Notre Laboratoire a \u00e9t\u00e9 cr\u00e9\u00e9 pour la mise en \u0153uvre d\u2019un programme multidisciplinaire de recherche faisant intervenir des th\u00e9matiques aussi bien fondamentales qu\u2019appliqu\u00e9es de la physique. Reposant sur un groupe d\u2019une trentaine de chercheurs th\u00e9oriciens, num\u00e9riciens et exp\u00e9rimentateurs, le LEPM a \u00e9t\u00e9 charg\u00e9 initialement de d\u00e9velopper des th\u00e8mes de recherche vari\u00e9s notamment dans le domaine des sciences des mat\u00e9riaux et nanomat\u00e9riaux, de la physique th\u00e9orique et des syst\u00e8mes d\u00e9sordonn\u00e9s. Les domaines d\u2019activit\u00e9 du Laboratoire se sont ensuite \u00e9largis aux applications de la physique statistique aux propagations des maladies et des feux de for\u00eat. Cette derni\u00e8re th\u00e9matique s\u2019est significativement d\u00e9velopp\u00e9e depuis 2004 avec la mise au point de logiciels valid\u00e9s sur des cas r\u00e9els. Sur le plan exp\u00e9rimental, nous disposons d\u2019un \u00e9quipement d\u2019analyse di\u00e9lectrique des solides, liquides et poudres, de marque Novocontrol couvrant 12 d\u00e9cades de fr\u00e9quences (\u00b5Hz-20MHz), 17 d\u00e9cades d\u2019imp\u00e9dance (m\uf057-100T\uf057) et des temp\u00e9ratures allant de celle de l\u2019Azote (-190\u00b0C \u2019\u00e0 400\u00b0C. Un four de 1200\u00b0C et un analyseur HF 3GHz sont pr\u00e9vus pour compl\u00e9ter cet \u00e9quipement (dans le cadre du FNRSDT). En outre, le laboratoire vient d\u2019acqu\u00e9rir gr\u00e2ce au FNRSDT un ensemble complet d\u2019\u00e9quipements de mesure et d\u2019analyse du feu et de la combustion (C\u00f4ne calorim\u00e8tre, Panneau radiant, un oxyg\u00e8ne index et une bombe calorim\u00e8tre). Ces \u00e9quipements feront de notre Laboratoire un des rares en Afrique activant dans le domaine des feux. Sur le plan p\u00e9dagogique, deux Licences et quatre masters en sciences des mat\u00e9riaux, physique th\u00e9orique et risques incendie sont rattach\u00e9s au Laboratoire (dont un Co-habilit\u00e9 avec le Laboratoire de Mati\u00e8re Condens\u00e9e de l\u2019Universit\u00e9 d\u2019Oran Es-S\u00e9nia). L\u2019activit\u00e9 du Laboratoire dans le domaine du feu lui a permis r\u00e9cemment de devenir un d\u00e9partement de la chaire-r\u00e9seau UNESCO sur les incendies de for\u00eat. Ceci renforce la collaboration existante avec des institutions scientifiques internationales: Universit\u00e9 de Provence (France), Universit\u00e9 de Li\u00e8ge (Belgique), King Fahd Universit\u00e9 of Petroleum and Minerals (Arabie S\u00e9oudite), le Centre International de Physique th\u00e9orique de Trieste (Italie) et r\u00e9cemment le centre de recherche ADAI de Coimbra (Portugal). <\/p>\n","protected":false},"author":28,"featured_media":0,"parent":0,"menu_order":0,"comment_status":"closed","ping_status":"closed","template":"","meta":{"footnotes":""},"class_list":["post-12238","page","type-page","status-publish","hentry"],"_links":{"self":[{"href":"https:\/\/www.univ-usto.dz\/labo\/lepm\/wp-json\/wp\/v2\/pages\/12238","targetHints":{"allow":["GET"]}}],"collection":[{"href":"https:\/\/www.univ-usto.dz\/labo\/lepm\/wp-json\/wp\/v2\/pages"}],"about":[{"href":"https:\/\/www.univ-usto.dz\/labo\/lepm\/wp-json\/wp\/v2\/types\/page"}],"author":[{"embeddable":true,"href":"https:\/\/www.univ-usto.dz\/labo\/lepm\/wp-json\/wp\/v2\/users\/28"}],"replies":[{"embeddable":true,"href":"https:\/\/www.univ-usto.dz\/labo\/lepm\/wp-json\/wp\/v2\/comments?post=12238"}],"version-history":[{"count":2,"href":"https:\/\/www.univ-usto.dz\/labo\/lepm\/wp-json\/wp\/v2\/pages\/12238\/revisions"}],"predecessor-version":[{"id":12511,"href":"https:\/\/www.univ-usto.dz\/labo\/lepm\/wp-json\/wp\/v2\/pages\/12238\/revisions\/12511"}],"wp:attachment":[{"href":"https:\/\/www.univ-usto.dz\/labo\/lepm\/wp-json\/wp\/v2\/media?parent=12238"}],"curies":[{"name":"wp","href":"https:\/\/api.w.org\/{rel}","templated":true}]}}