{"id":12238,"date":"2022-05-18T08:49:14","date_gmt":"2022-05-18T08:49:14","guid":{"rendered":"https:\/\/www.univ-usto.dz\/labo\/lssd\/?page_id=12238"},"modified":"2023-06-21T10:27:18","modified_gmt":"2023-06-21T10:27:18","slug":"equipes-de-recherche","status":"publish","type":"page","link":"https:\/\/www.univ-usto.dz\/labo\/lgeo\/equipes-de-recherche\/","title":{"rendered":"\u00c9quipes de recherche"},"content":{"rendered":"\t\t<div data-elementor-type=\"wp-page\" data-elementor-id=\"12238\" class=\"elementor elementor-12238\">\n\t\t\t\t\t\t<section class=\"elementor-section elementor-top-section elementor-element elementor-element-5aa4c11 elementor-section-boxed elementor-section-height-default elementor-section-height-default\" data-id=\"5aa4c11\" data-element_type=\"section\">\n\t\t\t\t\t\t<div class=\"elementor-container elementor-column-gap-default\">\n\t\t\t\t\t<div class=\"elementor-column elementor-col-100 elementor-top-column elementor-element elementor-element-ee6dab0\" data-id=\"ee6dab0\" data-element_type=\"column\">\n\t\t\t<div class=\"elementor-widget-wrap\">\n\t\t\t\t\t\t\t<\/div>\n\t\t<\/div>\n\t\t\t\t\t<\/div>\n\t\t<\/section>\n\t\t\t\t<section class=\"elementor-section elementor-top-section elementor-element elementor-element-995a87f elementor-section-boxed elementor-section-height-default elementor-section-height-default\" data-id=\"995a87f\" data-element_type=\"section\">\n\t\t\t\t\t\t<div class=\"elementor-container elementor-column-gap-default\">\n\t\t\t\t\t<div class=\"elementor-column elementor-col-50 elementor-top-column elementor-element elementor-element-43d4167\" data-id=\"43d4167\" data-element_type=\"column\">\n\t\t\t<div class=\"elementor-widget-wrap elementor-element-populated\">\n\t\t\t\t\t\t<div class=\"elementor-element elementor-element-8d7d8cc elementor-widget__width-initial elementor-widget elementor-widget-text-editor\" data-id=\"8d7d8cc\" data-element_type=\"widget\" data-widget_type=\"text-editor.default\">\n\t\t\t\t<div class=\"elementor-widget-container\">\n\t\t\t\t\t\t\t\t\t<table><tbody><tr><td width=\"527\"><p><strong>Intitul\u00e9 du laboratoire\u00a0: Laboratoire de G\u00e9nie Electrique d\u2019Oran<\/strong><\/p><p><strong>Acronyme\u00a0: LGEO<\/strong><\/p><p><strong>Directeur du laboratoire\u00a0: TAHRI Ali, Professeur<\/strong><\/p><p>\u00b7\u00a0\u00a0\u00a0\u00a0\u00a0\u00a0\u00a0\u00a0 <strong>E-mail :alitahri.dz@gmail.com@gmail.com, ali.tahri@univ-usto.dz<\/strong><\/p><p><strong>\u00a0<\/strong><\/p><\/td><\/tr><tr><td width=\"527\"><p><strong>Arr\u00eat\u00e9 de cr\u00e9ation\u00a0: \/ 28.05.2002<\/strong><\/p><p>\u00b7\u00a0\u00a0\u00a0\u00a0\u00a0\u00a0\u00a0\u00a0 <strong>Tel\u00a0: 07 71 48 71 80<\/strong><\/p><p>\u00b7\u00a0\u00a0\u00a0\u00a0\u00a0\u00a0\u00a0\u00a0 <strong>Fax\u00a0:<\/strong><\/p><p>\u00b7\u00a0\u00a0\u00a0\u00a0\u00a0\u00a0\u00a0\u00a0 <strong>Site\u00a0: http:\/\/www.lgeo.oraninfo.com<\/strong><\/p><\/td><\/tr><tr><td width=\"527\"><p><strong>\u00a0<\/strong><\/p><\/td><\/tr><\/tbody><\/table>\t\t\t\t\t\t\t\t<\/div>\n\t\t\t\t<\/div>\n\t\t\t\t\t<\/div>\n\t\t<\/div>\n\t\t\t\t<div class=\"elementor-column elementor-col-50 elementor-top-column elementor-element elementor-element-f645d15\" data-id=\"f645d15\" data-element_type=\"column\">\n\t\t\t<div class=\"elementor-widget-wrap elementor-element-populated\">\n\t\t\t\t\t\t<div class=\"elementor-element elementor-element-11fa6c3 elementor-widget elementor-widget-text-editor\" data-id=\"11fa6c3\" data-element_type=\"widget\" data-widget_type=\"text-editor.default\">\n\t\t\t\t<div class=\"elementor-widget-container\">\n\t\t\t\t\t\t\t\t\t<p><img decoding=\"async\" class=\"alignnone  wp-image-12478\" src=\"https:\/\/www.univ-usto.dz\/labo\/lgeo\/wp-content\/uploads\/2023\/06\/logo.png\" alt=\"\" width=\"160\" height=\"162\" srcset=\"https:\/\/www.univ-usto.dz\/labo\/lgeo\/wp-content\/uploads\/2023\/06\/logo.png 107w, https:\/\/www.univ-usto.dz\/labo\/lgeo\/wp-content\/uploads\/2023\/06\/logo-24x24.png 24w, https:\/\/www.univ-usto.dz\/labo\/lgeo\/wp-content\/uploads\/2023\/06\/logo-36x36.png 36w, https:\/\/www.univ-usto.dz\/labo\/lgeo\/wp-content\/uploads\/2023\/06\/logo-48x48.png 48w\" sizes=\"(max-width: 160px) 100vw, 160px\" \/><\/p>\t\t\t\t\t\t\t\t<\/div>\n\t\t\t\t<\/div>\n\t\t\t\t\t<\/div>\n\t\t<\/div>\n\t\t\t\t\t<\/div>\n\t\t<\/section>\n\t\t\t\t<section class=\"elementor-section elementor-top-section elementor-element elementor-element-f5d76f6 elementor-section-boxed elementor-section-height-default elementor-section-height-default\" data-id=\"f5d76f6\" data-element_type=\"section\">\n\t\t\t\t\t\t<div class=\"elementor-container elementor-column-gap-default\">\n\t\t\t\t\t<div class=\"elementor-column elementor-col-100 elementor-top-column elementor-element elementor-element-ff9654c\" data-id=\"ff9654c\" data-element_type=\"column\">\n\t\t\t<div class=\"elementor-widget-wrap elementor-element-populated\">\n\t\t\t\t\t\t<div class=\"elementor-element elementor-element-d7d2a9c elementor-widget elementor-widget-text-editor\" data-id=\"d7d2a9c\" data-element_type=\"widget\" data-widget_type=\"text-editor.default\">\n\t\t\t\t<div class=\"elementor-widget-container\">\n\t\t\t\t\t\t\t\t\t<p><strong>Liste des \u00e9quipes actualis\u00e9e<\/strong><\/p><table><tbody><tr><td colspan=\"2\" width=\"581\"><p><strong>Equipe 1<\/strong><\/p><\/td><\/tr><tr><td width=\"163\"><p><strong>Acronyme<\/strong><\/p><\/td><td width=\"418\"><p>HTCE<\/p><\/td><\/tr><tr><td width=\"163\"><p><strong>Th\u00e9matique<\/strong><\/p><\/td><td width=\"418\"><p>Haute Tension &amp; Champ Electrique<\/p><\/td><\/tr><tr><td width=\"163\"><p><strong>Chef d&rsquo;\u00e9quipe<\/strong><\/p><\/td><td width=\"418\"><p>REMAOUN Sidi Mohammed<\/p><\/td><\/tr><\/tbody><\/table><table width=\"582\"><tbody><tr><td colspan=\"4\" width=\"582\"><p><strong>Membres de l\u2019\u00e9quipe\u00a0:<\/strong><\/p><\/td><\/tr><tr><td width=\"159\"><p><strong>Nom<\/strong><\/p><\/td><td width=\"121\"><p><strong>Pr\u00e9nom<\/strong><\/p><\/td><td width=\"94\"><p><strong>Grade<\/strong><\/p><\/td><td width=\"208\"><p><strong>Email actif<\/strong><\/p><\/td><\/tr><tr><td width=\"159\"><p>REMAOUN<\/p><\/td><td width=\"121\"><p>Sidi Mohammed<\/p><\/td><td width=\"94\"><p>MCA<\/p><\/td><td width=\"208\"><p><u>remaounsm_dz@yahoo.fr<\/u><\/p><\/td><\/tr><tr><td width=\"159\"><p>MARICH<\/p><\/td><td width=\"121\"><p>Mohamed<\/p><\/td><td width=\"94\"><p>MCB<\/p><\/td><td width=\"208\"><p>marich38@yahoo.fr<\/p><\/td><\/tr><tr><td width=\"159\"><p>BENDIMERAD<\/p><\/td><td width=\"121\"><p>Sarah<\/p><\/td><td width=\"94\"><p>Doc.<\/p><\/td><td width=\"208\"><p>bendis31@yahoo.fr<\/p><\/td><\/tr><tr><td width=\"159\"><p>ZELMAT<\/p><\/td><td width=\"121\"><p>Amina<\/p><\/td><td width=\"94\"><p>Doc.<\/p><\/td><td width=\"208\"><p>mat@yahoo.fr<\/p><\/td><\/tr><tr><td width=\"159\"><p>ABID<\/p><\/td><td width=\"121\"><p>Djamila<\/p><\/td><td width=\"94\"><p>Doc.<\/p><\/td><td width=\"208\"><p>djamilaabid@yahoo.fr<\/p><\/td><\/tr><tr><td width=\"159\"><p>ABED<\/p><\/td><td width=\"121\"><p>Mohamed El Amine<\/p><\/td><td width=\"94\"><p>Doc<\/p><\/td><td width=\"208\"><p>okabax@msn.com<\/p><\/td><\/tr><\/tbody><\/table><p><strong>\u00a0<\/strong><\/p><table><tbody><tr><td colspan=\"2\" width=\"575\"><p><strong>Equipe 2<\/strong><\/p><\/td><\/tr><tr><td width=\"157\"><p><strong>Acronyme<\/strong><\/p><\/td><td width=\"418\"><p>DEA<\/p><\/td><\/tr><tr><td width=\"157\"><p><strong>Th\u00e9matique<\/strong><\/p><\/td><td width=\"418\"><p>D\u00e9charge \u00c9lectrique et ses Applications<\/p><\/td><\/tr><tr><td width=\"157\"><p><strong>Chef d&rsquo;\u00e9quipe<\/strong><\/p><\/td><td width=\"418\"><p>Mme HARFI Naima n\u00e9e OUSSALAH<\/p><\/td><\/tr><\/tbody><\/table><table width=\"575\"><tbody><tr><td colspan=\"4\" width=\"575\"><p><strong>Membres de l\u2019\u00e9quipe\u00a0:<\/strong><\/p><\/td><\/tr><tr><td width=\"152\"><p><strong>Nom<\/strong><\/p><\/td><td width=\"121\"><p><strong>Pr\u00e9nom<\/strong><\/p><\/td><td width=\"94\"><p><strong>Grade<\/strong><\/p><\/td><td width=\"208\"><p><strong>Email actif<\/strong><\/p><\/td><\/tr><tr><td width=\"152\"><p>HARFI<\/p><\/td><td width=\"121\"><p>Naima<\/p><\/td><td width=\"94\"><p>MCA<\/p><\/td><td width=\"208\"><p><a href=\"mailto:oussalah_naima@yahoo.fr\">oussalah_naima@yahoo.fr<\/a><\/p><\/td><\/tr><tr><td width=\"152\"><p>TALHI\u00a0<\/p><\/td><td width=\"121\"><p>Mama<\/p><\/td><td width=\"94\"><p>MCA<\/p><\/td><td width=\"208\"><p><a href=\"mailto:tmami28@gmail.com\">tmami28@gmail.com<\/a><\/p><\/td><\/tr><tr><td width=\"152\"><p>LAROUSSI<\/p><\/td><td width=\"121\"><p>Kada<\/p><\/td><td width=\"94\"><p>MCB<\/p><\/td><td width=\"208\"><p><a href=\"mailto:lavolt@yahoo.fr\">lavolt@yahoo.fr<\/a><\/p><\/td><\/tr><tr><td width=\"152\"><p>NEDJAR n\u00e9e OUIS<\/p><\/td><td width=\"121\"><p>Amel<\/p><\/td><td width=\"94\"><p>MCB<\/p><\/td><td width=\"208\"><p><a href=\"mailto:oameldz@yahoo.fr\">oameldz@yahoo.fr<\/a><\/p><\/td><\/tr><tr><td width=\"152\"><p>NEDDAR n\u00e9e BAHLOULI<\/p><\/td><td width=\"121\"><p>Lahouaria<\/p><\/td><td width=\"94\"><p>MCB<\/p><\/td><td width=\"208\"><p><a href=\"mailto:houaneddar@yahoo.fr\">houaneddar@yahoo.fr<\/a><\/p><\/td><\/tr><tr><td width=\"152\"><p>BENAMAR<\/p><\/td><td width=\"121\"><p>Habib<\/p><\/td><td width=\"94\"><p>MAA,Doc<\/p><\/td><td width=\"208\"><p><a href=\"mailto:habibing@hotmail.com\">habibing@hotmail.com<\/a><\/p><\/td><\/tr><tr><td width=\"152\"><p>NAOUI<\/p><\/td><td width=\"121\"><p>Nacera<\/p><\/td><td width=\"94\"><p>MAA, Doc.<\/p><\/td><td width=\"208\"><p><a href=\"mailto:nnacera01@gmail.com\">nnacera01@gmail.com<\/a><\/p><\/td><\/tr><tr><td width=\"152\"><p>HADJI<\/p><\/td><td width=\"121\"><p>Abdelhafid<\/p><\/td><td width=\"94\"><p>MAA,Doc.<\/p><\/td><td width=\"208\"><p><a href=\"mailto:abdelhafidhadji@yahoo.fr\">abdelhafidhadji@yahoo.fr<\/a><\/p><\/td><\/tr><tr><td width=\"152\"><p>TOUHAMI<\/p><\/td><td width=\"121\"><p>Aicha<\/p><\/td><td width=\"94\"><p>MAA,Doc.<\/p><\/td><td width=\"208\"><p><a href=\"mailto:touhami_aicha@yahoo.com\">touhami_aicha@yahoo.com<\/a><\/p><\/td><\/tr><tr><td width=\"152\"><p>BOUZID<\/p><\/td><td width=\"121\"><p>Mohammed Abdelfettah<\/p><\/td><td width=\"94\"><p>\u00a0<\/p><\/td><td width=\"208\"><p><a href=\"mailto:Med31004@yahoo.fr\">Med31004@yahoo.fr<\/a><\/p><\/td><\/tr><tr><td width=\"152\"><p>OUALID<\/p><p>\u00a0<\/p><\/td><td width=\"121\"><p>Imene<\/p><p>\u00a0<\/p><\/td><td width=\"94\"><p>Doc.<\/p><p>\u00a0<\/p><\/td><td width=\"208\"><p><a href=\"mailto:imeneoualid@yahoo.com\">imeneoualid@yahoo.com<\/a><\/p><\/td><\/tr><tr><td width=\"152\"><p>SAHRAOUI\u00a0\u00a0\u00a0\u00a0\u00a0\u00a0\u00a0\u00a0\u00a0\u00a0\u00a0<\/p><\/td><td width=\"121\"><p>Fatima<\/p><\/td><td width=\"94\"><p>Doc.<\/p><\/td><td width=\"208\"><p><a href=\"mailto:sahraoui_fat@yahoo.fr\">sahraoui_fat@yahoo.fr<\/a><\/p><\/td><\/tr><\/tbody><\/table><table><tbody><tr><td colspan=\"2\" width=\"575\"><p><strong>Equipe 3<\/strong><\/p><\/td><\/tr><tr><td width=\"157\"><p><strong>Acronyme<\/strong><\/p><\/td><td width=\"418\"><p>ER<\/p><\/td><\/tr><tr><td width=\"157\"><p><strong>Th\u00e9matique<\/strong><\/p><\/td><td width=\"418\"><p>\u00c9nergies Renouvelables pour la production d\u00e9centralis\u00e9e<\/p><\/td><\/tr><tr><td width=\"157\"><p><strong>Chef d&rsquo;\u00e9quipe<\/strong><\/p><\/td><td width=\"418\"><p>BOUDGHENE STAMBOULI Amine<\/p><\/td><\/tr><\/tbody><\/table><table width=\"585\"><tbody><tr><td colspan=\"4\" width=\"585\"><p><strong>Membres de l\u2019\u00e9quipe\u00a0:<\/strong><\/p><\/td><\/tr><tr><td width=\"141\"><p><strong>Nom<\/strong><\/p><\/td><td width=\"87\"><p><strong>Pr\u00e9nom<\/strong><\/p><\/td><td width=\"108\"><p><strong>Grade<\/strong><\/p><\/td><td width=\"249\"><p><strong>Email actif<\/strong><\/p><\/td><\/tr><tr><td width=\"141\"><p>BOUDGHENE STAMBOULI<\/p><\/td><td width=\"87\"><p>Amine<\/p><\/td><td width=\"108\"><p>Pr. USTO<\/p><\/td><td width=\"249\"><p><a href=\"mailto:aboudghenes@yahoo.com\">aboudghenes@yahoo.com<\/a><\/p><\/td><\/tr><tr><td width=\"141\"><p>BETTAHAR<\/p><\/td><td width=\"87\"><p>Salim<\/p><\/td><td width=\"108\"><p>Pr. USTO<\/p><\/td><td width=\"249\"><p>s<a href=\"mailto:alim_bettahar@yahoo.com\">alim_bettahar@yahoo.com<\/a><\/p><\/td><\/tr><tr><td width=\"141\"><p>HOCINE<\/p><\/td><td width=\"87\"><p>Rachida<\/p><\/td><td width=\"108\"><p>Prof. USTO<\/p><\/td><td width=\"249\"><p><a href=\"mailto:rak_hocine@yahoo.fr\">rak_hocine@yahoo.fr<\/a><\/p><\/td><\/tr><tr><td width=\"141\"><p>BENMESSAOUD<\/p><\/td><td width=\"87\"><p>Tarik<\/p><\/td><td width=\"108\"><p>MCA\u00a0 USTO<\/p><\/td><td width=\"249\"><p><a href=\"mailto:benmessaoudtarik@yahoo.fr\">benmessaoudtarik@yahoo.fr<\/a><\/p><\/td><\/tr><tr><td width=\"141\"><p>DAOUD<\/p><\/td><td width=\"87\"><p>Amine<\/p><\/td><td width=\"108\"><p>MCB\u00a0 USTO<\/p><\/td><td width=\"249\"><p><a href=\"mailto:d_elamine@yahoo.com\">d_elamine@yahoo.com<\/a><\/p><\/td><\/tr><tr><td width=\"141\"><p>BAIA RASSOU<\/p><\/td><td width=\"87\"><p>Mohamed<\/p><\/td><td width=\"108\"><p>Doc.<\/p><\/td><td width=\"249\"><p><a href=\"mailto:mohamed_baiarassou@yahoo.com\">mohamed_baiarassou@yahoo.com<\/a><\/p><\/td><\/tr><tr><td width=\"141\"><p>HENNI\u00a0<\/p><\/td><td width=\"87\"><p>Omar<\/p><\/td><td width=\"108\"><p>Doc.<\/p><\/td><td width=\"249\"><p><a href=\"mailto:omar_hst@hotmail.fr\">omar_hst@hotmail.fr<\/a><\/p><\/td><\/tr><tr><td width=\"141\"><p>Ait Darna<\/p><\/td><td width=\"87\"><p>Abdel Wahab<\/p><\/td><td width=\"108\"><p>Doc.<\/p><\/td><td width=\"249\"><p><a href=\"mailto:aitwah@gmail.com\">aitwah@gmail.com<\/a><\/p><\/td><\/tr><tr><td width=\"141\"><p>DELLA KRACHAI<\/p><\/td><td width=\"87\"><p>Saidia<\/p><\/td><td width=\"108\"><p>Doc. CDS<\/p><\/td><td width=\"249\"><p><a href=\"mailto:dellakrachais@yahoo.com\">dellakrachais@yahoo.com<\/a><\/p><\/td><\/tr><tr><td width=\"141\"><p>KICHENE<\/p><\/td><td width=\"87\"><p>Moadh<\/p><\/td><td width=\"108\"><p>Doc.<\/p><\/td><td width=\"249\"><p><a href=\"mailto:kichenemoadh@gmail.com\">kichenemoadh@gmail.com<\/a><\/p><\/td><\/tr><tr><td width=\"141\"><p>HAMICHE<\/p><\/td><td width=\"87\"><p>AitMimoune<\/p><\/td><td width=\"108\"><p>MCB, U. Tiaret<\/p><\/td><td width=\"249\"><p><a href=\"mailto:hamiche.ait1@gmail.com\">hamiche.ait1@gmail.com<\/a><\/p><p>\u00a0<\/p><\/td><\/tr><tr><td width=\"141\"><p>Benkhaled<\/p><\/td><td width=\"87\"><p>Mohamed<\/p><\/td><td width=\"108\"><p>Doc. MDN<\/p><\/td><td width=\"249\"><p><a href=\"mailto:mohammed.benkhaled@yahoo.fr\">mohammed.benkhaled@yahoo.fr<\/a><\/p><p>\u00a0<\/p><\/td><\/tr><\/tbody><\/table><p>\u00a0<\/p><table><tbody><tr><td colspan=\"2\" width=\"579\"><p><strong>Equipe 4<\/strong><\/p><\/td><\/tr><tr><td width=\"161\"><p><strong>Acronyme<\/strong><\/p><\/td><td width=\"418\"><p>SSA<\/p><\/td><\/tr><tr><td width=\"161\"><p><strong>Th\u00e9matique<\/strong><\/p><\/td><td width=\"418\"><p>Syst\u00e8mes Solaires et ses Applications<\/p><\/td><\/tr><tr><td width=\"161\"><p><strong>Chef d&rsquo;\u00e9quipe<\/strong><\/p><\/td><td width=\"418\"><p>TAHRI ALI<\/p><\/td><\/tr><\/tbody><\/table><table width=\"579\"><tbody><tr><td colspan=\"4\" width=\"579\"><p><strong>Membres de l\u2019\u00e9quipe\u00a0:<\/strong><\/p><\/td><\/tr><tr><td width=\"156\"><p><strong>Nom<\/strong><\/p><\/td><td width=\"105\"><p><strong>Pr\u00e9nom<\/strong><\/p><\/td><td width=\"94\"><p><strong>Grade<\/strong><\/p><\/td><td width=\"224\"><p><strong>Email actif<\/strong><\/p><\/td><\/tr><tr><td width=\"156\"><p>TAHRI<\/p><\/td><td width=\"105\"><p>Ali<\/p><\/td><td width=\"94\"><p>Prof.<\/p><\/td><td width=\"224\"><p><a href=\"mailto:ali.tahri@univ-usto.dz\">ali.tahri@univ-usto.dz<\/a><\/p><\/td><\/tr><tr><td width=\"156\"><p>TAHRI<\/p><\/td><td width=\"105\"><p>Fatima<\/p><\/td><td width=\"94\"><p>MCA<\/p><\/td><td width=\"224\"><p><a href=\"mailto:fatimatahri.dz@gmail.com\">fatimatahri.dz@gmail.com<\/a><\/p><\/td><\/tr><tr><td width=\"156\"><p>KHIAT<\/p><\/td><td width=\"105\"><p>Zekuiya<\/p><\/td><td width=\"94\"><p>Doc.<\/p><\/td><td width=\"224\"><p><a href=\"mailto:khiatzekuiya@gmail.com\">khiatzekuiya@gmail.com<\/a><\/p><\/td><\/tr><tr><td width=\"156\"><p>MENAD<\/p><\/td><td width=\"105\"><p>Abdelmadjid<\/p><\/td><td width=\"94\"><p>Doc.<\/p><\/td><td width=\"224\"><p><a href=\"mailto:abmenad@gmail.com\">abmenad@gmail.com<\/a><\/p><\/td><\/tr><tr><td width=\"156\"><p>BENLEBNA<\/p><\/td><td width=\"105\"><p>Soumia<\/p><\/td><td width=\"94\"><p>Doc.<\/p><\/td><td width=\"224\"><p><a href=\"mailto:benlebnasoumiya@gmail.com\">benlebnasoumiya@gmail.com<\/a><\/p><\/td><\/tr><tr><td width=\"156\"><p>BOUNAGHLA<\/p><\/td><td width=\"105\"><p>Salah Eddine<\/p><\/td><td width=\"94\"><p>Doc.<\/p><\/td><td width=\"224\"><p><a href=\"mailto:sbc903@gmail.com\">sbc903@gmail.com<\/a><\/p><\/td><\/tr><tr><td width=\"156\"><p>BOUCHAREF<\/p><\/td><td width=\"105\"><p>Abdelkadir<\/p><\/td><td width=\"94\"><p>MRB. CDS<\/p><\/td><td width=\"224\"><p><a href=\"mailto:boucharef@yahoo.fr\">boucharef@yahoo.fr<\/a><\/p><\/td><\/tr><tr><td width=\"156\"><p>TAHRI<\/p><\/td><td width=\"105\"><p>Ghrissi<\/p><\/td><td width=\"94\"><p>Doc.<\/p><\/td><td width=\"224\"><p><a href=\"mailto:g84tahri@gmail.com\">g84tahri@gmail.com<\/a><\/p><p>\u00a0<\/p><\/td><\/tr><\/tbody><\/table><p>\u00a0<\/p>\t\t\t\t\t\t\t\t<\/div>\n\t\t\t\t<\/div>\n\t\t\t\t\t<\/div>\n\t\t<\/div>\n\t\t\t\t\t<\/div>\n\t\t<\/section>\n\t\t\t\t<\/div>\n\t\t","protected":false},"excerpt":{"rendered":"<p>Intitul\u00e9 du laboratoire\u00a0: Laboratoire de G\u00e9nie Electrique d\u2019Oran Acronyme\u00a0: LGEO Directeur du laboratoire\u00a0: TAHRI Ali, Professeur \u00b7\u00a0\u00a0\u00a0\u00a0\u00a0\u00a0\u00a0\u00a0 E-mail :alitahri.dz@gmail.com@gmail.com, ali.tahri@univ-usto.dz \u00a0 Arr\u00eat\u00e9 de cr\u00e9ation\u00a0: \/ 28.05.2002 \u00b7\u00a0\u00a0\u00a0\u00a0\u00a0\u00a0\u00a0\u00a0 Tel\u00a0: 07 71 <a href=\"https:\/\/www.univ-usto.dz\/labo\/lgeo\/equipes-de-recherche\/\" class=\"read-more\">Lire la suite &#8230;<\/a><\/p>\n","protected":false},"author":28,"featured_media":0,"parent":0,"menu_order":0,"comment_status":"closed","ping_status":"closed","template":"","meta":{"footnotes":""},"class_list":["post-12238","page","type-page","status-publish","hentry"],"_links":{"self":[{"href":"https:\/\/www.univ-usto.dz\/labo\/lgeo\/wp-json\/wp\/v2\/pages\/12238","targetHints":{"allow":["GET"]}}],"collection":[{"href":"https:\/\/www.univ-usto.dz\/labo\/lgeo\/wp-json\/wp\/v2\/pages"}],"about":[{"href":"https:\/\/www.univ-usto.dz\/labo\/lgeo\/wp-json\/wp\/v2\/types\/page"}],"author":[{"embeddable":true,"href":"https:\/\/www.univ-usto.dz\/labo\/lgeo\/wp-json\/wp\/v2\/users\/28"}],"replies":[{"embeddable":true,"href":"https:\/\/www.univ-usto.dz\/labo\/lgeo\/wp-json\/wp\/v2\/comments?post=12238"}],"version-history":[{"count":4,"href":"https:\/\/www.univ-usto.dz\/labo\/lgeo\/wp-json\/wp\/v2\/pages\/12238\/revisions"}],"predecessor-version":[{"id":12486,"href":"https:\/\/www.univ-usto.dz\/labo\/lgeo\/wp-json\/wp\/v2\/pages\/12238\/revisions\/12486"}],"wp:attachment":[{"href":"https:\/\/www.univ-usto.dz\/labo\/lgeo\/wp-json\/wp\/v2\/media?parent=12238"}],"curies":[{"name":"wp","href":"https:\/\/api.w.org\/{rel}","templated":true}]}}