{"id":12240,"date":"2022-05-18T08:50:09","date_gmt":"2022-05-18T08:50:09","guid":{"rendered":"https:\/\/www.univ-usto.dz\/labo\/lssd\/?page_id=12240"},"modified":"2023-07-02T10:27:45","modified_gmt":"2023-07-02T10:27:45","slug":"publications","status":"publish","type":"page","link":"https:\/\/www.univ-usto.dz\/labo\/lmst\/publications\/","title":{"rendered":"Publications"},"content":{"rendered":"\t\t<div data-elementor-type=\"wp-page\" data-elementor-id=\"12240\" class=\"elementor elementor-12240\">\n\t\t\t\t\t\t<section class=\"elementor-section elementor-top-section elementor-element elementor-element-eaaecc2 elementor-section-boxed elementor-section-height-default elementor-section-height-default\" data-id=\"eaaecc2\" data-element_type=\"section\" data-e-type=\"section\">\n\t\t\t\t\t\t<div class=\"elementor-container elementor-column-gap-default\">\n\t\t\t\t\t<div class=\"elementor-column elementor-col-100 elementor-top-column elementor-element elementor-element-fecebae\" data-id=\"fecebae\" data-element_type=\"column\" data-e-type=\"column\">\n\t\t\t<div class=\"elementor-widget-wrap elementor-element-populated\">\n\t\t\t\t\t\t<div class=\"elementor-element elementor-element-7675d4e elementor-widget elementor-widget-text-editor\" data-id=\"7675d4e\" data-element_type=\"widget\" data-e-type=\"widget\" data-widget_type=\"text-editor.default\">\n\t\t\t\t<div class=\"elementor-widget-container\">\n\t\t\t\t\t\t\t\t\t<p>2023<\/p><ul><li>Maaden, S. Menhoudj, A. M. Mokhtari et Med. H. Benzaama, 2023,\u00a0 Experimental and numerical study of the sunspot\u2019s effect on the dynamic thermal behavior of a room equipped with an earth-air heat exchanger, in the heating season,\u00a0 <a href=\"https:\/\/www.sciencedirect.com\/journal\/journal-of-building-engineering\">Journal of Building Engineering<\/a>, <a href=\"https:\/\/www.sciencedirect.com\/journal\/journal-of-building-engineering\/vol\/68\/suppl\/C\">Volume 68<\/a>, <a href=\"https:\/\/doi.org\/10.1016\/j.jobe.2023.106109\">https:\/\/doi.org\/10.1016\/j.jobe.2023.106109<\/a><\/li><\/ul><ul><li>Bada,\u00a0H. Khelafi,\u00a0A. M. Mokhtari , A. Bassoud, Med. Benhammou et\u00a0S.\u00a0Menhoudj, 2023, Experimental study of the hygrothermal behavior of an earth\/porous pipe\/air heat exchanger (EPPAHE) for building cooling needs in the context of the hot and dry Saharan climate, <a href=\"https:\/\/www.sciencedirect.com\/journal\/thermal-science-and-engineering-progress\">Thermal Science and Engineering Progress<\/a>, <a href=\"https:\/\/www.sciencedirect.com\/journal\/thermal-science-and-engineering-progress\/vol\/37\/suppl\/C\">Volume 37<\/a>, <a href=\"https:\/\/doi.org\/10.1016\/j.tsep.2022.101598\">https:\/\/doi.org\/10.1016\/j.tsep.2022.101598<\/a><\/li><\/ul><ul><li>Menhoudj, Med. H.\u00a0Benzaama, A. M.\u00a0Mokhtari, L.\u00a0Rajaoarisoa, 2023, \u00a0Pr\u00e9vision du comportement hygrothermique des sols solaires directs \u00e0 l&rsquo;aide de r\u00e9seaux de neurones artificiels, <a href=\"https:\/\/scholar.google.fr\/citations?view_op=view_citation&amp;hl=fr&amp;user=w4PqviIAAAAJ&amp;cstart=20&amp;pagesize=80&amp;citation_for_view=w4PqviIAAAAJ:Zph67rFs4hoC\">Forecasting of hygrothermal behaviour of direct solar floors using artificial neural networks<\/a>, Revue of Renewable Energy Focus, <a href=\"https:\/\/www.sciencedirect.com\/journal\/renewable-energy-focus\/vol\/44\/suppl\/C\">Tome 44<\/a>, <a href=\"https:\/\/doi.org\/10.1016\/j.ref.2022.12.001\">https:\/\/doi.org\/10.1016\/j.ref.2022.12.001<\/a><\/li><\/ul><ul><li>N Boualla, 2023, <a href=\"https:\/\/scholar.google.com\/citations?view_op=view_citation&amp;hl=fr&amp;user=uGWF8o4AAAAJ&amp;citation_for_view=uGWF8o4AAAAJ:kNdYIx-mwKoC\">Validity of Juang&rsquo;s Method to Predict the Liquefaction Potential of the Soils of Sablette Algiers<\/a>, Algerian Journal of Research and Technology (AJRT) 7 (1), 13-25, DOI:\u00a0<a href=\"https:\/\/doi.org\/10.58681\/ajrt.23070103\">https:\/\/doi.org\/10.58681\/ajrt.23070103<\/a><\/li><\/ul><ul><li>GHEMBAZA M.S, BOUROKBA S-A., HACHICHI A.\u00a0 &amp; DJELOUL R., 2023, influence de la nature des fibres sur la r\u00e9sistance au cisaillement d\u2019un sable limoneux (influence of the fibers nature on the shear strength of silty sand). Alg\u00e9rie \u00c9quipement N\u00b0 68.<\/li><\/ul><ul><li>Belhadj, Attaouia, Kaddour Chouicha, Salem Kahlouche, and Bachir Gourine. 2023. \u201cMulti-Sensor Data Fusion with AI-RBFN in Settlement Surveillance of Embankment Dams: Application to a Rockfill Dam in Algeria.\u201d Journal of Civil Structural Health Monitoring (0123456789).<\/li><\/ul><ul><li>Abdeldjalil, Mhammed, and Mustapha Akacem. 2023. \u201cDetermining the Characteristics of Dune Sand Used in the Building of Different Sites for the Desert Environment.\u201d Research Square June:1\u201317.<\/li><\/ul><ul><li>GOUFI , KAID\u00a0 N., KERDAL DE, IDIR R,2023, <a href=\"https:\/\/scholar.google.fr\/citations?view_op=view_citation&amp;hl=fr&amp;user=SNMLfRsAAAAJ&amp;citation_for_view=SNMLfRsAAAAJ:hqOjcs7Dif8C\">Sustainable cementitious materials: exploring alkali-activated binders with natural pozzolan<\/a>, Proceedings of the Institution of Civil Engineers-Construction Materials, 1-38<\/li><\/ul><p>2022<\/p><ul><li>Mendli A., Kerdal D.E.D, A Bouchair, Abidelah A., 2022, <a href=\"https:\/\/scholar.google.com\/citations?view_op=view_citation&amp;hl=fr&amp;user=gOOq1yMAAAAJ&amp;citation_for_view=gOOq1yMAAAAJ:_FxGoFyzp5QC\">Analysis of the behaviour of cover-plate stainless steel bolted connections<\/a>. Journal of Constructional Steel Research, <a href=\"https:\/\/www.sciencedirect.com\/journal\/journal-of-constructional-steel-research\/vol\/190\/suppl\/C\">Volume 190<\/a>,\u00a0March 2022, 107125.<\/li><\/ul><ul><li>H. Benzaama, S. Menhoudj, A.M. Mokhtari, Med. Lachi, 2022, <a href=\"https:\/\/scholar.google.fr\/citations?view_op=view_citation&amp;hl=fr&amp;user=w4PqviIAAAAJ&amp;citation_for_view=w4PqviIAAAAJ:8k81kl-MbHgC\">Comparative study of the thermal performance of an earth air heat exchanger and seasonal storage systems: Experimental validation of Artificial Neural Networks model<\/a>, <a href=\"https:\/\/www.sciencedirect.com\/journal\/journal-of-energy-storage\">Journal of Energy Storage<\/a>, <a href=\"https:\/\/www.sciencedirect.com\/journal\/journal-of-energy-storage\/vol\/53\/suppl\/C\">Volume 53<\/a>, <a href=\"https:\/\/doi.org\/10.1016\/j.est.2022.105177\">https:\/\/doi.org\/10.1016\/j.est.2022.105177<\/a><\/li><\/ul><ul><li>A Benziane, N Boualla, 2022, <a href=\"https:\/\/scholar.google.com\/citations?view_op=view_citation&amp;hl=fr&amp;user=uGWF8o4AAAAJ&amp;citation_for_view=uGWF8o4AAAAJ:UebtZRa9Y70C\">Contribution of isotopic techniques to the knowledge of the aquiferous system of the great Sebkha of Oran<\/a>, Applied Water Science 12 (6), 128, Springer International Publishing.<\/li><\/ul><ul><li>A Benziane, N Boualla,2022, <a href=\"https:\/\/scholar.google.com\/citations?view_op=view_citation&amp;hl=fr&amp;user=uGWF8o4AAAAJ&amp;citation_for_view=uGWF8o4AAAAJ:UebtZRa9Y70C\">Contribution of isotopic techniques to the knowledge of the aquiferous system of the great Sebkha of Oran<\/a>, Applied Water Science 12 (6), 128, Springer International Publishing<strong>.<\/strong><\/li><\/ul><ul><li>BENSOULA, M., BOUSMAHA, M., &amp; MISSOUM, H. (2022). Relative density influence on the liquefaction potential of sand with fines.\u00a0<em>Revista de la Construcci\u00f3n. Journal of Construction<\/em>,\u00a0<em>21<\/em>(3), 692-702.<\/li><\/ul><ul><li>N Boualla, Z Draoua, 2022, <a href=\"https:\/\/scholar.google.com\/citations?view_op=view_citation&amp;hl=fr&amp;user=uGWF8o4AAAAJ&amp;citation_for_view=uGWF8o4AAAAJ:LkGwnXOMwfcC\">Improving the workability of bentonite by the use of mobil composition of matter (Si-MCM-41)<\/a>, Materials Today: Proceedings 49, 1066-1070, Elsevier.<\/li><\/ul><ul><li>Abdeldjalil, Mhammed. 2022. \u201cApplication of a Granular Model to Identify the Particle Size of the Granular Mixtures of Concrete Based on Dune Sands.\u201d P. 21 in Sustainability of Concrete With Synthetic and Recycled Aggregates, edited by H. Saleh.<\/li><\/ul><ul><li>Abdeldjalil, Mhammed. 2022. \u201cApplication of a Granular Model to Identify the Particle Size of the Granular Mixtures of Concrete Based on Dune Sands.\u201d P. 21 in Sustainability of Concrete With Synthetic and Recycled Aggregates, edited by H. Saleh.<\/li><\/ul><ul><li>Abdeldjalil, Mhammed, and Kaddour Chouicha. 2022a. \u201cEffect of the Cement-to-Water Ratio and Fractal Granular Model on the Prediction of Concretes Compressive Strength.\u201d International Journal of Concrete Structures and Materials 16(1).<\/li><li>Abdeldjalil, Mhammed, and Kaddour Chouicha. 2022b. \u201cStudy of the Prediction of the Mechanical Strength of Concrete Based on the Fractal Model of Granular Distribution.\u201d Construction and Building Materials 348(August):128562.<\/li><\/ul><ul><li>Abdeldjalil, Mhammed, and Kaddour Chouicha. 2022c. \u201cThe Paradigm Based on the Fractal Model of Granular Distribution for the Study of the Mechanical Strength of Concrete.\u201d Research Square March.<\/li><\/ul><ul><li>Sebsadji, Soumia Kheira, and Nouria Kaid. 2022. \u201cTemps Critique de La Premi\u00e8re Fissuration Dans Le B\u00e9ton Arm\u00e9 Soumis \u00e0 La Corrosion\u202f: Influence de l\u2019ajout de La Pouzzolane.\u201d in NewMat\u201921\u20131st International Conf\u00e9rence: New Trends on Innovative Construction Materials. Tlemcen, Alg\u00e9rie.<\/li><\/ul><ul><li>Sebsadji, Soumia Kheira. 2022a. \u201cA United Equation to Describe Optimal Grain Size Distributions for Concrete Mix Design.\u201d in ICCE 2022 &#8211; Second International Conference in Construction Engineering, edited by H. I. of E. S. and R. (HIESR). Damascus, Syria: Higher Institute of Earthquake Studies and Research (HIESR).<\/li><\/ul><ul><li>Sebsadji, Soumia Kheira. 2022b. \u201cDetermining Concrete Properties for Different Optimized Combined Concrete Mixtures\u202f: Novel Mathematical Approach.\u201d Powder Technology 409(May):117756.<\/li><\/ul><ul><li>Sebsadji, Soumia Kheira. 2022c. \u201cRapport Entre Le Module de Finesse Global et La Distribution de Taille Du Squelette Granulaire Du B\u00e9ton via La Dimension Fractale.\u201d in NewMat\u201921\u20131st International Conf\u00e9rence : New Trends on Innovative Construction Materials. Tlemcen, Alg\u00e9rie.<\/li><\/ul><ul><li>FAH Saleh, N Kaid, K Ayed, DE Kerdal, N Chioukh, N Leklou, 2022, <a href=\"https:\/\/scholar.google.fr\/citations?view_op=view_citation&amp;hl=fr&amp;user=SNMLfRsAAAAJ&amp;citation_for_view=SNMLfRsAAAAJ:Se3iqnhoufwC\">Effects of rubber aggregates on the physical-mechanical, thermal and durability properties of self-compacting sand concrete<\/a>, Frattura ed Integrit\u00e0 Strutturale 16 (61), 89-107<\/li><\/ul><ul><li>FAH Saleh, N Kaid, K Ayed, DE Kerdal, N Chioukh, N Leklou, 2022, <a href=\"https:\/\/scholar.google.fr\/citations?view_op=view_citation&amp;hl=fr&amp;user=SNMLfRsAAAAJ&amp;citation_for_view=SNMLfRsAAAAJ:roLk4NBRz8UC\">Influence of waste tyre rubber of different aggregate forms and sizes on the sustainable behaviour of self-compacting sand concrete in aggressive environment<\/a>, Journal of Rubber Research 25 (2), 89-104<\/li><\/ul><p>2021<\/p><ul><li>Zairi, A. M. Mokhtari, S. Menhoudj, Y. Hammou, K. Dehina et Med. H. Benzaama, 2021, Study of the energy performance of a combined system: Solar Thermal Collector &#8211; Storage tank &#8211; Floor heating, for the heating needs of a room in Maghreb climate, Energy &amp; Buildings, <a href=\"https:\/\/doi.org\/10.1016\/j.enbuild.2021.111395\">https:\/\/doi.org\/10.1016\/j.enbuild.2021.111395<\/a><\/li><\/ul><ul><li>Bassoud, H. Khelafi, A. M. Mokhtar et A. Bada, 2021, Evaluation of summer thermal comfort in arid desert areas. Case study: Old adobe building in Adrar (South of Algeria), <a href=\"https:\/\/www.sciencedirect.com\/science\/journal\/03601323\">Building and Environment<\/a> Vol. 205, 108140, <a href=\"https:\/\/doi.org\/10.1016\/j.buildenv.2021.108140\">https:\/\/doi.org\/10.1016\/j.buildenv.2021.108140<\/a><\/li><\/ul><ul><li>MEBARKI C.,\u00a0 DJAKAB E.,\u00a0 MOKHTARI A. M.,\u00a0 AMRANE Y.,\u00a0 DERRADJI L., 2021, Improvement of Daylight Factor Model for Window Size Optimization and Energy Efficient Building Envelope Designs, Journal of Daylighting, <a href=\"https:\/\/solarlits.com\/jd\/v8-n1\">Volume 8<\/a>, doi:10.15627\/jd.2021.17<\/li><\/ul><ul><li>BENZAAMA M. H., RAJAOARISOA L., LEKHAL M. C., MENHOUDJ S., A. M. MOKHTARI, 2021, Thermal inertia and energy efficiency assessment of Direct Solar Floor system using a switching-linear model, <a href=\"https:\/\/www.researchgate.net\/journal\/Applied-Energy-0306-2619\">Applied Energy<\/a> 300 (03):117363, doi:<a href=\"http:\/\/dx.doi.org\/10.1016\/j.apenergy.2021.117363\">10.1016\/j.apenergy.2021.117363<\/a><\/li><\/ul><ul><li>BENZAAMA M. H., MENHOUDJ S., LAKEHAL M. C., MOKHTARI A. M. et SHADI A., 2021, Multi-Objective Optimization of seasonal solar thermal enery storage system combined with an earth air heat exchanger for net zero energy building, Solar Energy, Vol.220 (2021),\u00a0 <a href=\"https:\/\/doi.org\/10.1016\/j.solener.2021.03.070\">https:\/\/doi.org\/10.1016\/j.solener.2021.03.070<\/a>,<\/li><\/ul><ul><li>BENZAAMA M. H., MOKHTARI A. M., LACHI M., MAALOUF C., MENHOUDJ S., 2021, Sunspot analysis under varying conditions climate: Distributed radiation on cooling floor and its effect on dynamic thermal behaviour, journal Solar Energy, Vol.221, <a href=\"https:\/\/doi.org\/10.1016\/j.solener.2021.03.082\">https:\/\/doi.org\/10.1016\/j.solener.2021.03.082<\/a><\/li><\/ul><ul><li>LEKHAL M. C., BENZAAMA M. H., KINDINIS A., MOKHTARI A.M., BELARBI R., 2021, Effect of geo-climatic conditions and pipe material on heating performance of earth-air heat exchangers, journal of Renewable Energy, Vol. 163, <a href=\"https:\/\/doi.org\/10.1016\/j.renene.2020.08.044\">https:\/\/doi.org\/10.1016\/j.renene.2020.08.044<\/a><\/li><\/ul><ul><li>MOULAY A. A., ABDELDJALIL M., KHELAFI H., 2021, An Experimental Study on the Optimal Compositions of Ordinary Concrete Based on Corrected Dune Sand\u2014Case of Granular Range of 25\u202fmm, Case Studies in Construction Materials 14.<\/li><\/ul><ul><li>ROUIBI M., CHOUICHA K., 2021, Porosity Assessment of Granular Mixtures Intended for Concrete Using the Fractal Model of Particle-Size Distribution, Construction and Building Materials 293:123492.<\/li><\/ul><ul><li>Goufi N., Kerdal DE, Nouria K., IDIR , 2021, <a href=\"https:\/\/scholar.google.fr\/citations?view_op=view_citation&amp;hl=fr&amp;user=SNMLfRsAAAAJ&amp;citation_for_view=SNMLfRsAAAAJ:qjMakFHDy7sC\">Potential use of activated Algerian natural pozzolan powder as a cement replacement material<\/a>, European Journal of Environmental and Civil Engineering 25 (6), 967-987<\/li><\/ul><ul><li>FAH Saleh, Kaid N, Ayed K, Soltani R, Kerdal DE, 2021, <a href=\"https:\/\/scholar.google.fr\/citations?view_op=view_citation&amp;hl=fr&amp;user=SNMLfRsAAAAJ&amp;citation_for_view=SNMLfRsAAAAJ:ufrVoPGSRksC\">Mechanical and physical properties of concrete incorporating rubber<\/a> Special Publication 349, 432-445<\/li><\/ul><p>2020<\/p><ul><li>R. Sebbagh, D.E.D. Kerdal, A. Abidelah, A. Boucha\u00efr, 2020, T-stubs with two and four bolts under monotonic and cyclic loading. Journal of Constructional Steel Research 178, 106486.<\/li><li>C. Lekhal, A. M. Mokhtari et R. Belarbi, 2020, Evaluation of two earth\u2013air heat exchangers efficiency of different pipe materials within a warm temperate climate, MATEC Web Conf. Volume\u00a0307, <a href=\"https:\/\/doi.org\/10.1051\/matecconf\/202030701028\">https:\/\/doi.org\/10.1051\/matecconf\/202030701028<\/a><\/li><\/ul><ul><li>Dehina, A. M. Mokhtari et B. Souyri, 2020, Energy modelling of a new co-current coaxial earth \u2013 water to air- heat exchanger. Case study: Heating of house in Biskra \u2013 Algeria, International Journal of Geothermal Research and its Applications, <a href=\"https:\/\/www.sciencedirect.com\/science\/journal\/03756505\/87\/supp\/C\">Vol. 87<\/a>, <a href=\"https:\/\/doi.org\/10.1016\/j.geothermics.2020.101836\">https:\/\/doi.org\/10.1016\/j.geothermics.2020.101836<\/a><\/li><\/ul><ul><li>B. Djebbar, S. Salem et A. Mokhtari, 2020, developing multi-storey building archetypes as key tool in energy performance assessment, International Journal of Human Settlements Vol. 4, <a href=\"https:\/\/www.aneau.org\/ijhs\/Art\/v4n1a03.pdf\">https:\/\/www.aneau.org\/ijhs\/Art\/v4n1a03.pdf<\/a><\/li><\/ul><ul><li>B Ouadi, A Bendraoua, N Boualla, M Adjdir, 2020, <a href=\"https:\/\/link.springer.com\/article\/10.1007\/s13201-020-01226-y??utm_source=other_website&amp;error=cookies_not_supported&amp;code=85f8ad31-7318-4c4b-af23-872edca8a3e3\">Efficiency of pozzolan and sawdust as biofilter in the treatment of wastewater<\/a>, Applied Water Science, Springer International Publishing<\/li><\/ul><ul><li>BOUNOUARA Z.; MALAB S.;\u00a0MEKARTA A.; BENAISSA A.; BOUROKBA S.A., 2020, Treatment of Dredged Sediments of Bouhanifia Dam for their Valorization in Passive Barrier of Landfill\u00bb <em>Geotechnical and Geological Engineering<\/em>, 1-17 , 2020. DOI 10.1007\/s10706-020-01273-x<\/li><\/ul><ul><li>ABDELDJALIL M., YOUSFI S. 2020. \u201cIdentification of Sands of Dune and Concretes Using a Granular Model, Case of Arid Region.\u201d Case Studies in Construction Materials 13.<\/li><\/ul><ul><li>Sebsadji S. K., Chouicha K. 2020, Fractal Dimension of Concrete Mix Gradation: A Quantitative Parameter for Some Concrete Properties, MATEC Web of Conferences 307:01049.<\/li><\/ul><ul><li>Sebsadji S. K., Chouicha K., 2020, Fractal Equations to Represent Optimized Grain Size Distributions Used for Concrete Mix Design, Computers and Concrete 26(6):505\u201313.<\/li><\/ul><p>2019<\/p><ul><li>Djebli B., Kerdal D., Abidelah A., 2019, <a href=\"https:\/\/www.sciencedirect.com\/science\/article\/pii\/S0143974X19302688\">Additional and total deflection of composite symmetric cellular beams<\/a>. <a href=\"https:\/\/www.sciencedirect.com\/science\/journal\/0143974X\">Journal of Constructional Steel Research<\/a>,<a href=\"https:\/\/www.sciencedirect.com\/science\/journal\/0143974X\/158\/supp\/C\">Volume 158<\/a>, July 2019, Pages 99-106.<\/li><li>Nadji Maachi, A. Mokhtari et Med. El Amine, 2019, the natural lighting for energy saving and visual comfort in collective housting\u00a0: A case study in the Algerian building context, Journal of Building Ingineering, Volume 24 100760, <a href=\"http:\/\/www.elsevier.com\/locate\/jobe\">www.elsevier.com\/locate\/jobe<\/a>.<\/li><\/ul><ul><li>B. Djebbar, S. Salem et A. Mokhtari, 2019, Assessment of energy performance using bottom-up method: Exemplified by multi-storey buildings in Tlemcen (Algeria), International Journal of Building Pathology and Adaptation, 198-216, Volume 38, N. 1, doi\u00a0: <a href=\"https:\/\/doi.org\/10.1108\/ijbpa-11-2017-0056\">10.1108\/ijbpa-11-2017-0056<\/a>, ISSN\u00a0:\u00a02398-4708<\/li><\/ul><ul><li>H. Benzaama, S. Menhoudj, C. Maalouf, A. Mokhtari et Med. Lachi, 2019, Experimental and numerical analysis of the energy performance of a water\/soil exchanger coupled to a cooling floor for North Africa, Geothermics 80 (2019) 8\u201319, <a href=\"http:\/\/www.elsevier.com\/locate\/geothermics\">www.elsevier.com\/locate\/geothermics<\/a><\/li><\/ul><ul><li>N Boualla, M Adjdir, A Benziane, A Bendraoua, 2019, <a href=\"https:\/\/scholar.google.com\/citations?view_op=view_citation&amp;hl=fr&amp;user=uGWF8o4AAAAJ&amp;citation_for_view=uGWF8o4AAAAJ:YsMSGLbcyi4C\">Estimating generalized of globalimpacts to water quality on soil characteristics in basin of the Great Sebkha of Oran<\/a>, Applied water science 9, 1-10<\/li><\/ul><ul><li>Sebsadji S. K. 2019. \u201cNouvelle Approche Pour La Formulation Des BAP.\u201d Academic Journal of Civil Engineering 37(1):246\u201350.<\/li><\/ul><p>2018<\/p><ul><li><a href=\"https:\/\/www.icevirtuallibrary.com\/author\/Haouas%2C+S\">Haouas<\/a>, Abidelah A., Kerdal D., <a href=\"https:\/\/www.icevirtuallibrary.com\/author\/Boucha\u00efr%2C+A\">Boucha\u00efr<\/a> A., 2018,<strong>x<\/strong> The mechanical behaviour of t-stubs with four bolts per row. Proceedings of the Institution of Civil Engineers &#8211; Structures and Buildings, November 09, 2018.<\/li><\/ul><ul><li><strong>Boucha\u00efr<\/strong><\/li><li><a href=\"https:\/\/www.icevirtuallibrary.com\/author\/\"><strong>Search for articles by this author<\/strong><\/a><br \/>N Goufi, R Idir, D Kerdal, A Abidelah, N Kaid, 2018, <a href=\"https:\/\/scholar.google.com\/citations?view_op=view_citation&amp;hl=fr&amp;user=gOOq1yMAAAAJ&amp;citation_for_view=gOOq1yMAAAAJ:d1gkVwhDpl0C\">Analyse des caract\u00e9ristiques physiques et m\u00e9caniques de b\u00e9tons de granulats recycl\u00e9s de b\u00e9ton pour la valorisation de ce type de granulats<\/a>. Academic Journal of Civil Engineering 36 (1), 150-154\u00a0<\/li><\/ul><ul><li>A Messaoudi, M Bouzit, N Boualla, 2018, <a href=\"https:\/\/scholar.google.com\/citations?view_op=view_citation&amp;hl=fr&amp;user=uGWF8o4AAAAJ&amp;citation_for_view=uGWF8o4AAAAJ:W7OEmFMy1HYC\">Physical and rheological properties of the Chorfa dam mud: dependency on solids concentration<\/a>, Applied Water Science 8, 1-9, Springer International Publishing.<\/li><\/ul><ul><li>DJELLOUL R., BOUROKBA MRABENT S.A.; HACHICHI\u00a0A. FLEUREAU. M., 2018, Effect of Cement on the Drying\u2013Wetting Paths and on Some Engineering Properties of a Compacted Natural Clay from Oran, Algeria.\u00a0<em>Geotechnical and Geological Engineering<\/em>, pp. 993-1010, Volume n\u00b0 <em>36<\/em>(2),. DOI 10.1007\/s10706-017-0370-1<\/li><\/ul><ul><li>SEBSADJI S. K., 2018, Nouvelle Approche Pour La Formulation Des BAP Bas\u00e9e Sur Le Concept de Dimension Fractale, Academic Journal of Civil Engineering 36(1) : 255\u201358.<\/li><li>\u00a0<\/li><\/ul><p>2017 &#8211;<\/p><ul><li>BOUROKBA MRABENT S. A. ; DJELLOUL R\u00a0; HACHICHI A.\u00a0; FLEUREAU. M., 2017, Effect of Cement on Suction and Pore Size Distribution Before and After Swelling of a Natural Clay from Algeria. In\u00a0<em>International Congress and Exhibition, Sustainable Civil Infrastructures: Innovative Infrastructure Geotechnology\u00a0\u00bb<\/em>\u00a0(pp. 64-75). Springer, Cham. 2017, July.<\/li><\/ul><ul><li>Abidelah A., Boucha\u00efr A., Kerdal D.,2014, In\ufb02uence of the \ufb02exural rigidity of the bolt on the behavior of the T-stub<em> steel connection. Engineering Structures 81, 181\u2013194.<\/em><\/li><\/ul><ul><li>Djebli B., Kerdal D., Abidelah A., 2014, <em>The Total De\ufb02ection of Composite Cellular Beams Under Transverse Loading.<\/em> <a href=\"http:\/\/www.springer.com\/engineering\/journal\/13369\">Arabian Journal for Science and Engineering<\/a>, DOI 10.1007\/s13369-014-1227-z<\/li><\/ul><ul><li>Abidelah A., Boucha\u00efr A., Kerdal D., 2012, <em>Experimental and analytical behavior of bolted end-plate connections with or without stiffeners<\/em>. Journal of Constructional Steel Research 76:13\u201327<\/li><\/ul><ul><li>Boucha\u00efr A., Xu B.H., Abidelah A., 2010, <em>Analysis and modelling of the mechanical behaviour of structural steel and timber joints.<\/em> Advances and Trends in Structural Engineering, Mechanics and Computation-Zingoni (Ed.). Taylor &amp; Francis Group, London, ISBN 978-0-415-58472-2, septembre 2010.<\/li><\/ul><ul><li>Abidelah A., Boucha\u00efr A., Kerdal D., Ayed K.,2009 <em>Characterization of a self-compacting sand concrete using the quarry waste. <\/em> J. Civ. Eng. 36: 1773\u20131783.<\/li><\/ul><ul><li>Boucha\u00efr A., Averseng J., Abidelah A., 2008, <a href=\"http:\/\/www.sciencedirect.com\/science?_ob=ArticleURL&amp;_udi=B6V3T-4T4WM08-1&amp;_user=636532&amp;_coverDate=11%2F30%2F2008&amp;_alid=831402010&amp;_rdoc=1&amp;_fmt=high&amp;_orig=search&amp;_cdi=5739&amp;_sort=d&amp;_docanchor=&amp;view=c&amp;_ct=20&amp;_acct=C000033958&amp;_version=1&amp;_urlVersion=0&amp;_userid=636532&amp;md5=679b09c9fc9eafda25af3342ee9d3034\"><em>Analysis of the behaviour of stainless steel bolted connections<\/em><\/a><em>,<\/em> Journal of Constructional Steel Research, 64 (11): 1264-1274<\/li><\/ul><ul><li>N Kaid, M Cyr, H Khelafi, 2015, <a href=\"https:\/\/scholar.google.fr\/citations?view_op=view_citation&amp;hl=fr&amp;user=SNMLfRsAAAAJ&amp;citation_for_view=SNMLfRsAAAAJ:d1gkVwhDpl0C\">Characterization of an Algerian natural pozzolan for its use in eco-efficient cement<\/a>, International Journal of Civil Engineering 13 (4), 444-454<\/li><\/ul>\t\t\t\t\t\t\t\t<\/div>\n\t\t\t\t<\/div>\n\t\t\t\t\t<\/div>\n\t\t<\/div>\n\t\t\t\t\t<\/div>\n\t\t<\/section>\n\t\t\t\t<\/div>\n\t\t","protected":false},"excerpt":{"rendered":"<p>2023 Maaden, S. Menhoudj, A. M. Mokhtari et Med. H. Benzaama, 2023,\u00a0 Experimental and numerical study of the sunspot\u2019s effect on the dynamic thermal behavior of a room equipped with <a href=\"https:\/\/www.univ-usto.dz\/labo\/lmst\/publications\/\" class=\"read-more\">Lire la suite &#8230;<\/a><\/p>\n","protected":false},"author":28,"featured_media":0,"parent":0,"menu_order":0,"comment_status":"closed","ping_status":"closed","template":"","meta":{"footnotes":""},"class_list":["post-12240","page","type-page","status-publish","hentry"],"_links":{"self":[{"href":"https:\/\/www.univ-usto.dz\/labo\/lmst\/wp-json\/wp\/v2\/pages\/12240","targetHints":{"allow":["GET"]}}],"collection":[{"href":"https:\/\/www.univ-usto.dz\/labo\/lmst\/wp-json\/wp\/v2\/pages"}],"about":[{"href":"https:\/\/www.univ-usto.dz\/labo\/lmst\/wp-json\/wp\/v2\/types\/page"}],"author":[{"embeddable":true,"href":"https:\/\/www.univ-usto.dz\/labo\/lmst\/wp-json\/wp\/v2\/users\/28"}],"replies":[{"embeddable":true,"href":"https:\/\/www.univ-usto.dz\/labo\/lmst\/wp-json\/wp\/v2\/comments?post=12240"}],"version-history":[{"count":4,"href":"https:\/\/www.univ-usto.dz\/labo\/lmst\/wp-json\/wp\/v2\/pages\/12240\/revisions"}],"predecessor-version":[{"id":12516,"href":"https:\/\/www.univ-usto.dz\/labo\/lmst\/wp-json\/wp\/v2\/pages\/12240\/revisions\/12516"}],"wp:attachment":[{"href":"https:\/\/www.univ-usto.dz\/labo\/lmst\/wp-json\/wp\/v2\/media?parent=12240"}],"curies":[{"name":"wp","href":"https:\/\/api.w.org\/{rel}","templated":true}]}}