{"id":12588,"date":"2024-01-29T13:52:08","date_gmt":"2024-01-29T13:52:08","guid":{"rendered":"https:\/\/www.univ-usto.dz\/labo\/lsi\/?page_id=12588"},"modified":"2025-02-16T11:47:23","modified_gmt":"2025-02-16T11:47:23","slug":"theses-soutenues","status":"publish","type":"page","link":"https:\/\/www.univ-usto.dz\/labo\/lsi\/theses-soutenues\/","title":{"rendered":"Th\u00e8ses soutenues"},"content":{"rendered":"\t\t<div data-elementor-type=\"wp-page\" data-elementor-id=\"12588\" class=\"elementor elementor-12588\">\n\t\t\t\t\t\t<section class=\"elementor-section elementor-top-section elementor-element elementor-element-88bc29 elementor-section-boxed elementor-section-height-default elementor-section-height-default\" data-id=\"88bc29\" data-element_type=\"section\">\n\t\t\t\t\t\t<div class=\"elementor-container elementor-column-gap-default\">\n\t\t\t\t\t<div class=\"elementor-column elementor-col-100 elementor-top-column elementor-element elementor-element-45099a5f\" data-id=\"45099a5f\" data-element_type=\"column\">\n\t\t\t<div class=\"elementor-widget-wrap elementor-element-populated\">\n\t\t\t\t\t\t<div class=\"elementor-element elementor-element-27f6b2b elementor-widget-tablet__width-initial elementor-widget elementor-widget-text-editor\" data-id=\"27f6b2b\" data-element_type=\"widget\" data-widget_type=\"text-editor.default\">\n\t\t\t\t<div class=\"elementor-widget-container\">\n\t\t\t\t\t\t\t\t\t<p><\/p>\n<p>2024:<\/p>\n<ul>\n<li><strong style=\"color: var( --e-global-color-text ); font-family: var( --e-global-typography-text-font-family ), Sans-serif; font-size: 14px; background-color: inherit;\">Intitul\u00e9:&nbsp;<\/strong>Development and Analysis of Facial Images from Kinect Data for Recognition.<\/li>\n<\/ul>\n<p><strong>Auteur:&nbsp;<\/strong>Boumedine Ahmed Yassine.<\/p>\n<p><strong>Direction de th\u00e8se:&nbsp;<\/strong>Abdelaziz Ouamri.<\/p>\n<p><span style=\"font-family: var( --e-global-typography-text-font-family ), Sans-serif; font-weight: var( --e-global-typography-text-font-weight ); background-color: inherit;\"><strong>Fili\u00e8re :&nbsp;<\/strong>Vision et Technologies de l&rsquo;Information et de la Communication.<\/span><\/p>\n<p><strong>Document:&nbsp;<\/strong><a href=\"https:\/\/www.univ-usto.dz\/labo\/lsi\/wp-content\/uploads\/2025\/02\/2024-BOUMEDINE-Ahmed-Yassine.pdf\">BOUMEDINE Ahmed Yassine<\/a><\/p>\n<p>2023:<\/p>\n<ul>\n<li><strong style=\"color: var( --e-global-color-text ); font-family: var( --e-global-typography-text-font-family ), Sans-serif; font-size: 14px; background-color: inherit;\">Intitul\u00e9:&nbsp;<\/strong>State Representation and Robust Subspace Tracking.<\/li>\n<\/ul>\n<div>\n<p><strong style=\"color: #666666; font-size: 16px;\">Auteur:&nbsp;<\/strong><span style=\"background-color: inherit;\"><span style=\"color: #666666;\"><span style=\"font-size: 16px;\">BEKHTAOUI Zineb<\/span><\/span><span style=\"color: #666666; font-family: var( --e-global-typography-text-font-family ), Sans-serif;\"><span style=\"font-size: 16px; font-weight: var( --e-global-typography-text-font-weight );\">.<\/span><\/span><\/span><\/p>\n<p><strong style=\"color: #666666; font-size: 16px;\">Direction de th\u00e8se:&nbsp;<\/strong><span style=\"color: #666666; font-size: 16px;\">Meche Abdelkrim et Abed Meraim Karim.<\/span><br><span style=\"color: #666666;\"><span style=\"font-size: 16px;\"><br><\/span><\/span><span style=\"color: #666666; font-family: var( --e-global-typography-text-font-family ), Sans-serif; font-size: 16px; font-weight: var( --e-global-typography-text-font-weight ); background-color: inherit;\"><strong>Fili\u00e8re :&nbsp;<\/strong>Vision et Technologies de l&rsquo;Information et de la Communication.<\/span><\/p>\n<\/div>\n<div><strong>Document:&nbsp; <a href=\"https:\/\/www.univ-usto.dz\/labo\/lsi\/wp-content\/uploads\/2025\/01\/2023_BEKHTAOUI-Zineb-3.pdf\">2023_BEKHTAOUI Zineb (3)<\/a><\/strong><\/div>\n<div><span style=\"color: #666666; font-family: var( --e-global-typography-text-font-family ), Sans-serif; font-size: 16px; font-weight: var( --e-global-typography-text-font-weight ); background-color: inherit;\">&nbsp;<\/span><\/div>\n<p>2022:<\/p>\n<ul>\n<li>&nbsp;<strong style=\"color: var( --e-global-color-text ); font-family: var( --e-global-typography-text-font-family ), Sans-serif; background-color: inherit; font-size: 14px;\">Intitul\u00e9:&nbsp;<\/strong><span style=\"font-family: var( --e-global-typography-text-font-family ), Sans-serif; font-weight: var( --e-global-typography-text-font-weight ); background-color: inherit;\">M\u00e9thodes de d\u00e9m\u00e9lange et am\u00e9lioration de r\u00e9solution d&rsquo;images hyperspectrales en sciences de l&rsquo;univers : prise en compte de la variabilit\u00e9 spectrale.<\/span><\/li>\n<\/ul>\n<p><strong>Auteur: <\/strong><span style=\"font-family: var( --e-global-typography-text-font-family ), Sans-serif; font-weight: var( --e-global-typography-text-font-weight ); background-color: inherit;\">Brezini Salah Eddine<\/span><span style=\"font-family: var( --e-global-typography-text-font-family ), Sans-serif; font-weight: var( --e-global-typography-text-font-weight ); background-color: inherit;\">.<\/span><\/p>\n<p><strong>Direction de th\u00e8se:&nbsp;<\/strong><span style=\"font-family: var( --e-global-typography-text-font-family ), Sans-serif; font-weight: var( --e-global-typography-text-font-weight ); background-color: inherit;\">Karoui Moussa Sofiane, Deville Yannick et Abdelaziz Ouamri.<\/span><span style=\"font-family: var( --e-global-typography-text-font-family ), Sans-serif; font-weight: var( --e-global-typography-text-font-weight ); background-color: inherit;\"><br><\/span><\/p>\n<p><strong>Fili\u00e8re :&nbsp;<\/strong><span style=\"font-family: var( --e-global-typography-text-font-family ), Sans-serif; font-weight: var( --e-global-typography-text-font-weight ); background-color: inherit;\">Vision et Technologies de l&rsquo;Information et de la Communication.<\/span><span style=\"font-family: var( --e-global-typography-text-font-family ), Sans-serif; font-weight: var( --e-global-typography-text-font-weight ); background-color: inherit;\"><br><\/span><\/p>\n<p><strong>Document:<\/strong>&nbsp;<a href=\"https:\/\/theses.hal.science\/tel-03969690\">https:\/\/theses.hal.science\/tel-03969690<\/a><\/p>\n<p>2021:<\/p>\n<ul>\n<li><span style=\"color: #7a7a7a; font-size: 14px;\">&nbsp;<\/span><strong style=\"color: var( --e-global-color-text ); font-family: var( --e-global-typography-text-font-family ), Sans-serif; font-size: 14px; background-color: inherit;\">Intitul\u00e9:&nbsp;<\/strong><span style=\"color: var( --e-global-color-text ); font-family: var( --e-global-typography-text-font-family ), Sans-serif; background-color: inherit;\">Etude de la multi modalit\u00e9 biom\u00e9trique: G\u00e9om\u00e9trie de la main et&nbsp;<\/span><span style=\"color: var( --e-global-color-text ); font-family: var( --e-global-typography-text-font-family ), Sans-serif; background-color: inherit;\">empreintes digitales<\/span><\/li>\n<\/ul>\n<div>\n<p><strong>Auteur:&nbsp;<\/strong><span style=\"font-family: var( --e-global-typography-text-font-family ), Sans-serif; font-weight: var( --e-global-typography-text-font-weight ); background-color: inherit;\">Bahmed Farah<\/span><span style=\"font-family: var( --e-global-typography-text-font-family ), Sans-serif; font-weight: var( --e-global-typography-text-font-weight ); background-color: inherit;\">.<\/span><\/p>\n<p><strong>Direction de th\u00e8se: <\/strong><span style=\"font-family: var( --e-global-typography-text-font-family ), Sans-serif; font-weight: var( --e-global-typography-text-font-weight ); background-color: inherit;\">&nbsp;Ouald Mammar Madani et Abdelaziz Ouamri.<\/span><span style=\"font-family: var( --e-global-typography-text-font-family ), Sans-serif; font-weight: var( --e-global-typography-text-font-weight ); background-color: inherit;\"><br><\/span><\/p>\n<p><strong>Fili\u00e8re : <\/strong>Nouvelles techniques de l\u2019information et des communications<span style=\"font-family: var( --e-global-typography-text-font-family ), Sans-serif; font-weight: var( --e-global-typography-text-font-weight ); background-color: inherit;\">.<\/span><span style=\"font-family: var( --e-global-typography-text-font-family ), Sans-serif; font-weight: var( --e-global-typography-text-font-weight ); background-color: inherit;\"><br><\/span><\/p>\n<p><strong>Document:<\/strong>&nbsp;&nbsp;<a style=\"font-family: var( --e-global-typography-text-font-family ), Sans-serif; font-weight: var( --e-global-typography-text-font-weight ); font-size: 14px;\" href=\"https:\/\/www.univ-usto.dz\/labo\/lsi\/wp-content\/uploads\/2025\/01\/2021_BAHMED-Farah-2.pdf\">2021_BAHMED Farah (2)<\/a><\/p>\n<p>2019:<\/p>\n<ul>\n<li>&nbsp;<strong style=\"color: var( --e-global-color-text ); font-family: var( --e-global-typography-text-font-family ), Sans-serif; background-color: inherit;\">Intitul\u00e9:&nbsp;<\/strong>Indoor and Outdoor Localization<\/li>\n<\/ul>\n<div>\n<p><strong>Auteur:&nbsp;<\/strong><span style=\"font-family: var( --e-global-typography-text-font-family ), Sans-serif; font-weight: var( --e-global-typography-text-font-weight ); background-color: inherit;\">ALFAKIH Marwan Ali Mohsen<\/span><span style=\"font-family: var( --e-global-typography-text-font-family ), Sans-serif; font-weight: var( --e-global-typography-text-font-weight ); background-color: inherit;\">.<\/span><\/p>\n<p><strong>Direction de th\u00e8se:&nbsp;<\/strong><span style=\"font-family: var( --e-global-typography-text-font-family ), Sans-serif; font-weight: var( --e-global-typography-text-font-weight ); background-color: inherit;\"> BENOUDNINE Hadjira et&nbsp;<\/span><span style=\"background-color: inherit;\">KECHE Mokhtar<\/span><span style=\"font-family: var( --e-global-typography-text-font-family ), Sans-serif; font-weight: var( --e-global-typography-text-font-weight ); background-color: inherit;\"><br><\/span><\/p>\n<p><strong>Fili\u00e8re :<\/strong>&nbsp;<span style=\"background-color: inherit;\">Techniques Modernes de l\u2019Information et de la Communication<\/span><span style=\"background-color: inherit; font-family: var( --e-global-typography-text-font-family ), Sans-serif; font-weight: var( --e-global-typography-text-font-weight );\">.<\/span><\/p>\n<p><strong>Document:<\/strong> <a href=\"https:\/\/www.univ-usto.dz\/labo\/lsi\/wp-content\/uploads\/2025\/02\/2019_ALFAKIH-Marwan-Ali-Mohsen.pdf\">2019_ALFAKIH Marwan Ali Mohsen<\/a><\/p>\n<ul>\n<li><strong style=\"color: var( --e-global-color-text ); font-family: var( --e-global-typography-text-font-family ), Sans-serif; background-color: inherit;\">Intitul\u00e9: <\/strong>Le syst\u00e8me biom\u00e9trique : d\u00e9tection et reconnaissance de visage<\/li>\n<\/ul>\n<div>\n<p><strong>Auteur:&nbsp;<\/strong><span style=\"font-family: var( --e-global-typography-text-font-family ), Sans-serif; font-weight: var( --e-global-typography-text-font-weight ); background-color: inherit;\">Taleb Imene<\/span><span style=\"font-family: var( --e-global-typography-text-font-family ), Sans-serif; font-weight: var( --e-global-typography-text-font-weight ); background-color: inherit;\">.<\/span><\/p>\n<p><strong>Direction de th\u00e8se: <\/strong>OULD MAMMAR Madani <span style=\"font-family: var( --e-global-typography-text-font-family ), Sans-serif; font-weight: var( --e-global-typography-text-font-weight ); background-color: inherit;\">et&nbsp;<\/span><span style=\"background-color: inherit;\">OUAMRI Abdelaziz.<\/span><span style=\"font-family: var( --e-global-typography-text-font-family ), Sans-serif; font-weight: var( --e-global-typography-text-font-weight ); background-color: inherit;\"><br><\/span><\/p>\n<p><strong>Fili\u00e8re :<\/strong>&nbsp;<span style=\"background-color: inherit;\">Techniques Modernes de l\u2019Information et de la Communication<\/span><span style=\"background-color: inherit; font-family: var( --e-global-typography-text-font-family ), Sans-serif; font-weight: var( --e-global-typography-text-font-weight );\">.<\/span><\/p>\n<p><strong>Document:&nbsp;<\/strong><a href=\"https:\/\/www.univ-usto.dz\/labo\/lsi\/wp-content\/uploads\/2025\/02\/2019_TALEB-Imene-12.pdf\" style=\"font-family: var( --e-global-typography-text-font-family ), Sans-serif; font-weight: var( --e-global-typography-text-font-weight ); font-size: 14px;\">2019_TALEB Im\u00e8ne (12)<\/a><\/p>\n<\/div>\n<\/div>\n<p><span style=\"font-family: var( --e-global-typography-text-font-family ), Sans-serif; font-weight: var( --e-global-typography-text-font-weight ); background-color: inherit;\">2013:<\/span><\/p>\n<\/div>\n<ul>\n<li><strong>Intitul\u00e9:&nbsp;<span style=\"font-family: var( --e-global-typography-text-font-family ), Sans-serif; font-weight: var( --e-global-typography-text-font-weight ); background-color: inherit;\">Le filtre de Kalman et ses applicat<\/span><img decoding=\"async\" style=\"font-family: var( --e-global-typography-text-font-family ), Sans-serif; font-weight: var( --e-global-typography-text-font-weight ); background-color: inherit;\" src=\"https:\/\/www.univ-usto.dz\/labo\/lsi\/wp-content\/uploads\/2024\/06\/These_meche.pdf\" alt=\"\"><span style=\"font-family: var( --e-global-typography-text-font-family ), Sans-serif; font-weight: var( --e-global-typography-text-font-weight ); background-color: inherit;\">ions a la poursuite et a la d\u00e9tection de voies<\/span><\/strong><\/li>\n<\/ul>\n<p><strong>Auteur:&nbsp;<\/strong>Meche Abdelkrim.<\/p>\n<p><strong>Fili\u00e8re :&nbsp;<\/strong> Techniques de communication moderne.<\/p>\n<p><span style=\"font-family: var( --e-global-typography-text-font-family ), Sans-serif; font-weight: var( --e-global-typography-text-font-weight ); background-color: inherit;\"><strong>Document:<\/strong>&nbsp;<\/span><a style=\"font-family: var( --e-global-typography-text-font-family ), Sans-serif; font-weight: var( --e-global-typography-text-font-weight );\" href=\"https:\/\/www.univ-usto.dz\/labo\/lsi\/wp-content\/uploads\/2024\/06\/These_meche.pdf\">PDF_Th\u00e8se_Meche<\/a><span style=\"font-family: var( --e-global-typography-text-font-family ), Sans-serif; font-weight: var( --e-global-typography-text-font-weight ); background-color: inherit;\">.&nbsp;<\/span><\/p>\n<p><\/p>\t\t\t\t\t\t\t\t<\/div>\n\t\t\t\t<\/div>\n\t\t\t\t\t<\/div>\n\t\t<\/div>\n\t\t\t\t\t<\/div>\n\t\t<\/section>\n\t\t\t\t<\/div>\n\t\t","protected":false},"excerpt":{"rendered":"<p> Le filtre de Kalman et ses applications a la poursuite et a la d\u00e9tection de voies, Meche Abdelkrim, 2013<\/p>\n","protected":false},"author":30,"featured_media":0,"parent":0,"menu_order":0,"comment_status":"closed","ping_status":"closed","template":"","meta":{"footnotes":""},"class_list":["post-12588","page","type-page","status-publish","hentry"],"_links":{"self":[{"href":"https:\/\/www.univ-usto.dz\/labo\/lsi\/wp-json\/wp\/v2\/pages\/12588","targetHints":{"allow":["GET"]}}],"collection":[{"href":"https:\/\/www.univ-usto.dz\/labo\/lsi\/wp-json\/wp\/v2\/pages"}],"about":[{"href":"https:\/\/www.univ-usto.dz\/labo\/lsi\/wp-json\/wp\/v2\/types\/page"}],"author":[{"embeddable":true,"href":"https:\/\/www.univ-usto.dz\/labo\/lsi\/wp-json\/wp\/v2\/users\/30"}],"replies":[{"embeddable":true,"href":"https:\/\/www.univ-usto.dz\/labo\/lsi\/wp-json\/wp\/v2\/comments?post=12588"}],"version-history":[{"count":56,"href":"https:\/\/www.univ-usto.dz\/labo\/lsi\/wp-json\/wp\/v2\/pages\/12588\/revisions"}],"predecessor-version":[{"id":12887,"href":"https:\/\/www.univ-usto.dz\/labo\/lsi\/wp-json\/wp\/v2\/pages\/12588\/revisions\/12887"}],"wp:attachment":[{"href":"https:\/\/www.univ-usto.dz\/labo\/lsi\/wp-json\/wp\/v2\/media?parent=12588"}],"curies":[{"name":"wp","href":"https:\/\/api.w.org\/{rel}","templated":true}]}}