{"id":12485,"date":"2025-09-28T08:52:47","date_gmt":"2025-09-28T08:52:47","guid":{"rendered":"https:\/\/www.univ-usto.dz\/labo\/lsim\/?page_id=12485"},"modified":"2025-10-12T22:43:50","modified_gmt":"2025-10-12T22:43:50","slug":"evenement","status":"publish","type":"page","link":"https:\/\/www.univ-usto.dz\/labo\/lsim\/evenement\/","title":{"rendered":""},"content":{"rendered":"\t\t<div data-elementor-type=\"wp-page\" data-elementor-id=\"12485\" class=\"elementor elementor-12485\">\n\t\t\t\t\t\t<section class=\"elementor-section elementor-top-section elementor-element elementor-element-cc9f523 elementor-section-boxed elementor-section-height-default elementor-section-height-default\" data-id=\"cc9f523\" data-element_type=\"section\">\n\t\t\t\t\t\t<div class=\"elementor-container elementor-column-gap-default\">\n\t\t\t\t\t<div class=\"elementor-column elementor-col-100 elementor-top-column elementor-element elementor-element-380cf23\" data-id=\"380cf23\" data-element_type=\"column\">\n\t\t\t<div class=\"elementor-widget-wrap elementor-element-populated\">\n\t\t\t\t\t\t<div class=\"elementor-element elementor-element-27a584e elementor-widget elementor-widget-text-editor\" data-id=\"27a584e\" data-element_type=\"widget\" data-widget_type=\"text-editor.default\">\n\t\t\t\t<div class=\"elementor-widget-container\">\n\t\t\t\t\t\t\t\t\t<p data-start=\"196\" data-end=\"544\">Dans une dynamique d\u2019ouverture et de rayonnement scientifique, Le laboratoire des Sciences et Ing\u00e9nieries Maritimes LSIM d\u00e9veloppe activement des <strong data-start=\"302\" data-end=\"333\">partenariats internationaux<\/strong>.<br data-start=\"334\" data-end=\"337\" \/>Cet engagement se concr\u00e9tise par la participation \u00e0 des <strong data-start=\"395\" data-end=\"430\">programmes et projets europ\u00e9ens<\/strong>, en collaboration avec des institutions acad\u00e9miques, des centres de recherche et des acteurs socio-\u00e9conomiques.<\/p><p data-start=\"546\" data-end=\"575\">Ces coop\u00e9rations visent \u00e0 :<\/p><ul data-start=\"576\" data-end=\"886\"><li data-start=\"576\" data-end=\"646\"><p data-start=\"578\" data-end=\"646\">Renforcer l\u2019expertise scientifique et technologique des \u00e9quipes<\/p><\/li><li data-start=\"647\" data-end=\"708\"><p data-start=\"649\" data-end=\"708\">Favoriser le transfert de connaissances et de comp\u00e9tences<\/p><\/li><li data-start=\"709\" data-end=\"785\"><p data-start=\"711\" data-end=\"785\">Contribuer aux grands d\u00e9fis actuels (\u00e9nergie, environnement, num\u00e9rique\u2026)<\/p><\/li><li data-start=\"786\" data-end=\"886\"><p data-start=\"788\" data-end=\"886\">Inscrire durablement le laboratoire dans l\u2019espace europ\u00e9en de la recherche et de l\u2019innovation<\/p><\/li><\/ul><p><strong>PROJET POWER4MED:<\/strong><\/p><p data-start=\"905\" data-end=\"1421\">Le projet <strong data-start=\"915\" data-end=\"928\">POWER4MED<\/strong> s\u2019inscrit dans un contexte d\u00e9cisif pour la d\u00e9carbonation du transport maritime, marqu\u00e9 par l\u2019acc\u00e9l\u00e9ration des politiques europ\u00e9ennes (Pacte Vert pour l\u2019Europe, Fit for 55) et la nouvelle strat\u00e9gie de l\u2019Organisation Maritime Internationale (OMI) visant la neutralit\u00e9 carbone d\u2019ici 2050. La transition vers des carburants et technologies maritimes durables demeure complexe, notamment parce que de nombreuses options existantes ne sont ni pleinement disponibles ni \u00e9conomiquement accessibles.<\/p><p data-start=\"1423\" data-end=\"1468\">L\u2019objectif principal du projet est double :<\/p><ul data-start=\"1469\" data-end=\"1912\"><li data-start=\"1469\" data-end=\"1652\"><p data-start=\"1471\" data-end=\"1652\"><strong data-start=\"1471\" data-end=\"1504\">\u00c9valuer les besoins maritimes<\/strong> de la r\u00e9gion WESTMED en termes de carburants alternatifs et de technologies associ\u00e9es, en privil\u00e9giant celles qui sont disponibles et abordables.<\/p><\/li><li data-start=\"1653\" data-end=\"1912\"><p data-start=\"1655\" data-end=\"1912\"><strong data-start=\"1655\" data-end=\"1696\">Identifier des solutions transitoires<\/strong> \u00e0 court et moyen terme capables de r\u00e9pondre \u00e0 la demande croissante en carburants neutres en carbone, tout en garantissant la conformit\u00e9 avec les objectifs de r\u00e9duction des \u00e9missions fix\u00e9s pour 2025, 2030 et 2040.<\/p><\/li><\/ul><p data-start=\"1914\" data-end=\"2279\">Conscients des difficult\u00e9s rencontr\u00e9es par les op\u00e9rateurs de petites unit\u00e9s et infrastructures portuaires, les partenaires de POWER4MED ont mis en place une <strong data-start=\"2071\" data-end=\"2095\">Structure de Soutien<\/strong>, compos\u00e9e d\u2019une \u00e9quipe multidisciplinaire d\u2019experts et d\u2019outils pratiques (toolkits). Cette structure facilite l\u2019accompagnement vers la neutralit\u00e9 carbone pour trois secteurs cl\u00e9s :<\/p><ol data-start=\"2280\" data-end=\"2372\"><li data-start=\"2280\" data-end=\"2306\"><p data-start=\"2283\" data-end=\"2306\">Les bateaux de p\u00eache,<\/p><\/li><li data-start=\"2307\" data-end=\"2354\"><p data-start=\"2310\" data-end=\"2354\">Les petits navires commerciaux et ferries,<\/p><\/li><li data-start=\"2355\" data-end=\"2372\"><p data-start=\"2358\" data-end=\"2372\">Les marinas.<\/p><\/li><\/ol><p data-start=\"2374\" data-end=\"2606\">En r\u00e9sum\u00e9, <strong data-start=\"2385\" data-end=\"2398\">POWER4MED<\/strong> contribue \u00e0 pr\u00e9parer le secteur maritime m\u00e9diterran\u00e9en aux d\u00e9fis \u00e9nerg\u00e9tiques et environnementaux de la prochaine d\u00e9cennie, en proposant des solutions concr\u00e8tes, accessibles et adapt\u00e9es aux acteurs locaux.<\/p><p data-start=\"2374\" data-end=\"2606\"><strong> Conseil Consultatif (CC) et Groupe des parties prenantes (GPP):<\/strong><br \/>L\u2019\u00e9quipe de projet est \u00e9paul\u00e9e par le Conseil consultatif (CC) compos\u00e9 de 5 experts<br \/>internationaux reconnus qui fournissent des recommandations et un soutien sur l\u2019identification<br \/>des besoins des op\u00e9rateurs et sur le d\u00e9ploiement de solutions pertinentes et par le Groupe des<br \/>parties prenantes (GPP) Compos\u00e9 de 15 \u00e0 25 repr\u00e9sentants des secteurs des bateaux de p\u00eache,<br \/>des traversiers et des marinas qui fournissent des commentaires et des renseignements sur les<br \/>produits livrables provisoires du projet au cours des trois ateliers sp\u00e9ciaux.<br \/><strong>Structure du projet et objectifs sp\u00e9cifiques:<\/strong><br \/><strong>POWER4MED<\/strong> pr\u00e9voit trois phases d\u00e9crites ci-dessous:<br \/>Projet UE 101124786 <strong>POWER4MED<\/strong> Transport maritime vert et transition \u00e9nerg\u00e9tique<br \/>pour une M\u00e9diterran\u00e9e verte<br \/>Dur\u00e9e : 18 mois (01.11.2023 \u2013 30.04.2025) &#8211; Contribution UE : 740 868 EUROS<br \/><strong>Partenaires du consortium<\/strong><br \/>SDG4MED et RINA Consulting, Italie; Fundaci\u00f3n Valenciaport, Spagna; Yachting Malta Ltd., Malte;<br \/>PROMEC, Egypte; ELKON, Turquie; <span style=\"text-decoration: underline;\"><strong>Laboratoire des sciences et ing\u00e9nierie maritimes de<\/strong><\/span><br \/><span style=\"text-decoration: underline;\"><strong>l\u2019Universit\u00e9 es Sciences et de la Technologie d\u2019Oran<\/strong><\/span><br \/><strong>Partenaire Associ\u00e9s:<\/strong> Universit\u00e9 de Tripoli, Liby<\/p><p data-start=\"157\" data-end=\"636\">Le projet <strong data-start=\"167\" data-end=\"180\">POWER4MED<\/strong> s\u2019est officiellement cl\u00f4tur\u00e9 en \u00a0lors d\u2019une <strong data-start=\"240\" data-end=\"281\">c\u00e9r\u00e9monie enrichissante et conviviale<\/strong> \u00e0 Oran qui a r\u00e9uni tous les partenaires europ\u00e9ens et m\u00e9diterran\u00e9ens impliqu\u00e9s dans le projet. Cet \u00e9v\u00e9nement a permis de <strong data-start=\"395\" data-end=\"439\">pr\u00e9senter les r\u00e9sultats concrets obtenus<\/strong>, de partager les exp\u00e9riences et bonnes pratiques d\u00e9velopp\u00e9es au cours des diff\u00e9rentes phases du projet, et de valoriser les avanc\u00e9es r\u00e9alis\u00e9es dans la transition \u00e9nerg\u00e9tique du secteur maritime.<\/p><p data-start=\"157\" data-end=\"636\"><img fetchpriority=\"high\" decoding=\"async\" class=\"alignnone size-medium wp-image-12548\" src=\"https:\/\/www.univ-usto.dz\/labo\/lsim\/wp-content\/uploads\/2025\/09\/Power4Med_new-300x225.jpg\" alt=\"\" width=\"300\" height=\"225\" srcset=\"https:\/\/www.univ-usto.dz\/labo\/lsim\/wp-content\/uploads\/2025\/09\/Power4Med_new-300x225.jpg 300w, https:\/\/www.univ-usto.dz\/labo\/lsim\/wp-content\/uploads\/2025\/09\/Power4Med_new-1024x768.jpg 1024w, https:\/\/www.univ-usto.dz\/labo\/lsim\/wp-content\/uploads\/2025\/09\/Power4Med_new-768x576.jpg 768w, https:\/\/www.univ-usto.dz\/labo\/lsim\/wp-content\/uploads\/2025\/09\/Power4Med_new-1536x1152.jpg 1536w, https:\/\/www.univ-usto.dz\/labo\/lsim\/wp-content\/uploads\/2025\/09\/Power4Med_new-360x270.jpg 360w, https:\/\/www.univ-usto.dz\/labo\/lsim\/wp-content\/uploads\/2025\/09\/Power4Med_new-24x18.jpg 24w, https:\/\/www.univ-usto.dz\/labo\/lsim\/wp-content\/uploads\/2025\/09\/Power4Med_new-36x27.jpg 36w, https:\/\/www.univ-usto.dz\/labo\/lsim\/wp-content\/uploads\/2025\/09\/Power4Med_new-48x36.jpg 48w, https:\/\/www.univ-usto.dz\/labo\/lsim\/wp-content\/uploads\/2025\/09\/Power4Med_new.jpg 2048w\" sizes=\"(max-width: 300px) 100vw, 300px\" \/><\/p><p data-start=\"638\" data-end=\"1073\">La c\u00e9r\u00e9monie a \u00e9galement \u00e9t\u00e9 l\u2019occasion de renforcer les <strong data-start=\"695\" data-end=\"739\">liens entre les institutions partenaires<\/strong>, de discuter des perspectives futures pour la coop\u00e9ration r\u00e9gionale, et d\u2019ouvrir le dialogue sur de nouvelles opportunit\u00e9s de projets internationaux. Elle a soulign\u00e9 l\u2019importance d\u2019un <strong data-start=\"924\" data-end=\"970\">travail collaboratif et multidisciplinaire<\/strong> pour r\u00e9pondre aux d\u00e9fis de durabilit\u00e9 et \u00e0 la r\u00e9duction des \u00e9missions de carbone dans la navigation.<\/p><p data-start=\"1075\" data-end=\"1393\">Ainsi, la cl\u00f4ture de POWER4MED a \u00e9t\u00e9 non seulement un moment de bilan, mais \u00e9galement un <strong data-start=\"1164\" data-end=\"1210\">temps fort de reconnaissance et d\u2019\u00e9changes<\/strong>, illustrant l\u2019impact concret de la collaboration internationale et l\u2019engagement durable de notre laboratoire dans le d\u00e9veloppement de solutions innovantes pour le secteur maritime.<\/p>\t\t\t\t\t\t\t\t<\/div>\n\t\t\t\t<\/div>\n\t\t\t\t\t<\/div>\n\t\t<\/div>\n\t\t\t\t\t<\/div>\n\t\t<\/section>\n\t\t\t\t<section class=\"elementor-section elementor-top-section elementor-element elementor-element-3a2aa3c elementor-section-boxed elementor-section-height-default elementor-section-height-default\" data-id=\"3a2aa3c\" data-element_type=\"section\">\n\t\t\t\t\t\t<div class=\"elementor-container elementor-column-gap-default\">\n\t\t\t\t\t<div class=\"elementor-column elementor-col-100 elementor-top-column elementor-element elementor-element-d9045d5\" data-id=\"d9045d5\" data-element_type=\"column\">\n\t\t\t<div class=\"elementor-widget-wrap elementor-element-populated\">\n\t\t\t\t\t\t<div class=\"elementor-element elementor-element-c45bd00 elementor-widget elementor-widget-text-editor\" data-id=\"c45bd00\" data-element_type=\"widget\" data-widget_type=\"text-editor.default\">\n\t\t\t\t<div class=\"elementor-widget-container\">\n\t\t\t\t\t\t\t\t\t<p>.<\/p>\t\t\t\t\t\t\t\t<\/div>\n\t\t\t\t<\/div>\n\t\t\t\t\t<\/div>\n\t\t<\/div>\n\t\t\t\t\t<\/div>\n\t\t<\/section>\n\t\t\t\t<section class=\"elementor-section elementor-top-section elementor-element elementor-element-87730f4 elementor-section-boxed elementor-section-height-default elementor-section-height-default\" data-id=\"87730f4\" data-element_type=\"section\">\n\t\t\t\t\t\t<div class=\"elementor-container elementor-column-gap-default\">\n\t\t\t\t\t<div class=\"elementor-column elementor-col-100 elementor-top-column elementor-element elementor-element-74c6b61\" data-id=\"74c6b61\" data-element_type=\"column\">\n\t\t\t<div class=\"elementor-widget-wrap elementor-element-populated\">\n\t\t\t\t\t\t\t<\/div>\n\t\t<\/div>\n\t\t\t\t\t<\/div>\n\t\t<\/section>\n\t\t\t\t<section class=\"elementor-section elementor-top-section elementor-element elementor-element-bac2790 elementor-section-boxed elementor-section-height-default elementor-section-height-default\" data-id=\"bac2790\" data-element_type=\"section\">\n\t\t\t\t\t\t<div class=\"elementor-container elementor-column-gap-default\">\n\t\t\t\t\t<div class=\"elementor-column elementor-col-100 elementor-top-column elementor-element elementor-element-be54d8b\" data-id=\"be54d8b\" data-element_type=\"column\">\n\t\t\t<div class=\"elementor-widget-wrap elementor-element-populated\">\n\t\t\t\t\t\t\t<\/div>\n\t\t<\/div>\n\t\t\t\t\t<\/div>\n\t\t<\/section>\n\t\t\t\t<section class=\"elementor-section elementor-top-section elementor-element elementor-element-ef2e1d5 elementor-section-boxed elementor-section-height-default elementor-section-height-default\" data-id=\"ef2e1d5\" data-element_type=\"section\">\n\t\t\t\t\t\t<div class=\"elementor-container elementor-column-gap-default\">\n\t\t\t\t\t<div class=\"elementor-column elementor-col-100 elementor-top-column elementor-element elementor-element-2137a03\" data-id=\"2137a03\" data-element_type=\"column\">\n\t\t\t<div class=\"elementor-widget-wrap elementor-element-populated\">\n\t\t\t\t\t\t\t<\/div>\n\t\t<\/div>\n\t\t\t\t\t<\/div>\n\t\t<\/section>\n\t\t\t\t<\/div>\n\t\t","protected":false},"excerpt":{"rendered":"<p>Dans une dynamique d\u2019ouverture et de rayonnement scientifique, Le laboratoire des Sciences et Ing\u00e9nieries Maritimes LSIM d\u00e9veloppe activement des partenariats internationaux.Cet engagement se concr\u00e9tise par la participation \u00e0 des programmes <a href=\"https:\/\/www.univ-usto.dz\/labo\/lsim\/evenement\/\" class=\"read-more\">Lire la suite &#8230;<\/a><\/p>\n","protected":false},"author":31,"featured_media":0,"parent":0,"menu_order":0,"comment_status":"closed","ping_status":"closed","template":"","meta":{"footnotes":""},"class_list":["post-12485","page","type-page","status-publish","hentry"],"_links":{"self":[{"href":"https:\/\/www.univ-usto.dz\/labo\/lsim\/wp-json\/wp\/v2\/pages\/12485","targetHints":{"allow":["GET"]}}],"collection":[{"href":"https:\/\/www.univ-usto.dz\/labo\/lsim\/wp-json\/wp\/v2\/pages"}],"about":[{"href":"https:\/\/www.univ-usto.dz\/labo\/lsim\/wp-json\/wp\/v2\/types\/page"}],"author":[{"embeddable":true,"href":"https:\/\/www.univ-usto.dz\/labo\/lsim\/wp-json\/wp\/v2\/users\/31"}],"replies":[{"embeddable":true,"href":"https:\/\/www.univ-usto.dz\/labo\/lsim\/wp-json\/wp\/v2\/comments?post=12485"}],"version-history":[{"count":38,"href":"https:\/\/www.univ-usto.dz\/labo\/lsim\/wp-json\/wp\/v2\/pages\/12485\/revisions"}],"predecessor-version":[{"id":12846,"href":"https:\/\/www.univ-usto.dz\/labo\/lsim\/wp-json\/wp\/v2\/pages\/12485\/revisions\/12846"}],"wp:attachment":[{"href":"https:\/\/www.univ-usto.dz\/labo\/lsim\/wp-json\/wp\/v2\/media?parent=12485"}],"curies":[{"name":"wp","href":"https:\/\/api.w.org\/{rel}","templated":true}]}}