{"id":12696,"date":"2025-10-12T09:49:55","date_gmt":"2025-10-12T09:49:55","guid":{"rendered":"https:\/\/www.univ-usto.dz\/labo\/lsim\/?page_id=12696"},"modified":"2025-10-13T23:25:33","modified_gmt":"2025-10-13T23:25:33","slug":"safir-filiale-sonatrach","status":"publish","type":"page","link":"https:\/\/www.univ-usto.dz\/labo\/lsim\/safir-filiale-sonatrach\/","title":{"rendered":""},"content":{"rendered":"\t\t<div data-elementor-type=\"wp-page\" data-elementor-id=\"12696\" class=\"elementor elementor-12696\">\n\t\t\t\t\t\t<section class=\"elementor-section elementor-top-section elementor-element elementor-element-96ba666 elementor-section-boxed elementor-section-height-default elementor-section-height-default\" data-id=\"96ba666\" data-element_type=\"section\">\n\t\t\t\t\t\t<div class=\"elementor-container elementor-column-gap-default\">\n\t\t\t\t\t<div class=\"elementor-column elementor-col-100 elementor-top-column elementor-element elementor-element-35b4c66\" data-id=\"35b4c66\" data-element_type=\"column\">\n\t\t\t<div class=\"elementor-widget-wrap elementor-element-populated\">\n\t\t\t\t\t\t<div class=\"elementor-element elementor-element-f2db863 elementor-widget elementor-widget-heading\" data-id=\"f2db863\" data-element_type=\"widget\" data-widget_type=\"heading.default\">\n\t\t\t\t<div class=\"elementor-widget-container\">\n\t\t\t\t\t<h2 class=\"elementor-heading-title elementor-size-default\">Partenariat entre le LSIM et la soci\u00e9t\u00e9 SAFIR<\/h2>\t\t\t\t<\/div>\n\t\t\t\t<\/div>\n\t\t\t\t\t<\/div>\n\t\t<\/div>\n\t\t\t\t\t<\/div>\n\t\t<\/section>\n\t\t\t\t<section class=\"elementor-section elementor-top-section elementor-element elementor-element-449c4d2 elementor-section-boxed elementor-section-height-default elementor-section-height-default\" data-id=\"449c4d2\" data-element_type=\"section\">\n\t\t\t\t\t\t<div class=\"elementor-container elementor-column-gap-default\">\n\t\t\t\t\t<div class=\"elementor-column elementor-col-100 elementor-top-column elementor-element elementor-element-01fbefe\" data-id=\"01fbefe\" data-element_type=\"column\">\n\t\t\t<div class=\"elementor-widget-wrap elementor-element-populated\">\n\t\t\t\t\t\t<div class=\"elementor-element elementor-element-9deba57 elementor-widget elementor-widget-text-editor\" data-id=\"9deba57\" data-element_type=\"widget\" data-widget_type=\"text-editor.default\">\n\t\t\t\t<div class=\"elementor-widget-container\">\n\t\t\t\t\t\t\t\t\t<p data-start=\"187\" data-end=\"636\">La soci\u00e9t\u00e9 <strong data-start=\"198\" data-end=\"207\">SAFIR<\/strong>, ex-filiale du groupe <strong data-start=\"230\" data-end=\"243\">Sonatrach<\/strong>, est une entreprise alg\u00e9rienne reconnue pour son expertise dans le domaine de l\u2019<strong data-start=\"324\" data-end=\"421\">ing\u00e9nierie, la construction et la maintenance des installations \u00e9nerg\u00e9tiques et industrielles<\/strong>. Forte de son savoir-faire technique et de son engagement en faveur de l\u2019innovation, SAFIR contribuait activement au d\u00e9veloppement de solutions durables r\u00e9pondant aux enjeux de la transition \u00e9nerg\u00e9tique en Alg\u00e9rie.<\/p><p data-start=\"638\" data-end=\"1374\">Dans cette perspective, une <strong data-start=\"666\" data-end=\"697\">convention de collaboration<\/strong> a \u00e9t\u00e9 sign\u00e9e entre le <strong data-start=\"720\" data-end=\"781\">Laboratoire des Sciences et Ing\u00e9nieries Maritimes (LSIM)<\/strong> et <strong data-start=\"785\" data-end=\"794\">SAFIR<\/strong>. Ce partenariat strat\u00e9gique visait \u00e0 <strong data-start=\"830\" data-end=\"868\">favoriser l\u2019\u00e9change de comp\u00e9tences<\/strong>, \u00e0 <strong data-start=\"872\" data-end=\"931\">d\u00e9velopper des projets conjoints de recherche appliqu\u00e9e<\/strong> et \u00e0 <strong data-start=\"937\" data-end=\"978\">valoriser les r\u00e9sultats scientifiques<\/strong> au service du secteur industriel.<br data-start=\"1012\" data-end=\"1015\" \/>\u00c0 travers cette collaboration, le LSIM ambitionnait de mettre son expertise en <strong data-start=\"1092\" data-end=\"1159\">mod\u00e9lisation, simulation num\u00e9rique <\/strong>\u00a0au service des besoins r\u00e9els de l\u2019industrie \u00e9nerg\u00e9tique nationale, tout en offrant un cadre privil\u00e9gi\u00e9 pour la <strong data-start=\"1271\" data-end=\"1326\">formation et l\u2019accompagnement des jeunes chercheurs<\/strong> dans des projets \u00e0 fort impact technologique<\/p>\t\t\t\t\t\t\t\t<\/div>\n\t\t\t\t<\/div>\n\t\t\t\t\t<\/div>\n\t\t<\/div>\n\t\t\t\t\t<\/div>\n\t\t<\/section>\n\t\t\t\t<section class=\"elementor-section elementor-top-section elementor-element elementor-element-310c161 elementor-section-boxed elementor-section-height-default elementor-section-height-default\" data-id=\"310c161\" data-element_type=\"section\">\n\t\t\t\t\t\t<div class=\"elementor-container elementor-column-gap-default\">\n\t\t\t\t\t<div class=\"elementor-column elementor-col-100 elementor-top-column elementor-element elementor-element-bac365c\" data-id=\"bac365c\" data-element_type=\"column\">\n\t\t\t<div class=\"elementor-widget-wrap elementor-element-populated\">\n\t\t\t\t\t\t<div class=\"elementor-element elementor-element-6d2a3db elementor-widget elementor-widget-text-editor\" data-id=\"6d2a3db\" data-element_type=\"widget\" data-widget_type=\"text-editor.default\">\n\t\t\t\t<div class=\"elementor-widget-container\">\n\t\t\t\t\t\t\t\t\t<p data-start=\"750\" data-end=\"905\">Le <strong data-start=\"753\" data-end=\"769\">6 avril 2023<\/strong>, un contrat de <strong data-start=\"785\" data-end=\"806\">fusion-absorption<\/strong> de SAFIR par <strong data-start=\"820\" data-end=\"829\">SARPI<\/strong> (Filiale de Sonatrach) a \u00e9t\u00e9 sign\u00e9. L\u2019objectif \u00e9tait de cr\u00e9er des <strong data-start=\"938\" data-end=\"951\">synergies<\/strong> : regrouper les ressources humaines, mat\u00e9rielles, financi\u00e8res et manag\u00e9riales des deux soci\u00e9t\u00e9s, afin d\u2019optimiser leurs potentiels. Cette fusion faisait partie d\u2019une strat\u00e9gie plus large de reconfiguration du portefeuille des filiales de Sonatrach.<\/p>\t\t\t\t\t\t\t\t<\/div>\n\t\t\t\t<\/div>\n\t\t\t\t\t<\/div>\n\t\t<\/div>\n\t\t\t\t\t<\/div>\n\t\t<\/section>\n\t\t\t\t<section class=\"elementor-section elementor-top-section elementor-element elementor-element-e30ce19 elementor-section-boxed elementor-section-height-default elementor-section-height-default\" data-id=\"e30ce19\" data-element_type=\"section\">\n\t\t\t\t\t\t<div class=\"elementor-container elementor-column-gap-default\">\n\t\t\t\t\t<div class=\"elementor-column elementor-col-100 elementor-top-column elementor-element elementor-element-d134130\" data-id=\"d134130\" data-element_type=\"column\">\n\t\t\t<div class=\"elementor-widget-wrap elementor-element-populated\">\n\t\t\t\t\t\t<div class=\"elementor-element elementor-element-c5942be elementor-widget elementor-widget-button\" data-id=\"c5942be\" data-element_type=\"widget\" data-widget_type=\"button.default\">\n\t\t\t\t<div class=\"elementor-widget-container\">\n\t\t\t\t\t\t\t\t\t<div class=\"elementor-button-wrapper\">\n\t\t\t\t\t<a class=\"elementor-button elementor-button-link elementor-size-sm\" href=\"https:\/\/www.univ-usto.dz\/labo\/lsim\/wp-content\/uploads\/2025\/10\/Convention_SAFIR_LSIM.pdf\">\n\t\t\t\t\t\t<span class=\"elementor-button-content-wrapper\">\n\t\t\t\t\t\t\t\t\t<span class=\"elementor-button-text\">Convention_SAFIR_LSIM<\/span>\n\t\t\t\t\t<\/span>\n\t\t\t\t\t<\/a>\n\t\t\t\t<\/div>\n\t\t\t\t\t\t\t\t<\/div>\n\t\t\t\t<\/div>\n\t\t\t\t\t<\/div>\n\t\t<\/div>\n\t\t\t\t\t<\/div>\n\t\t<\/section>\n\t\t\t\t<\/div>\n\t\t","protected":false},"excerpt":{"rendered":"<p>Partenariat entre le LSIM et la soci\u00e9t\u00e9 SAFIR La soci\u00e9t\u00e9 SAFIR, ex-filiale du groupe Sonatrach, est une entreprise alg\u00e9rienne reconnue pour son expertise dans le domaine de l\u2019ing\u00e9nierie, la construction <a href=\"https:\/\/www.univ-usto.dz\/labo\/lsim\/safir-filiale-sonatrach\/\" class=\"read-more\">Lire la suite &#8230;<\/a><\/p>\n","protected":false},"author":31,"featured_media":0,"parent":0,"menu_order":0,"comment_status":"closed","ping_status":"closed","template":"","meta":{"footnotes":""},"class_list":["post-12696","page","type-page","status-publish","hentry"],"_links":{"self":[{"href":"https:\/\/www.univ-usto.dz\/labo\/lsim\/wp-json\/wp\/v2\/pages\/12696","targetHints":{"allow":["GET"]}}],"collection":[{"href":"https:\/\/www.univ-usto.dz\/labo\/lsim\/wp-json\/wp\/v2\/pages"}],"about":[{"href":"https:\/\/www.univ-usto.dz\/labo\/lsim\/wp-json\/wp\/v2\/types\/page"}],"author":[{"embeddable":true,"href":"https:\/\/www.univ-usto.dz\/labo\/lsim\/wp-json\/wp\/v2\/users\/31"}],"replies":[{"embeddable":true,"href":"https:\/\/www.univ-usto.dz\/labo\/lsim\/wp-json\/wp\/v2\/comments?post=12696"}],"version-history":[{"count":14,"href":"https:\/\/www.univ-usto.dz\/labo\/lsim\/wp-json\/wp\/v2\/pages\/12696\/revisions"}],"predecessor-version":[{"id":12864,"href":"https:\/\/www.univ-usto.dz\/labo\/lsim\/wp-json\/wp\/v2\/pages\/12696\/revisions\/12864"}],"wp:attachment":[{"href":"https:\/\/www.univ-usto.dz\/labo\/lsim\/wp-json\/wp\/v2\/media?parent=12696"}],"curies":[{"name":"wp","href":"https:\/\/api.w.org\/{rel}","templated":true}]}}