{"id":12706,"date":"2025-10-12T09:55:47","date_gmt":"2025-10-12T09:55:47","guid":{"rendered":"https:\/\/www.univ-usto.dz\/labo\/lsim\/?page_id=12706"},"modified":"2025-10-25T10:32:46","modified_gmt":"2025-10-25T10:32:46","slug":"theses-de-doctorat-soutenues","status":"publish","type":"page","link":"https:\/\/www.univ-usto.dz\/labo\/lsim\/theses-de-doctorat-soutenues\/","title":{"rendered":"Th\u00e8ses de doctorats Soutenues"},"content":{"rendered":"\t\t<div data-elementor-type=\"wp-page\" data-elementor-id=\"12706\" class=\"elementor elementor-12706\">\n\t\t\t\t\t\t<section class=\"elementor-section elementor-top-section elementor-element elementor-element-7ace2ed elementor-section-boxed elementor-section-height-default elementor-section-height-default\" data-id=\"7ace2ed\" data-element_type=\"section\">\n\t\t\t\t\t\t<div class=\"elementor-container elementor-column-gap-default\">\n\t\t\t\t\t<div class=\"elementor-column elementor-col-100 elementor-top-column elementor-element elementor-element-c29ace2\" data-id=\"c29ace2\" data-element_type=\"column\">\n\t\t\t<div class=\"elementor-widget-wrap elementor-element-populated\">\n\t\t\t\t\t\t<div class=\"elementor-element elementor-element-95a2134 elementor-widget elementor-widget-heading\" data-id=\"95a2134\" data-element_type=\"widget\" data-widget_type=\"heading.default\">\n\t\t\t\t<div class=\"elementor-widget-container\">\n\t\t\t\t\t<h2 class=\"elementor-heading-title elementor-size-default\">Liste des th\u00e8ses de doctorats Soutenues et encadr\u00e9es par les membres du laboratoire \u00abLSIM\u00bb<\/h2>\t\t\t\t<\/div>\n\t\t\t\t<\/div>\n\t\t\t\t\t<\/div>\n\t\t<\/div>\n\t\t\t\t\t<\/div>\n\t\t<\/section>\n\t\t\t\t<section class=\"elementor-section elementor-top-section elementor-element elementor-element-bbd4802 elementor-section-boxed elementor-section-height-default elementor-section-height-default\" data-id=\"bbd4802\" data-element_type=\"section\">\n\t\t\t\t\t\t<div class=\"elementor-container elementor-column-gap-default\">\n\t\t\t\t\t<div class=\"elementor-column elementor-col-100 elementor-top-column elementor-element elementor-element-10f8c46\" data-id=\"10f8c46\" data-element_type=\"column\">\n\t\t\t<div class=\"elementor-widget-wrap elementor-element-populated\">\n\t\t\t\t\t\t<div class=\"elementor-element elementor-element-69dba44 elementor-widget elementor-widget-text-editor\" data-id=\"69dba44\" data-element_type=\"widget\" data-widget_type=\"text-editor.default\">\n\t\t\t\t<div class=\"elementor-widget-container\">\n\t\t\t\t\t\t\t\t\t<table width=\"718\"><tbody><tr><td width=\"123\"><p><strong>Nom et Pr\u00e9nom<\/strong><\/p><\/td><td width=\"265\"><p><strong>Intitul\u00e9<\/strong><\/p><\/td><td width=\"180\"><p><strong>Encadrant\/Co-Encadrant<\/strong><\/p><\/td><td width=\"151\"><p><strong>Date de soutenance<\/strong><\/p><\/td><\/tr><tr><td width=\"123\"><p><strong>FENOUCHE Ramzi<\/strong><\/p><p><strong>\u00a0<\/strong><\/p><\/td><td width=\"265\"><p>Simulation num\u00e9rique de l&rsquo;\u00e9coulement diphasique dans un tube<\/p><\/td><td width=\"180\"><p>Prof OUADHA Ahmed<\/p><\/td><td width=\"151\"><p>19\/12\/2024<\/p><\/td><\/tr><tr><td width=\"123\"><p><strong>SAID Khaled<\/strong><\/p><p>\u00a0<\/p><\/td><td width=\"265\"><p>Simulation thermo-a\u00e9raulique dans une enceinte ferm\u00e9e<\/p><\/td><td width=\"180\"><p>Prof OUADHA Ahmed \/ Prof\u00a0 SABEUR Amina<\/p><\/td><td width=\"151\"><p>04\/07\/2024<\/p><\/td><\/tr><tr><td width=\"123\"><p><strong>CHERGUI Fay\u00e7al<\/strong><\/p><p>\u00a0<\/p><\/td><td width=\"265\"><p>Etude de l&rsquo;interaction d&rsquo;une vague solitaire avec une brise lame d&rsquo;un milieu c\u00f4tier en forme de marches ascendantes<\/p><\/td><td width=\"180\"><p>Prof BOUZIT Mohamed<\/p><\/td><td width=\"151\"><p>22\/04\/2024<\/p><\/td><\/tr><tr><td width=\"123\"><p><strong>DERBAL Djamila<\/strong><\/p><p>\u00a0<\/p><\/td><td width=\"265\"><p>Etude d&rsquo;un \u00e9coulement d&rsquo;un nanofluide dans une conduite courb\u00e9e brusquement \u00e9largie<\/p><\/td><td width=\"180\"><p>Prof BOUZIT Mohamed<\/p><\/td><td width=\"151\"><p>22\/04\/2024<\/p><\/td><\/tr><tr><td width=\"123\"><p><strong>KHELIF Fatima Zohra<\/strong><\/p><\/td><td width=\"265\"><p>Etude et analyse de l&rsquo;impact des vagues sur des structures off shore<\/p><\/td><td width=\"180\"><p>Prof HELMAOUI Mustapha<\/p><\/td><td width=\"151\"><p>25\/02\/2024<\/p><\/td><\/tr><tr><td width=\"123\"><p><strong>MAHBOUB Abdelmadjid<\/strong><\/p><\/td><td width=\"265\"><p>Etude de l&rsquo;effet des alv\u00e9oles et des spoilers sur l&rsquo;a\u00e9rodynamique d&rsquo;une aile d&rsquo;avion<\/p><\/td><td width=\"180\"><p>Prof BOUZIT Mohamed<\/p><\/td><td width=\"151\"><p>22\/12\/2022<\/p><\/td><\/tr><tr><td width=\"123\"><p><strong>TOUMI Meriem<\/strong><\/p><\/td><td width=\"265\"><p>Etude des \u00e9coulements des fluides complexes \u00e0 travers des singularit\u00e9s asym\u00e9triques<\/p><\/td><td width=\"180\"><p>Prof BOUZIT Mohamed<\/p><\/td><td width=\"151\"><p>19\/07\/2022<\/p><\/td><\/tr><tr><td width=\"123\"><p><strong>GUENDOUCI Lies<\/strong><\/p><\/td><td width=\"265\"><p>Simulation num\u00e9rique du transfert thermique dans un \u00e9changeur de chaleur \u00e0 surface racl\u00e9e<\/p><\/td><td width=\"180\"><p>Prof BOUZIT Mohamed<\/p><\/td><td width=\"151\"><p>18\/07\/2022<\/p><p><strong>\u00a0<\/strong><\/p><\/td><\/tr><tr><td width=\"123\"><p><strong>BOUNEFOUR Oumayma<\/strong><\/p><\/td><td width=\"265\"><p>Valorisation des rejets de chaleur des moteurs diesel marins<\/p><\/td><td width=\"180\"><p>Prof OUADHA Ahmed<\/p><\/td><td width=\"151\"><p>01\/03\/2021<\/p><\/td><\/tr><tr><td width=\"123\"><p><strong>MOKEDDEM Mourad<\/strong><\/p><\/td><td width=\"265\"><p>Mod\u00e9lisation des \u00e9coulements et transfert thermique des fluides complexes en conduites courb\u00e9es<\/p><\/td><td width=\"180\"><p>Prof BOUZIT Mohamed<\/p><\/td><td width=\"151\"><p>03\/02\/2021<\/p><\/td><\/tr><tr><td width=\"123\"><p><strong>BELHANAFI Abdelghani<\/strong><\/p><\/td><td width=\"265\"><p>Etude num\u00e9rique de l&rsquo;agitation d&rsquo;un fluide au sein d&rsquo;une cuve agit\u00e9e \u00e0 pales inclin\u00e9es : Influence du fond de la cuve<\/p><\/td><td width=\"180\"><p>Prof BOUZIT Mohamed\u00a0 \/ Prof HELMAOUI Mustapha<\/p><\/td><td width=\"151\"><p>07\/10\/2020<\/p><\/td><\/tr><tr><td width=\"123\"><p><strong>FOUKRACH Mohammed<\/strong><\/p><\/td><td width=\"265\"><p>Influence de la forme de la cuve sur les performances d&rsquo;un syst\u00e8me m\u00e9caniquement agit\u00e9<\/p><\/td><td width=\"180\"><p>Prof BOUZIT Mohamed<\/p><\/td><td width=\"151\"><p>07\/10\/2020<\/p><\/td><\/tr><tr><td width=\"123\"><p><strong>ROUAN SERIK Habib<\/strong><\/p><\/td><td width=\"265\"><p>Approche PDF transport\u00e9e\/comparaison des m\u00e9thodes lagrangien et eul\u00e9rienne dans les flammes turbulentes<\/p><\/td><td width=\"180\"><p>Prof BOUZIT Mohamed<\/p><\/td><td width=\"151\"><p>18\/12\/2019<\/p><\/td><\/tr><tr><td width=\"123\"><p><strong>HAMMOU Mahmoud<\/strong><\/p><\/td><td width=\"265\"><p>Etude lin\u00e9aire et non lin\u00e9aire d&rsquo;une ligne d&rsquo;arbre flexible mont\u00e9e dans un palier hydrostatique pour contr\u00f4ler les vibrations de rotors<\/p><\/td><td width=\"180\"><p>Prof BOUZIT Mohamed<\/p><\/td><td width=\"151\"><p>30\/11\/2019<\/p><\/td><\/tr><tr><td width=\"123\"><p><strong>BOUDAOUD Warda<\/strong><\/p><\/td><td width=\"265\"><p>Simulation num\u00e9rique de la convection naturelle dans des cavit\u00e9s remplies de nanofluides<\/p><\/td><td width=\"180\"><p>Prof. SABEUR Amina<\/p><\/td><td width=\"151\"><p>10\/11\/2019<\/p><\/td><\/tr><tr><td width=\"123\"><p><strong>ZOHUD Mohammed Kamel Abdelatif<\/strong><\/p><\/td><td width=\"265\"><p>Am\u00e9lioration des caract\u00e9ristiques thermiques des r\u00e9frig\u00e9rants par l&rsquo;addition de nanoparticules<\/p><\/td><td width=\"180\"><p>Prof OUADHA Ahmed<\/p><\/td><td width=\"151\"><p>16\/04\/2019<\/p><\/td><\/tr><tr><td width=\"123\"><p><strong>BOUSSOUFI Mustapha<\/strong><\/p><\/td><td width=\"265\"><p>Simulation num\u00e9rique des jets multiples<\/p><\/td><td width=\"180\"><p>Prof SABEUR Amina \/ Prof\u00a0\u00a0\u00a0 OUADHA Ahmed<\/p><\/td><td width=\"151\"><p>03\/07\/2018<\/p><\/td><\/tr><tr><td width=\"123\"><p><strong>ZEMANI Farah<\/strong><\/p><\/td><td width=\"265\"><p>Simulation num\u00e9rique de la convection naturelle transitoire dans des cavit\u00e9s partitionn\u00e9es<\/p><\/td><td width=\"180\"><p>Prof SABEUR Amina<\/p><\/td><td width=\"151\"><p>25\/06\/2018<\/p><\/td><\/tr><tr><td width=\"123\"><p><strong>HADJEB Abdessalam<\/strong><\/p><\/td><td width=\"265\"><p>Investigation num\u00e9rique de la structure de l&rsquo;\u00e9coulement des fluides hautement visqueux dans une cuve m\u00e9caniquement agit\u00e9e<\/p><\/td><td width=\"180\"><p>Prof BOUZIT Mohamed<\/p><\/td><td width=\"151\"><p>13\/05\/2018<\/p><\/td><\/tr><tr><td width=\"123\"><p><strong>BOUARBI Lakhdar<\/strong><\/p><\/td><td width=\"265\"><p>Etude num\u00e9rique tridimensionnelle de l&rsquo;influence de la forme des toits de b\u00e2timents sur la qualit\u00e9 de l&rsquo;air dans une rue canyon urbaine<\/p><\/td><td width=\"180\"><p>Prof BOUZIT Mohamed<\/p><\/td><td width=\"151\"><p>08\/02\/2018<\/p><\/td><\/tr><tr><td width=\"123\"><p><strong>BOUDJELLA Abdelkader<\/strong><\/p><\/td><td width=\"265\"><p>Etude de la dispersion des polluants gazeux sur l&rsquo;ouest de la m\u00e9diterran\u00e9e<\/p><\/td><td width=\"180\"><p>Prof YOUCEFI Abdelkader \/ Prof\u00a0 BOUZIT Mohamed<\/p><\/td><td width=\"151\"><p>29\/06\/2017<\/p><\/td><\/tr><tr><td width=\"123\"><p><strong>KAMLA Youcef<\/strong><\/p><\/td><td width=\"265\"><p>Simulation de l&rsquo;\u00e9coulement des fluides non newtoniens dans une cuve agit\u00e9e : influence des chicanes sur la formation des vortex<\/p><\/td><td width=\"180\"><p>Prof BOUZIT Mohamed<\/p><\/td><td width=\"151\"><p>08\/06\/2017<\/p><\/td><\/tr><tr><td width=\"123\"><p><strong>LAIDOUDI Houssem<\/strong><\/p><\/td><td width=\"265\"><p>Etude des \u00e9coulements non-newtoniens autour des obstacles confin\u00e9s<\/p><\/td><td width=\"180\"><p>Prof BOUZIT Mohamed<\/p><\/td><td width=\"151\"><p>08\/06\/2017<\/p><\/td><\/tr><tr><td width=\"123\"><p><strong>DJERMOUNI Mohamed<\/strong><\/p><p>\u00a0<\/p><\/td><td width=\"265\"><p>Evaluation thermodynamique de l&rsquo;utilisation du gaz naturel dans les moteurs Diesel marins<\/p><\/td><td width=\"180\"><p>Prof. OUADHA Ahmed<\/p><\/td><td width=\"151\"><p>15\/03\/2015<\/p><\/td><\/tr><tr><td width=\"123\"><p><strong>MORSLI Souad<\/strong><\/p><\/td><td width=\"265\"><p>Simulation num\u00e9rique de la convection naturelle et de la g\u00e9n\u00e9ration d&rsquo;entropie dans les Cavit\u00e9s<\/p><\/td><td width=\"180\"><p>Prof SABEUR Amina<\/p><\/td><td width=\"151\"><p>15\/03\/2015<\/p><\/td><\/tr><tr><td width=\"123\"><p><strong>ABED Bouabdellah<\/strong><\/p><\/td><td width=\"265\"><p>Transport et dispersion des polluants dans une rue canyon<\/p><\/td><td width=\"180\"><p>Prof. BOUZIT Mohamed<\/p><\/td><td width=\"151\"><p>13\/03\/2010<\/p><\/td><\/tr><\/tbody><\/table>\t\t\t\t\t\t\t\t<\/div>\n\t\t\t\t<\/div>\n\t\t\t\t\t<\/div>\n\t\t<\/div>\n\t\t\t\t\t<\/div>\n\t\t<\/section>\n\t\t\t\t<\/div>\n\t\t","protected":false},"excerpt":{"rendered":"<p>Liste des th\u00e8ses de doctorats Soutenues et encadr\u00e9es par les membres du laboratoire \u00abLSIM\u00bb Nom et Pr\u00e9nom Intitul\u00e9 Encadrant\/Co-Encadrant Date de soutenance FENOUCHE Ramzi \u00a0 Simulation num\u00e9rique de l&rsquo;\u00e9coulement diphasique <a href=\"https:\/\/www.univ-usto.dz\/labo\/lsim\/theses-de-doctorat-soutenues\/\" class=\"read-more\">Lire la suite &#8230;<\/a><\/p>\n","protected":false},"author":31,"featured_media":0,"parent":0,"menu_order":0,"comment_status":"closed","ping_status":"closed","template":"","meta":{"footnotes":""},"class_list":["post-12706","page","type-page","status-publish","hentry"],"_links":{"self":[{"href":"https:\/\/www.univ-usto.dz\/labo\/lsim\/wp-json\/wp\/v2\/pages\/12706","targetHints":{"allow":["GET"]}}],"collection":[{"href":"https:\/\/www.univ-usto.dz\/labo\/lsim\/wp-json\/wp\/v2\/pages"}],"about":[{"href":"https:\/\/www.univ-usto.dz\/labo\/lsim\/wp-json\/wp\/v2\/types\/page"}],"author":[{"embeddable":true,"href":"https:\/\/www.univ-usto.dz\/labo\/lsim\/wp-json\/wp\/v2\/users\/31"}],"replies":[{"embeddable":true,"href":"https:\/\/www.univ-usto.dz\/labo\/lsim\/wp-json\/wp\/v2\/comments?post=12706"}],"version-history":[{"count":9,"href":"https:\/\/www.univ-usto.dz\/labo\/lsim\/wp-json\/wp\/v2\/pages\/12706\/revisions"}],"predecessor-version":[{"id":13100,"href":"https:\/\/www.univ-usto.dz\/labo\/lsim\/wp-json\/wp\/v2\/pages\/12706\/revisions\/13100"}],"wp:attachment":[{"href":"https:\/\/www.univ-usto.dz\/labo\/lsim\/wp-json\/wp\/v2\/media?parent=12706"}],"curies":[{"name":"wp","href":"https:\/\/api.w.org\/{rel}","templated":true}]}}