{"id":12824,"date":"2025-10-12T12:09:05","date_gmt":"2025-10-12T12:09:05","guid":{"rendered":"https:\/\/www.univ-usto.dz\/labo\/lsim\/?page_id=12824"},"modified":"2026-02-19T19:52:16","modified_gmt":"2026-02-19T19:52:16","slug":"icedtms-2025","status":"publish","type":"page","link":"https:\/\/www.univ-usto.dz\/labo\/lsim\/icedtms-2025\/","title":{"rendered":""},"content":{"rendered":"\t\t<div data-elementor-type=\"wp-page\" data-elementor-id=\"12824\" class=\"elementor elementor-12824\">\n\t\t\t\t\t\t<section class=\"elementor-section elementor-top-section elementor-element elementor-element-d20d189 elementor-section-boxed elementor-section-height-default elementor-section-height-default\" data-id=\"d20d189\" data-element_type=\"section\">\n\t\t\t\t\t\t<div class=\"elementor-container elementor-column-gap-default\">\n\t\t\t\t\t<div class=\"elementor-column elementor-col-100 elementor-top-column elementor-element elementor-element-b6fd0c4\" data-id=\"b6fd0c4\" data-element_type=\"column\">\n\t\t\t<div class=\"elementor-widget-wrap elementor-element-populated\">\n\t\t\t\t\t\t<div class=\"elementor-element elementor-element-8bb52bb elementor-widget elementor-widget-heading\" data-id=\"8bb52bb\" data-element_type=\"widget\" data-widget_type=\"heading.default\">\n\t\t\t\t<div class=\"elementor-widget-container\">\n\t\t\t\t\t<h2 class=\"elementor-heading-title elementor-size-default\">ERA 2026, le Salon International des \u00c9nergies Renouvelables, des \u00c9nergies du Futur et du D\u00e9veloppement Durable\n<\/h2>\t\t\t\t<\/div>\n\t\t\t\t<\/div>\n\t\t\t\t\t<\/div>\n\t\t<\/div>\n\t\t\t\t\t<\/div>\n\t\t<\/section>\n\t\t\t\t<section class=\"elementor-section elementor-top-section elementor-element elementor-element-0364915 elementor-section-boxed elementor-section-height-default elementor-section-height-default\" data-id=\"0364915\" data-element_type=\"section\">\n\t\t\t\t\t\t<div class=\"elementor-container elementor-column-gap-default\">\n\t\t\t\t\t<div class=\"elementor-column elementor-col-100 elementor-top-column elementor-element elementor-element-b2a6137\" data-id=\"b2a6137\" data-element_type=\"column\">\n\t\t\t<div class=\"elementor-widget-wrap elementor-element-populated\">\n\t\t\t\t\t\t<div class=\"elementor-element elementor-element-000e217 elementor-widget elementor-widget-text-editor\" data-id=\"000e217\" data-element_type=\"widget\" data-widget_type=\"text-editor.default\">\n\t\t\t\t<div class=\"elementor-widget-container\">\n\t\t\t\t\t\t\t\t\t<p>Le Laboratoire des Sciences et Ing\u00e9nierie Maritimes (LSIM \u2013 USTO-MB) a eu l\u2019honneur d\u2019\u00eatre invit\u00e9 \u00e0 participer \u00e0 l\u2019ERA 2026, le Salon International des \u00c9nergies Renouvelables, des \u00c9nergies du Futur et du D\u00e9veloppement Durable, un \u00e9v\u00e9nement majeur d\u00e9di\u00e9 \u00e0 la transition \u00e9nerg\u00e9tique et \u00e0 la d\u00e9carbonation.<\/p><p>Cette invitation a permis au LSIM de pr\u00e9senter ses travaux de recherche et a constitu\u00e9 une opportunit\u00e9 strat\u00e9gique de diss\u00e9mination des deux projets europ\u00e9en <strong>SHARE4MED<\/strong> et <strong>GREENMEDPORTS<\/strong>, financ\u00e9 par <a href=\"https:\/\/www.linkedin.com\/company\/interregnextmedprogramme\/\">Interreg NEXT MED Programme<\/a>.<\/p><p><strong>SHARE4MED<\/strong> repose sur une conviction forte : la transition \u00e9nerg\u00e9tique ne peut r\u00e9ussir que par le partage des connaissances, la coop\u00e9ration entre territoires et l\u2019implication des acteurs locaux.<br \/>Le projet vise ainsi \u00e0 renforcer la coop\u00e9ration euro-m\u00e9diterran\u00e9enne, \u00e0 encourager l\u2019\u00e9change de bonnes pratiques et \u00e0 soutenir une gouvernance territoriale plus durable et inclusive.<\/p><p>Le projet <strong>GREENMEDPORTS<\/strong> vise \u00e0 accompagner les ports m\u00e9diterran\u00e9ens dans leur transition climatique et \u00e9nerg\u00e9tique \u00e0 travers la mesure et le suivi de l\u2019empreinte carbone et l\u2019\u00e9laboration de strat\u00e9gies portuaires durables ainsi le renforcement des capacit\u00e9s et la sensibilisation des acteurs locaux.<\/p><p>Dans ce cadre, le Green Energy DZ Team, groupe de jeunes et d\u2019\u00e9tudiants encadr\u00e9s par le LSIM, a jou\u00e9 un r\u00f4le cl\u00e9 en pr\u00e9sentant ses travaux et initiatives, illustrant concr\u00e8tement l\u2019implication de la jeunesse dans la transition \u00e9nerg\u00e9tique.<\/p><p>ERA 2026 a ainsi offert un cadre concret de valorisation de la recherche et d\u2019expression pour les jeunes, au croisement de la science, des projets europ\u00e9ens et des enjeux territoriaux.<\/p>\t\t\t\t\t\t\t\t<\/div>\n\t\t\t\t<\/div>\n\t\t\t\t<div class=\"elementor-element elementor-element-e9ed432 elementor-widget elementor-widget-image\" data-id=\"e9ed432\" data-element_type=\"widget\" data-widget_type=\"image.default\">\n\t\t\t\t<div class=\"elementor-widget-container\">\n\t\t\t\t\t\t\t\t\t\t\t\t\t\t\t<img fetchpriority=\"high\" decoding=\"async\" width=\"847\" height=\"847\" src=\"https:\/\/www.univ-usto.dz\/labo\/lsim\/wp-content\/uploads\/2026\/02\/ERA1-1024x1024.jpg\" class=\"attachment-large size-large wp-image-13372\" alt=\"\" srcset=\"https:\/\/www.univ-usto.dz\/labo\/lsim\/wp-content\/uploads\/2026\/02\/ERA1-1024x1024.jpg 1024w, https:\/\/www.univ-usto.dz\/labo\/lsim\/wp-content\/uploads\/2026\/02\/ERA1-300x300.jpg 300w, https:\/\/www.univ-usto.dz\/labo\/lsim\/wp-content\/uploads\/2026\/02\/ERA1-150x150.jpg 150w, https:\/\/www.univ-usto.dz\/labo\/lsim\/wp-content\/uploads\/2026\/02\/ERA1-768x768.jpg 768w, https:\/\/www.univ-usto.dz\/labo\/lsim\/wp-content\/uploads\/2026\/02\/ERA1-1536x1536.jpg 1536w, https:\/\/www.univ-usto.dz\/labo\/lsim\/wp-content\/uploads\/2026\/02\/ERA1-270x270.jpg 270w, https:\/\/www.univ-usto.dz\/labo\/lsim\/wp-content\/uploads\/2026\/02\/ERA1-24x24.jpg 24w, https:\/\/www.univ-usto.dz\/labo\/lsim\/wp-content\/uploads\/2026\/02\/ERA1-36x36.jpg 36w, https:\/\/www.univ-usto.dz\/labo\/lsim\/wp-content\/uploads\/2026\/02\/ERA1-48x48.jpg 48w, https:\/\/www.univ-usto.dz\/labo\/lsim\/wp-content\/uploads\/2026\/02\/ERA1.jpg 2048w\" sizes=\"(max-width: 847px) 100vw, 847px\" \/>\t\t\t\t\t\t\t\t\t\t\t\t\t\t\t<\/div>\n\t\t\t\t<\/div>\n\t\t\t\t\t<\/div>\n\t\t<\/div>\n\t\t\t\t\t<\/div>\n\t\t<\/section>\n\t\t\t\t<section class=\"elementor-section elementor-top-section elementor-element elementor-element-b92f138 elementor-section-boxed elementor-section-height-default elementor-section-height-default\" data-id=\"b92f138\" data-element_type=\"section\">\n\t\t\t\t\t\t<div class=\"elementor-container elementor-column-gap-default\">\n\t\t\t\t\t<div class=\"elementor-column elementor-col-100 elementor-top-column elementor-element elementor-element-842f4e5\" data-id=\"842f4e5\" data-element_type=\"column\">\n\t\t\t<div class=\"elementor-widget-wrap elementor-element-populated\">\n\t\t\t\t\t\t<div class=\"elementor-element elementor-element-1f3527a elementor-widget__width-initial elementor-widget elementor-widget-image\" data-id=\"1f3527a\" data-element_type=\"widget\" data-widget_type=\"image.default\">\n\t\t\t\t<div class=\"elementor-widget-container\">\n\t\t\t\t\t\t\t\t\t\t\t\t\t\t\t<img decoding=\"async\" width=\"150\" height=\"150\" src=\"https:\/\/www.univ-usto.dz\/labo\/lsim\/wp-content\/uploads\/2026\/02\/ERA11-150x150.jpg\" class=\"attachment-thumbnail size-thumbnail wp-image-13382\" alt=\"\" \/>\t\t\t\t\t\t\t\t\t\t\t\t\t\t\t<\/div>\n\t\t\t\t<\/div>\n\t\t\t\t<div class=\"elementor-element elementor-element-9a646b7 elementor-widget__width-initial elementor-widget elementor-widget-image\" data-id=\"9a646b7\" data-element_type=\"widget\" data-widget_type=\"image.default\">\n\t\t\t\t<div class=\"elementor-widget-container\">\n\t\t\t\t\t\t\t\t\t\t\t\t\t\t\t<img decoding=\"async\" width=\"150\" height=\"150\" src=\"https:\/\/www.univ-usto.dz\/labo\/lsim\/wp-content\/uploads\/2026\/02\/ERA7-150x150.jpg\" class=\"attachment-thumbnail size-thumbnail wp-image-13378\" alt=\"\" \/>\t\t\t\t\t\t\t\t\t\t\t\t\t\t\t<\/div>\n\t\t\t\t<\/div>\n\t\t\t\t<div class=\"elementor-element elementor-element-b7982fc elementor-widget__width-initial elementor-widget elementor-widget-image\" data-id=\"b7982fc\" data-element_type=\"widget\" data-widget_type=\"image.default\">\n\t\t\t\t<div class=\"elementor-widget-container\">\n\t\t\t\t\t\t\t\t\t\t\t\t\t\t\t<img loading=\"lazy\" decoding=\"async\" width=\"150\" height=\"150\" src=\"https:\/\/www.univ-usto.dz\/labo\/lsim\/wp-content\/uploads\/2026\/02\/ERA9-150x150.jpg\" class=\"attachment-thumbnail size-thumbnail wp-image-13380\" alt=\"\" \/>\t\t\t\t\t\t\t\t\t\t\t\t\t\t\t<\/div>\n\t\t\t\t<\/div>\n\t\t\t\t<div class=\"elementor-element elementor-element-d8b28ba elementor-widget__width-initial elementor-widget elementor-widget-image\" data-id=\"d8b28ba\" data-element_type=\"widget\" data-widget_type=\"image.default\">\n\t\t\t\t<div class=\"elementor-widget-container\">\n\t\t\t\t\t\t\t\t\t\t\t\t\t\t\t<img loading=\"lazy\" decoding=\"async\" width=\"150\" height=\"150\" src=\"https:\/\/www.univ-usto.dz\/labo\/lsim\/wp-content\/uploads\/2026\/02\/ERA10-150x150.jpg\" class=\"attachment-thumbnail size-thumbnail wp-image-13381\" alt=\"\" \/>\t\t\t\t\t\t\t\t\t\t\t\t\t\t\t<\/div>\n\t\t\t\t<\/div>\n\t\t\t\t\t<\/div>\n\t\t<\/div>\n\t\t\t\t\t<\/div>\n\t\t<\/section>\n\t\t\t\t<section class=\"elementor-section elementor-top-section elementor-element elementor-element-6fc96f0 elementor-section-boxed elementor-section-height-default elementor-section-height-default\" data-id=\"6fc96f0\" data-element_type=\"section\">\n\t\t\t\t\t\t<div class=\"elementor-container elementor-column-gap-default\">\n\t\t\t\t\t<div class=\"elementor-column elementor-col-100 elementor-top-column elementor-element elementor-element-3d6ce8e\" data-id=\"3d6ce8e\" data-element_type=\"column\">\n\t\t\t<div class=\"elementor-widget-wrap elementor-element-populated\">\n\t\t\t\t\t\t<div class=\"elementor-element elementor-element-68507d3 elementor-widget__width-initial elementor-widget elementor-widget-image\" data-id=\"68507d3\" data-element_type=\"widget\" data-widget_type=\"image.default\">\n\t\t\t\t<div class=\"elementor-widget-container\">\n\t\t\t\t\t\t\t\t\t\t\t\t\t\t\t<img loading=\"lazy\" decoding=\"async\" width=\"150\" height=\"150\" src=\"https:\/\/www.univ-usto.dz\/labo\/lsim\/wp-content\/uploads\/2026\/02\/ERA4-150x150.jpg\" class=\"attachment-thumbnail size-thumbnail wp-image-13375\" alt=\"\" \/>\t\t\t\t\t\t\t\t\t\t\t\t\t\t\t<\/div>\n\t\t\t\t<\/div>\n\t\t\t\t<div class=\"elementor-element elementor-element-7cc87cc elementor-widget__width-initial elementor-widget elementor-widget-image\" data-id=\"7cc87cc\" data-element_type=\"widget\" data-widget_type=\"image.default\">\n\t\t\t\t<div class=\"elementor-widget-container\">\n\t\t\t\t\t\t\t\t\t\t\t\t\t\t\t<img loading=\"lazy\" decoding=\"async\" width=\"150\" height=\"150\" src=\"https:\/\/www.univ-usto.dz\/labo\/lsim\/wp-content\/uploads\/2026\/02\/ERA2-150x150.jpg\" class=\"attachment-thumbnail size-thumbnail wp-image-13373\" alt=\"\" \/>\t\t\t\t\t\t\t\t\t\t\t\t\t\t\t<\/div>\n\t\t\t\t<\/div>\n\t\t\t\t<div class=\"elementor-element elementor-element-08b459f elementor-widget__width-initial elementor-widget elementor-widget-image\" data-id=\"08b459f\" data-element_type=\"widget\" data-widget_type=\"image.default\">\n\t\t\t\t<div class=\"elementor-widget-container\">\n\t\t\t\t\t\t\t\t\t\t\t\t\t\t\t<img loading=\"lazy\" decoding=\"async\" width=\"150\" height=\"150\" src=\"https:\/\/www.univ-usto.dz\/labo\/lsim\/wp-content\/uploads\/2026\/02\/ERA8-150x150.jpg\" class=\"attachment-thumbnail size-thumbnail wp-image-13379\" alt=\"\" \/>\t\t\t\t\t\t\t\t\t\t\t\t\t\t\t<\/div>\n\t\t\t\t<\/div>\n\t\t\t\t<div class=\"elementor-element elementor-element-72ad66b elementor-widget__width-initial elementor-widget elementor-widget-image\" data-id=\"72ad66b\" data-element_type=\"widget\" data-widget_type=\"image.default\">\n\t\t\t\t<div class=\"elementor-widget-container\">\n\t\t\t\t\t\t\t\t\t\t\t\t\t\t\t<img loading=\"lazy\" decoding=\"async\" width=\"150\" height=\"150\" src=\"https:\/\/www.univ-usto.dz\/labo\/lsim\/wp-content\/uploads\/2026\/02\/ERA3-150x150.jpg\" class=\"attachment-thumbnail size-thumbnail wp-image-13374\" alt=\"\" \/>\t\t\t\t\t\t\t\t\t\t\t\t\t\t\t<\/div>\n\t\t\t\t<\/div>\n\t\t\t\t\t<\/div>\n\t\t<\/div>\n\t\t\t\t\t<\/div>\n\t\t<\/section>\n\t\t\t\t<section class=\"elementor-section elementor-top-section elementor-element elementor-element-6ddc92d elementor-section-boxed elementor-section-height-default elementor-section-height-default\" data-id=\"6ddc92d\" data-element_type=\"section\">\n\t\t\t\t\t\t<div class=\"elementor-container elementor-column-gap-default\">\n\t\t\t\t\t<div class=\"elementor-column elementor-col-100 elementor-top-column elementor-element elementor-element-e3f42b7\" data-id=\"e3f42b7\" data-element_type=\"column\">\n\t\t\t<div class=\"elementor-widget-wrap elementor-element-populated\">\n\t\t\t\t\t\t<div class=\"elementor-element elementor-element-b5d7353 elementor-widget elementor-widget-image\" data-id=\"b5d7353\" data-element_type=\"widget\" data-widget_type=\"image.default\">\n\t\t\t\t<div class=\"elementor-widget-container\">\n\t\t\t\t\t\t\t\t\t\t\t\t\t\t\t<img loading=\"lazy\" decoding=\"async\" width=\"847\" height=\"638\" src=\"https:\/\/www.univ-usto.dz\/labo\/lsim\/wp-content\/uploads\/2026\/02\/ERA5-1024x771.jpg\" class=\"attachment-large size-large wp-image-13376\" alt=\"\" srcset=\"https:\/\/www.univ-usto.dz\/labo\/lsim\/wp-content\/uploads\/2026\/02\/ERA5-1024x771.jpg 1024w, https:\/\/www.univ-usto.dz\/labo\/lsim\/wp-content\/uploads\/2026\/02\/ERA5-300x226.jpg 300w, https:\/\/www.univ-usto.dz\/labo\/lsim\/wp-content\/uploads\/2026\/02\/ERA5-768x578.jpg 768w, https:\/\/www.univ-usto.dz\/labo\/lsim\/wp-content\/uploads\/2026\/02\/ERA5-1536x1157.jpg 1536w, https:\/\/www.univ-usto.dz\/labo\/lsim\/wp-content\/uploads\/2026\/02\/ERA5-360x270.jpg 360w, https:\/\/www.univ-usto.dz\/labo\/lsim\/wp-content\/uploads\/2026\/02\/ERA5-24x18.jpg 24w, https:\/\/www.univ-usto.dz\/labo\/lsim\/wp-content\/uploads\/2026\/02\/ERA5-36x27.jpg 36w, https:\/\/www.univ-usto.dz\/labo\/lsim\/wp-content\/uploads\/2026\/02\/ERA5-48x36.jpg 48w, https:\/\/www.univ-usto.dz\/labo\/lsim\/wp-content\/uploads\/2026\/02\/ERA5.jpg 2040w\" sizes=\"(max-width: 847px) 100vw, 847px\" \/>\t\t\t\t\t\t\t\t\t\t\t\t\t\t\t<\/div>\n\t\t\t\t<\/div>\n\t\t\t\t\t<\/div>\n\t\t<\/div>\n\t\t\t\t\t<\/div>\n\t\t<\/section>\n\t\t\t\t<section class=\"elementor-section elementor-top-section elementor-element elementor-element-408b114 elementor-section-boxed elementor-section-height-default elementor-section-height-default\" data-id=\"408b114\" data-element_type=\"section\">\n\t\t\t\t\t\t<div class=\"elementor-container elementor-column-gap-default\">\n\t\t\t\t\t<div class=\"elementor-column elementor-col-100 elementor-top-column elementor-element elementor-element-b7e2176\" data-id=\"b7e2176\" data-element_type=\"column\">\n\t\t\t<div class=\"elementor-widget-wrap\">\n\t\t\t\t\t\t\t<\/div>\n\t\t<\/div>\n\t\t\t\t\t<\/div>\n\t\t<\/section>\n\t\t\t\t<\/div>\n\t\t","protected":false},"excerpt":{"rendered":"<p>ERA 2026, le Salon International des \u00c9nergies Renouvelables, des \u00c9nergies du Futur et du D\u00e9veloppement Durable Le Laboratoire des Sciences et Ing\u00e9nierie Maritimes (LSIM \u2013 USTO-MB) a eu l\u2019honneur d\u2019\u00eatre <a href=\"https:\/\/www.univ-usto.dz\/labo\/lsim\/icedtms-2025\/\" class=\"read-more\">Lire la suite &#8230;<\/a><\/p>\n","protected":false},"author":31,"featured_media":0,"parent":0,"menu_order":0,"comment_status":"closed","ping_status":"closed","template":"","meta":{"footnotes":""},"class_list":["post-12824","page","type-page","status-publish","hentry"],"_links":{"self":[{"href":"https:\/\/www.univ-usto.dz\/labo\/lsim\/wp-json\/wp\/v2\/pages\/12824","targetHints":{"allow":["GET"]}}],"collection":[{"href":"https:\/\/www.univ-usto.dz\/labo\/lsim\/wp-json\/wp\/v2\/pages"}],"about":[{"href":"https:\/\/www.univ-usto.dz\/labo\/lsim\/wp-json\/wp\/v2\/types\/page"}],"author":[{"embeddable":true,"href":"https:\/\/www.univ-usto.dz\/labo\/lsim\/wp-json\/wp\/v2\/users\/31"}],"replies":[{"embeddable":true,"href":"https:\/\/www.univ-usto.dz\/labo\/lsim\/wp-json\/wp\/v2\/comments?post=12824"}],"version-history":[{"count":62,"href":"https:\/\/www.univ-usto.dz\/labo\/lsim\/wp-json\/wp\/v2\/pages\/12824\/revisions"}],"predecessor-version":[{"id":13419,"href":"https:\/\/www.univ-usto.dz\/labo\/lsim\/wp-json\/wp\/v2\/pages\/12824\/revisions\/13419"}],"wp:attachment":[{"href":"https:\/\/www.univ-usto.dz\/labo\/lsim\/wp-json\/wp\/v2\/media?parent=12824"}],"curies":[{"name":"wp","href":"https:\/\/api.w.org\/{rel}","templated":true}]}}