{"id":13435,"date":"2026-02-19T20:28:05","date_gmt":"2026-02-19T20:28:05","guid":{"rendered":"https:\/\/www.univ-usto.dz\/labo\/lsim\/?page_id=13435"},"modified":"2026-02-19T21:04:07","modified_gmt":"2026-02-19T21:04:07","slug":"seminar-day-2026","status":"publish","type":"page","link":"https:\/\/www.univ-usto.dz\/labo\/lsim\/seminar-day-2026\/","title":{"rendered":"SEMINAR DAY 2026"},"content":{"rendered":"\t\t<div data-elementor-type=\"wp-page\" data-elementor-id=\"13435\" class=\"elementor elementor-13435\">\n\t\t\t\t\t\t<section class=\"elementor-section elementor-top-section elementor-element elementor-element-90a7227 elementor-section-boxed elementor-section-height-default elementor-section-height-default\" data-id=\"90a7227\" data-element_type=\"section\">\n\t\t\t\t\t\t<div class=\"elementor-container elementor-column-gap-default\">\n\t\t\t\t\t<div class=\"elementor-column elementor-col-100 elementor-top-column elementor-element elementor-element-690fc14\" data-id=\"690fc14\" data-element_type=\"column\">\n\t\t\t<div class=\"elementor-widget-wrap elementor-element-populated\">\n\t\t\t\t\t\t<div class=\"elementor-element elementor-element-6b00c22 elementor-widget elementor-widget-heading\" data-id=\"6b00c22\" data-element_type=\"widget\" data-widget_type=\"heading.default\">\n\t\t\t\t<div class=\"elementor-widget-container\">\n\t\t\t\t\t<h2 class=\"elementor-heading-title elementor-size-default\">Diss\u00e9mination scientifique de haut Niveau | S\u00e9minaire national sur la d\u00e9carbonisation du transport maritime et des ports en Alg\u00e9rie\n<\/h2>\t\t\t\t<\/div>\n\t\t\t\t<\/div>\n\t\t\t\t\t<\/div>\n\t\t<\/div>\n\t\t\t\t\t<\/div>\n\t\t<\/section>\n\t\t\t\t<section class=\"elementor-section elementor-top-section elementor-element elementor-element-81c54e5 elementor-section-boxed elementor-section-height-default elementor-section-height-default\" data-id=\"81c54e5\" data-element_type=\"section\">\n\t\t\t\t\t\t<div class=\"elementor-container elementor-column-gap-default\">\n\t\t\t\t\t<div class=\"elementor-column elementor-col-100 elementor-top-column elementor-element elementor-element-957f96a\" data-id=\"957f96a\" data-element_type=\"column\">\n\t\t\t<div class=\"elementor-widget-wrap elementor-element-populated\">\n\t\t\t\t\t\t<div class=\"elementor-element elementor-element-826c768 elementor-widget elementor-widget-text-editor\" data-id=\"826c768\" data-element_type=\"widget\" data-widget_type=\"text-editor.default\">\n\t\t\t\t<div class=\"elementor-widget-container\">\n\t\t\t\t\t\t\t\t\t<div>Dans le cadre du S\u00e9minaire national sur la d\u00e9carbonisation du transport maritime et des ports en Alg\u00e9rie, organis\u00e9 sous l\u2019\u00e9gide du Minist\u00e8re de l\u2019Int\u00e9rieur, des Collectivit\u00e9s Locales et des Transports, <strong><span style=\"text-decoration: underline;\"><em>BELADJINE boumediene<\/em><\/span>, Professeur \u00e0 l\u2019Universit\u00e9 des Sciences et Technologies Mohamed Boudiaf d\u2019Oran<\/strong>, a intervenu en tant qu\u2019expert scientifique sur les probl\u00e9matiques de d\u00e9carbonisation du transport maritime et des syst\u00e8mes portuaires.<\/div><div>\u00a0<\/div><div>Membre du Laboratoire des Sciences et Ing\u00e9nierie Maritimes (<strong>LSIM<\/strong>) et coordinateur de projets europ\u00e9ens, <strong>Prof. BELADJINE boumediene<\/strong> a pr\u00e9sent\u00e9 une communication scientifique structur\u00e9e, fond\u00e9e sur des approches techniques et m\u00e9thodologiques, en lien direct avec les travaux de recherche et de diss\u00e9mination men\u00e9s dans le cadre du <strong>GREENMEDPORTS<\/strong> Project, financ\u00e9 par l <strong>Interreg NEXT MED Programme<\/strong>.<\/div><div>\u00a0<\/div><div>Cette intervention confirme le r\u00f4le central de <strong>Prof. BELADJINE boumediene<\/strong> dans la valorisation scientifique des travaux du <strong>LSIM<\/strong> et dans la repr\u00e9sentation acad\u00e9mique nationale du projet <strong>GREENMEDPORTS<\/strong>.<\/div>\t\t\t\t\t\t\t\t<\/div>\n\t\t\t\t<\/div>\n\t\t\t\t\t<\/div>\n\t\t<\/div>\n\t\t\t\t\t<\/div>\n\t\t<\/section>\n\t\t\t\t<section class=\"elementor-section elementor-top-section elementor-element elementor-element-90d2884 elementor-section-boxed elementor-section-height-default elementor-section-height-default\" data-id=\"90d2884\" data-element_type=\"section\">\n\t\t\t\t\t\t<div class=\"elementor-container elementor-column-gap-default\">\n\t\t\t\t\t<div class=\"elementor-column elementor-col-100 elementor-top-column elementor-element elementor-element-07d9f77\" data-id=\"07d9f77\" data-element_type=\"column\">\n\t\t\t<div class=\"elementor-widget-wrap elementor-element-populated\">\n\t\t\t\t\t\t<div class=\"elementor-element elementor-element-7fba5f2 elementor-widget elementor-widget-image\" data-id=\"7fba5f2\" data-element_type=\"widget\" data-widget_type=\"image.default\">\n\t\t\t\t<div class=\"elementor-widget-container\">\n\t\t\t\t\t\t\t\t\t\t\t\t\t\t\t<img fetchpriority=\"high\" decoding=\"async\" width=\"847\" height=\"635\" src=\"https:\/\/www.univ-usto.dz\/labo\/lsim\/wp-content\/uploads\/2026\/02\/seminar-day-1-1024x768.jpg\" class=\"attachment-large size-large wp-image-13454\" alt=\"\" srcset=\"https:\/\/www.univ-usto.dz\/labo\/lsim\/wp-content\/uploads\/2026\/02\/seminar-day-1-1024x768.jpg 1024w, https:\/\/www.univ-usto.dz\/labo\/lsim\/wp-content\/uploads\/2026\/02\/seminar-day-1-300x225.jpg 300w, https:\/\/www.univ-usto.dz\/labo\/lsim\/wp-content\/uploads\/2026\/02\/seminar-day-1-768x576.jpg 768w, https:\/\/www.univ-usto.dz\/labo\/lsim\/wp-content\/uploads\/2026\/02\/seminar-day-1-360x270.jpg 360w, https:\/\/www.univ-usto.dz\/labo\/lsim\/wp-content\/uploads\/2026\/02\/seminar-day-1-24x18.jpg 24w, https:\/\/www.univ-usto.dz\/labo\/lsim\/wp-content\/uploads\/2026\/02\/seminar-day-1-36x27.jpg 36w, https:\/\/www.univ-usto.dz\/labo\/lsim\/wp-content\/uploads\/2026\/02\/seminar-day-1-48x36.jpg 48w, https:\/\/www.univ-usto.dz\/labo\/lsim\/wp-content\/uploads\/2026\/02\/seminar-day-1.jpg 1280w\" sizes=\"(max-width: 847px) 100vw, 847px\" \/>\t\t\t\t\t\t\t\t\t\t\t\t\t\t\t<\/div>\n\t\t\t\t<\/div>\n\t\t\t\t\t<\/div>\n\t\t<\/div>\n\t\t\t\t\t<\/div>\n\t\t<\/section>\n\t\t\t\t<section class=\"elementor-section elementor-top-section elementor-element elementor-element-d1440ab elementor-section-boxed elementor-section-height-default elementor-section-height-default\" data-id=\"d1440ab\" data-element_type=\"section\">\n\t\t\t\t\t\t<div class=\"elementor-container elementor-column-gap-default\">\n\t\t\t\t\t<div class=\"elementor-column elementor-col-100 elementor-top-column elementor-element elementor-element-eddb725\" data-id=\"eddb725\" data-element_type=\"column\">\n\t\t\t<div class=\"elementor-widget-wrap elementor-element-populated\">\n\t\t\t\t\t\t<div class=\"elementor-element elementor-element-eee196f elementor-widget elementor-widget-image\" data-id=\"eee196f\" data-element_type=\"widget\" data-widget_type=\"image.default\">\n\t\t\t\t<div class=\"elementor-widget-container\">\n\t\t\t\t\t\t\t\t\t\t\t\t\t\t\t<img decoding=\"async\" width=\"847\" height=\"635\" src=\"https:\/\/www.univ-usto.dz\/labo\/lsim\/wp-content\/uploads\/2026\/02\/seminar-day-2-1024x768.jpg\" class=\"attachment-large size-large wp-image-13455\" alt=\"\" srcset=\"https:\/\/www.univ-usto.dz\/labo\/lsim\/wp-content\/uploads\/2026\/02\/seminar-day-2-1024x768.jpg 1024w, https:\/\/www.univ-usto.dz\/labo\/lsim\/wp-content\/uploads\/2026\/02\/seminar-day-2-300x225.jpg 300w, https:\/\/www.univ-usto.dz\/labo\/lsim\/wp-content\/uploads\/2026\/02\/seminar-day-2-768x576.jpg 768w, https:\/\/www.univ-usto.dz\/labo\/lsim\/wp-content\/uploads\/2026\/02\/seminar-day-2-360x270.jpg 360w, https:\/\/www.univ-usto.dz\/labo\/lsim\/wp-content\/uploads\/2026\/02\/seminar-day-2-24x18.jpg 24w, https:\/\/www.univ-usto.dz\/labo\/lsim\/wp-content\/uploads\/2026\/02\/seminar-day-2-36x27.jpg 36w, https:\/\/www.univ-usto.dz\/labo\/lsim\/wp-content\/uploads\/2026\/02\/seminar-day-2-48x36.jpg 48w, https:\/\/www.univ-usto.dz\/labo\/lsim\/wp-content\/uploads\/2026\/02\/seminar-day-2.jpg 1280w\" sizes=\"(max-width: 847px) 100vw, 847px\" \/>\t\t\t\t\t\t\t\t\t\t\t\t\t\t\t<\/div>\n\t\t\t\t<\/div>\n\t\t\t\t\t<\/div>\n\t\t<\/div>\n\t\t\t\t\t<\/div>\n\t\t<\/section>\n\t\t\t\t<section class=\"elementor-section elementor-top-section elementor-element elementor-element-486d3bf elementor-section-boxed elementor-section-height-default elementor-section-height-default\" data-id=\"486d3bf\" data-element_type=\"section\">\n\t\t\t\t\t\t<div class=\"elementor-container elementor-column-gap-default\">\n\t\t\t\t\t<div class=\"elementor-column elementor-col-100 elementor-top-column elementor-element elementor-element-6f6832c\" data-id=\"6f6832c\" data-element_type=\"column\">\n\t\t\t<div class=\"elementor-widget-wrap elementor-element-populated\">\n\t\t\t\t\t\t<div class=\"elementor-element elementor-element-4b2a155 elementor-widget elementor-widget-image\" data-id=\"4b2a155\" data-element_type=\"widget\" data-widget_type=\"image.default\">\n\t\t\t\t<div class=\"elementor-widget-container\">\n\t\t\t\t\t\t\t\t\t\t\t\t\t\t\t<img decoding=\"async\" width=\"768\" height=\"1024\" src=\"https:\/\/www.univ-usto.dz\/labo\/lsim\/wp-content\/uploads\/2026\/02\/seminar-day-3-768x1024.jpg\" class=\"attachment-large size-large wp-image-13457\" alt=\"\" srcset=\"https:\/\/www.univ-usto.dz\/labo\/lsim\/wp-content\/uploads\/2026\/02\/seminar-day-3-768x1024.jpg 768w, https:\/\/www.univ-usto.dz\/labo\/lsim\/wp-content\/uploads\/2026\/02\/seminar-day-3-225x300.jpg 225w, https:\/\/www.univ-usto.dz\/labo\/lsim\/wp-content\/uploads\/2026\/02\/seminar-day-3-203x270.jpg 203w, https:\/\/www.univ-usto.dz\/labo\/lsim\/wp-content\/uploads\/2026\/02\/seminar-day-3-18x24.jpg 18w, https:\/\/www.univ-usto.dz\/labo\/lsim\/wp-content\/uploads\/2026\/02\/seminar-day-3-27x36.jpg 27w, https:\/\/www.univ-usto.dz\/labo\/lsim\/wp-content\/uploads\/2026\/02\/seminar-day-3-36x48.jpg 36w, https:\/\/www.univ-usto.dz\/labo\/lsim\/wp-content\/uploads\/2026\/02\/seminar-day-3.jpg 960w\" sizes=\"(max-width: 768px) 100vw, 768px\" \/>\t\t\t\t\t\t\t\t\t\t\t\t\t\t\t<\/div>\n\t\t\t\t<\/div>\n\t\t\t\t\t<\/div>\n\t\t<\/div>\n\t\t\t\t\t<\/div>\n\t\t<\/section>\n\t\t\t\t<\/div>\n\t\t","protected":false},"excerpt":{"rendered":"<p>Diss\u00e9mination scientifique de haut Niveau | S\u00e9minaire national sur la d\u00e9carbonisation du transport maritime et des ports en Alg\u00e9rie Dans le cadre du S\u00e9minaire national sur la d\u00e9carbonisation du transport <a href=\"https:\/\/www.univ-usto.dz\/labo\/lsim\/seminar-day-2026\/\" class=\"read-more\">Lire la suite &#8230;<\/a><\/p>\n","protected":false},"author":31,"featured_media":0,"parent":0,"menu_order":0,"comment_status":"closed","ping_status":"closed","template":"","meta":{"footnotes":""},"class_list":["post-13435","page","type-page","status-publish","hentry"],"_links":{"self":[{"href":"https:\/\/www.univ-usto.dz\/labo\/lsim\/wp-json\/wp\/v2\/pages\/13435","targetHints":{"allow":["GET"]}}],"collection":[{"href":"https:\/\/www.univ-usto.dz\/labo\/lsim\/wp-json\/wp\/v2\/pages"}],"about":[{"href":"https:\/\/www.univ-usto.dz\/labo\/lsim\/wp-json\/wp\/v2\/types\/page"}],"author":[{"embeddable":true,"href":"https:\/\/www.univ-usto.dz\/labo\/lsim\/wp-json\/wp\/v2\/users\/31"}],"replies":[{"embeddable":true,"href":"https:\/\/www.univ-usto.dz\/labo\/lsim\/wp-json\/wp\/v2\/comments?post=13435"}],"version-history":[{"count":25,"href":"https:\/\/www.univ-usto.dz\/labo\/lsim\/wp-json\/wp\/v2\/pages\/13435\/revisions"}],"predecessor-version":[{"id":13466,"href":"https:\/\/www.univ-usto.dz\/labo\/lsim\/wp-json\/wp\/v2\/pages\/13435\/revisions\/13466"}],"wp:attachment":[{"href":"https:\/\/www.univ-usto.dz\/labo\/lsim\/wp-json\/wp\/v2\/media?parent=13435"}],"curies":[{"name":"wp","href":"https:\/\/api.w.org\/{rel}","templated":true}]}}