{"id":13483,"date":"2026-02-20T14:47:39","date_gmt":"2026-02-20T14:47:39","guid":{"rendered":"https:\/\/www.univ-usto.dz\/labo\/lsim\/?page_id=13483"},"modified":"2026-02-20T16:37:11","modified_gmt":"2026-02-20T16:37:11","slug":"greenmedports-saffiche","status":"publish","type":"page","link":"https:\/\/www.univ-usto.dz\/labo\/lsim\/greenmedports-saffiche\/","title":{"rendered":"GREENMEDPORTS s&rsquo;affiche"},"content":{"rendered":"\t\t<div data-elementor-type=\"wp-page\" data-elementor-id=\"13483\" class=\"elementor elementor-13483\">\n\t\t\t\t\t\t<section class=\"elementor-section elementor-top-section elementor-element elementor-element-f79290a elementor-section-boxed elementor-section-height-default elementor-section-height-default\" data-id=\"f79290a\" data-element_type=\"section\">\n\t\t\t\t\t\t<div class=\"elementor-container elementor-column-gap-default\">\n\t\t\t\t\t<div class=\"elementor-column elementor-col-100 elementor-top-column elementor-element elementor-element-6fc2bf3\" data-id=\"6fc2bf3\" data-element_type=\"column\">\n\t\t\t<div class=\"elementor-widget-wrap elementor-element-populated\">\n\t\t\t\t\t\t<div class=\"elementor-element elementor-element-4f710c7 elementor-widget elementor-widget-heading\" data-id=\"4f710c7\" data-element_type=\"widget\" data-widget_type=\"heading.default\">\n\t\t\t\t<div class=\"elementor-widget-container\">\n\t\t\t\t\t<h2 class=\"elementor-heading-title elementor-size-default\">GREENMEDPORTS pr\u00e9sent\u00e9 au Vice-Rectorat de l\u2019USTO-MB : Vers des ports m\u00e9diterran\u00e9ens durables<\/h2>\t\t\t\t<\/div>\n\t\t\t\t<\/div>\n\t\t\t\t\t<\/div>\n\t\t<\/div>\n\t\t\t\t\t<\/div>\n\t\t<\/section>\n\t\t\t\t<section class=\"elementor-section elementor-top-section elementor-element elementor-element-48f8244 elementor-section-boxed elementor-section-height-default elementor-section-height-default\" data-id=\"48f8244\" data-element_type=\"section\">\n\t\t\t\t\t\t<div class=\"elementor-container elementor-column-gap-default\">\n\t\t\t\t\t<div class=\"elementor-column elementor-col-100 elementor-top-column elementor-element elementor-element-f7efb2f\" data-id=\"f7efb2f\" data-element_type=\"column\">\n\t\t\t<div class=\"elementor-widget-wrap elementor-element-populated\">\n\t\t\t\t\t\t<div class=\"elementor-element elementor-element-febb993 elementor-widget elementor-widget-text-editor\" data-id=\"febb993\" data-element_type=\"widget\" data-widget_type=\"text-editor.default\">\n\t\t\t\t<div class=\"elementor-widget-container\">\n\t\t\t\t\t\t\t\t\t<p>Dans le cadre du renforcement de la coop\u00e9ration scientifique et institutionnelle, le projet\u00a0<strong>GREENMEDPORTS<\/strong>\u00a0a \u00e9t\u00e9 pr\u00e9sent\u00e9 le Lundi\u00a0<strong>16 F\u00e9vrier 2026<\/strong>\u00a0au Vice-Rectorat des Relations ext\u00e9rieures, de la Coop\u00e9ration, de l\u2019Animation, de la Communication et des Manifestations scientifiques de l\u2019Universit\u00e9 des Sciences et de la Technologie d\u2019Oran Mohamed Boudiaf (USTO-MB).<\/p><p>\u00c0 cette occasion, des membres du Laboratoire des Sciences et de l\u2019Ing\u00e9nierie Maritime (LSIM), partenaire du projet, ont rencontr\u00e9s le Vice-Recteur Mr. TLEMSANI Redouane afin de pr\u00e9senter les objectifs et les perspectives du projet\u00a0<strong>GREENMEDPORTS<\/strong>.<\/p><p><strong>GREENMEDPORTS<\/strong>\u00a0est un projet qui entre dans le programme Interreg NEXT MED et est financ\u00e9 par l\u2019Union europ\u00e9enne, et s\u2019inscrit dans la dynamique de transition \u00e9cologique et de durabilit\u00e9 des espaces portuaires m\u00e9diterran\u00e9ens. Il vise \u00e0 promouvoir des mod\u00e8les de gestion portuaire plus respectueux de l\u2019environnement, r\u00e9silients face aux changements climatiques et int\u00e9gr\u00e9s dans leur \u00e9cosyst\u00e8me territorial.<\/p><p>Le projet met particuli\u00e8rement l\u2019accent sur la coop\u00e9ration entre les pays riverains de la M\u00e9diterran\u00e9e afin d\u2019accompagner les ports dans la mise en \u0153uvre de solutions innovantes pour r\u00e9duire leur empreinte environnementale, am\u00e9liorer l\u2019efficacit\u00e9 \u00e9nerg\u00e9tique et renforcer la protection des \u00e9cosyst\u00e8mes marins et c\u00f4tiers.<\/p><p>\u00c0 travers une approche collaborative et multidisciplinaire,\u00a0<strong>GREENMEDPORTS<\/strong>\u00a0ambitionne \u00e9galement de soutenir la transition vers des ports plus durables et intelligents, contribuant ainsi au d\u00e9veloppement d\u2019une \u00e9conomie bleue responsable et \u00e0 la pr\u00e9servation du patrimoine maritime m\u00e9diterran\u00e9en.<\/p>\t\t\t\t\t\t\t\t<\/div>\n\t\t\t\t<\/div>\n\t\t\t\t\t<\/div>\n\t\t<\/div>\n\t\t\t\t\t<\/div>\n\t\t<\/section>\n\t\t\t\t<section class=\"elementor-section elementor-top-section elementor-element elementor-element-ef7e8fb elementor-section-boxed elementor-section-height-default elementor-section-height-default\" data-id=\"ef7e8fb\" data-element_type=\"section\">\n\t\t\t\t\t\t<div class=\"elementor-container elementor-column-gap-default\">\n\t\t\t\t\t<div class=\"elementor-column elementor-col-100 elementor-top-column elementor-element elementor-element-dce3922\" data-id=\"dce3922\" data-element_type=\"column\">\n\t\t\t<div class=\"elementor-widget-wrap elementor-element-populated\">\n\t\t\t\t\t\t<div class=\"elementor-element elementor-element-986d9b0 elementor-widget__width-initial elementor-widget elementor-widget-image\" data-id=\"986d9b0\" data-element_type=\"widget\" data-widget_type=\"image.default\">\n\t\t\t\t<div class=\"elementor-widget-container\">\n\t\t\t\t\t\t\t\t\t\t\t\t\t\t\t<img fetchpriority=\"high\" decoding=\"async\" width=\"225\" height=\"300\" src=\"https:\/\/www.univ-usto.dz\/labo\/lsim\/wp-content\/uploads\/2026\/02\/GMP2-225x300.jpg\" class=\"attachment-medium size-medium wp-image-13329\" alt=\"\" srcset=\"https:\/\/www.univ-usto.dz\/labo\/lsim\/wp-content\/uploads\/2026\/02\/GMP2-225x300.jpg 225w, https:\/\/www.univ-usto.dz\/labo\/lsim\/wp-content\/uploads\/2026\/02\/GMP2-768x1024.jpg 768w, https:\/\/www.univ-usto.dz\/labo\/lsim\/wp-content\/uploads\/2026\/02\/GMP2-203x270.jpg 203w, https:\/\/www.univ-usto.dz\/labo\/lsim\/wp-content\/uploads\/2026\/02\/GMP2-18x24.jpg 18w, https:\/\/www.univ-usto.dz\/labo\/lsim\/wp-content\/uploads\/2026\/02\/GMP2-27x36.jpg 27w, https:\/\/www.univ-usto.dz\/labo\/lsim\/wp-content\/uploads\/2026\/02\/GMP2-36x48.jpg 36w, https:\/\/www.univ-usto.dz\/labo\/lsim\/wp-content\/uploads\/2026\/02\/GMP2.jpg 810w\" sizes=\"(max-width: 225px) 100vw, 225px\" \/>\t\t\t\t\t\t\t\t\t\t\t\t\t\t\t<\/div>\n\t\t\t\t<\/div>\n\t\t\t\t<div class=\"elementor-element elementor-element-d8e48df elementor-widget__width-initial elementor-widget elementor-widget-image\" data-id=\"d8e48df\" data-element_type=\"widget\" data-widget_type=\"image.default\">\n\t\t\t\t<div class=\"elementor-widget-container\">\n\t\t\t\t\t\t\t\t\t\t\t\t\t\t\t<img decoding=\"async\" width=\"225\" height=\"300\" src=\"https:\/\/www.univ-usto.dz\/labo\/lsim\/wp-content\/uploads\/2026\/02\/GMP3-225x300.jpg\" class=\"attachment-medium size-medium wp-image-13330\" alt=\"\" srcset=\"https:\/\/www.univ-usto.dz\/labo\/lsim\/wp-content\/uploads\/2026\/02\/GMP3-225x300.jpg 225w, https:\/\/www.univ-usto.dz\/labo\/lsim\/wp-content\/uploads\/2026\/02\/GMP3-768x1024.jpg 768w, https:\/\/www.univ-usto.dz\/labo\/lsim\/wp-content\/uploads\/2026\/02\/GMP3-203x270.jpg 203w, https:\/\/www.univ-usto.dz\/labo\/lsim\/wp-content\/uploads\/2026\/02\/GMP3-18x24.jpg 18w, https:\/\/www.univ-usto.dz\/labo\/lsim\/wp-content\/uploads\/2026\/02\/GMP3-27x36.jpg 27w, https:\/\/www.univ-usto.dz\/labo\/lsim\/wp-content\/uploads\/2026\/02\/GMP3-36x48.jpg 36w, https:\/\/www.univ-usto.dz\/labo\/lsim\/wp-content\/uploads\/2026\/02\/GMP3.jpg 810w\" sizes=\"(max-width: 225px) 100vw, 225px\" \/>\t\t\t\t\t\t\t\t\t\t\t\t\t\t\t<\/div>\n\t\t\t\t<\/div>\n\t\t\t\t<div class=\"elementor-element elementor-element-258d5ce elementor-widget__width-initial elementor-widget elementor-widget-image\" data-id=\"258d5ce\" data-element_type=\"widget\" data-widget_type=\"image.default\">\n\t\t\t\t<div class=\"elementor-widget-container\">\n\t\t\t\t\t\t\t\t\t\t\t\t\t\t\t<img decoding=\"async\" width=\"225\" height=\"300\" src=\"https:\/\/www.univ-usto.dz\/labo\/lsim\/wp-content\/uploads\/2026\/02\/GMP4-225x300.jpg\" class=\"attachment-medium size-medium wp-image-13331\" alt=\"\" srcset=\"https:\/\/www.univ-usto.dz\/labo\/lsim\/wp-content\/uploads\/2026\/02\/GMP4-225x300.jpg 225w, https:\/\/www.univ-usto.dz\/labo\/lsim\/wp-content\/uploads\/2026\/02\/GMP4-768x1024.jpg 768w, https:\/\/www.univ-usto.dz\/labo\/lsim\/wp-content\/uploads\/2026\/02\/GMP4-203x270.jpg 203w, https:\/\/www.univ-usto.dz\/labo\/lsim\/wp-content\/uploads\/2026\/02\/GMP4-18x24.jpg 18w, https:\/\/www.univ-usto.dz\/labo\/lsim\/wp-content\/uploads\/2026\/02\/GMP4-27x36.jpg 27w, https:\/\/www.univ-usto.dz\/labo\/lsim\/wp-content\/uploads\/2026\/02\/GMP4-36x48.jpg 36w, https:\/\/www.univ-usto.dz\/labo\/lsim\/wp-content\/uploads\/2026\/02\/GMP4.jpg 810w\" sizes=\"(max-width: 225px) 100vw, 225px\" \/>\t\t\t\t\t\t\t\t\t\t\t\t\t\t\t<\/div>\n\t\t\t\t<\/div>\n\t\t\t\t\t<\/div>\n\t\t<\/div>\n\t\t\t\t\t<\/div>\n\t\t<\/section>\n\t\t\t\t<section class=\"elementor-section elementor-top-section elementor-element elementor-element-2574c45 elementor-section-boxed elementor-section-height-default elementor-section-height-default\" data-id=\"2574c45\" data-element_type=\"section\">\n\t\t\t\t\t\t<div class=\"elementor-container elementor-column-gap-default\">\n\t\t\t\t\t<div class=\"elementor-column elementor-col-100 elementor-top-column elementor-element elementor-element-a6120de\" data-id=\"a6120de\" data-element_type=\"column\">\n\t\t\t<div class=\"elementor-widget-wrap\">\n\t\t\t\t\t\t\t<\/div>\n\t\t<\/div>\n\t\t\t\t\t<\/div>\n\t\t<\/section>\n\t\t\t\t<section class=\"elementor-section elementor-top-section elementor-element elementor-element-ced6bc1 elementor-section-boxed elementor-section-height-default elementor-section-height-default\" data-id=\"ced6bc1\" data-element_type=\"section\">\n\t\t\t\t\t\t<div class=\"elementor-container elementor-column-gap-default\">\n\t\t\t\t\t<div class=\"elementor-column elementor-col-100 elementor-top-column elementor-element elementor-element-5f4a239\" data-id=\"5f4a239\" data-element_type=\"column\">\n\t\t\t<div class=\"elementor-widget-wrap elementor-element-populated\">\n\t\t\t\t\t\t<div class=\"elementor-element elementor-element-8609a1f elementor-widget elementor-widget-image\" data-id=\"8609a1f\" data-element_type=\"widget\" data-widget_type=\"image.default\">\n\t\t\t\t<div class=\"elementor-widget-container\">\n\t\t\t\t\t\t\t\t\t\t\t\t\t\t\t<img loading=\"lazy\" decoding=\"async\" width=\"768\" height=\"1024\" src=\"https:\/\/www.univ-usto.dz\/labo\/lsim\/wp-content\/uploads\/2026\/02\/GMP5-768x1024.jpg\" class=\"attachment-large size-large wp-image-13343\" alt=\"\" srcset=\"https:\/\/www.univ-usto.dz\/labo\/lsim\/wp-content\/uploads\/2026\/02\/GMP5-768x1024.jpg 768w, https:\/\/www.univ-usto.dz\/labo\/lsim\/wp-content\/uploads\/2026\/02\/GMP5-225x300.jpg 225w, https:\/\/www.univ-usto.dz\/labo\/lsim\/wp-content\/uploads\/2026\/02\/GMP5-203x270.jpg 203w, https:\/\/www.univ-usto.dz\/labo\/lsim\/wp-content\/uploads\/2026\/02\/GMP5-18x24.jpg 18w, https:\/\/www.univ-usto.dz\/labo\/lsim\/wp-content\/uploads\/2026\/02\/GMP5-27x36.jpg 27w, https:\/\/www.univ-usto.dz\/labo\/lsim\/wp-content\/uploads\/2026\/02\/GMP5-36x48.jpg 36w, https:\/\/www.univ-usto.dz\/labo\/lsim\/wp-content\/uploads\/2026\/02\/GMP5.jpg 810w\" sizes=\"(max-width: 768px) 100vw, 768px\" \/>\t\t\t\t\t\t\t\t\t\t\t\t\t\t\t<\/div>\n\t\t\t\t<\/div>\n\t\t\t\t\t<\/div>\n\t\t<\/div>\n\t\t\t\t\t<\/div>\n\t\t<\/section>\n\t\t\t\t<\/div>\n\t\t","protected":false},"excerpt":{"rendered":"<p>GREENMEDPORTS pr\u00e9sent\u00e9 au Vice-Rectorat de l\u2019USTO-MB : Vers des ports m\u00e9diterran\u00e9ens durables Dans le cadre du renforcement de la coop\u00e9ration scientifique et institutionnelle, le projet\u00a0GREENMEDPORTS\u00a0a \u00e9t\u00e9 pr\u00e9sent\u00e9 le Lundi\u00a016 F\u00e9vrier <a href=\"https:\/\/www.univ-usto.dz\/labo\/lsim\/greenmedports-saffiche\/\" class=\"read-more\">Lire la suite &#8230;<\/a><\/p>\n","protected":false},"author":31,"featured_media":0,"parent":0,"menu_order":0,"comment_status":"closed","ping_status":"closed","template":"","meta":{"footnotes":""},"class_list":["post-13483","page","type-page","status-publish","hentry"],"_links":{"self":[{"href":"https:\/\/www.univ-usto.dz\/labo\/lsim\/wp-json\/wp\/v2\/pages\/13483","targetHints":{"allow":["GET"]}}],"collection":[{"href":"https:\/\/www.univ-usto.dz\/labo\/lsim\/wp-json\/wp\/v2\/pages"}],"about":[{"href":"https:\/\/www.univ-usto.dz\/labo\/lsim\/wp-json\/wp\/v2\/types\/page"}],"author":[{"embeddable":true,"href":"https:\/\/www.univ-usto.dz\/labo\/lsim\/wp-json\/wp\/v2\/users\/31"}],"replies":[{"embeddable":true,"href":"https:\/\/www.univ-usto.dz\/labo\/lsim\/wp-json\/wp\/v2\/comments?post=13483"}],"version-history":[{"count":22,"href":"https:\/\/www.univ-usto.dz\/labo\/lsim\/wp-json\/wp\/v2\/pages\/13483\/revisions"}],"predecessor-version":[{"id":13556,"href":"https:\/\/www.univ-usto.dz\/labo\/lsim\/wp-json\/wp\/v2\/pages\/13483\/revisions\/13556"}],"wp:attachment":[{"href":"https:\/\/www.univ-usto.dz\/labo\/lsim\/wp-json\/wp\/v2\/media?parent=13483"}],"curies":[{"name":"wp","href":"https:\/\/api.w.org\/{rel}","templated":true}]}}